{"version":"1.0","provider_name":"Sport24","provider_url":"https:\/\/sport24.24.hu","author_name":"Fut\u00f3 Csaba","author_url":"https:\/\/sport24.24.hu\/author\/futocs\/","title":"Lincshangulat az \u00dcll\u0151i \u00faton, brutalit\u00e1sa ut\u00e1n megdob\u00e1lt\u00e1k a n\u00e9z\u0151k a Vidi-j\u00e1t\u00e9kost","html":"\u00d6tven \u00e9vvel ezel\u0151tt, amikor m\u00e9g nem csak a l\u00e9gi\u00f3sok sz\u00e1m\u00e1t tekintve volt nemzetk\u00f6zi futballcsapat az FTC, ennek megfelel\u0151en \u00f6les l\u00e9ptekkel haladt a Kupagy\u0151ztesek Eur\u00f3pa Kup\u00e1ja d\u00f6nt\u0151je fel\u00e9, Kov\u00e1cs Ferenc, a Videoton edz\u0151je m\u00e1r a 23. percben, 0-0-n\u00e1l lecser\u00e9lte k\u00f6z\u00e9pcsat\u00e1r\u00e1t, <strong>Nagy II J\u00e1nost<\/strong> a telt h\u00e1zas \u00dcll\u0151i \u00faton (30 000 n\u00e9z\u0151).\r\n\r\n<span class=\"highlight-block-small\">Az\u00e9rt h\u00edvta le a centert, mert az durv\u00e1n felv\u00e1gta <strong>Pusztai L\u00e1szl\u00f3t<\/strong>, \u00e9s az eff\u00e9le brutalit\u00e1st nem t\u0171rte a k\u00e9s\u0151bb a feh\u00e9rv\u00e1ri klub tiszteletbeli eln\u00f6k\u00e9v\u00e9 avatott mester.<\/span>\r\n\r\nA tr\u00e9ner dupl\u00e1n kock\u00e1ztatott. Nagy II helyett ugyanis azt a tizennyolc \u00e9ves <strong>Csongr\u00e1di Ferencet<\/strong> k\u00fcldte be, aki addig egyetlen m\u00e9rk\u0151z\u00e9sen sem szerepelt az NB I-ben. Az ifj\u00fa k\u00f6z\u00e9pp\u00e1ly\u00e1s forr\u00f3 l\u00e9gk\u00f6rben deb\u00fct\u00e1lt, mert a felhev\u00fclt ferencv\u00e1rosi drukkerek megdob\u00e1lt\u00e1k a levonul\u00f3 Nagy II-t, e miatt Moh\u00e1csi Lajos j\u00e1t\u00e9kvezet\u0151 megszak\u00edtotta a tal\u00e1lkoz\u00f3t. Alighanem v\u00e9gleg le kellett volna f\u00fajnia a meccset, de att\u00f3l tartott, azzal csak olajat \u00f6ntene a t\u0171zre, \u00e9s megtapasztalhatta Nagy II lemenetelekor, milyen a lincshangulathoz k\u00f6zeli atmoszf\u00e9ra.\r\n\r\nEz\u00e9rt azt\u00e1n n\u00e9h\u00e1ny perccel k\u00e9s\u0151bb folytat\u00f3dott a m\u00e9rk\u0151z\u00e9s, de nem \u00fagy, ahogyan a vend\u00e9gl\u00e1t\u00f3k szerett\u00e9k volna. <strong>Karsai L\u00e1szl\u00f3<\/strong>, a Videoton k\u00f6z\u00e9pp\u00e1ly\u00e1s karmestere adott k\u00e9t finom g\u00f3lpasszt, \u00e9s el\u0151bb a rendszerint jobbh\u00e1tv\u00e9det j\u00e1tsz\u00f3, \u00e1m ez\u00fattal jobbsz\u00e9ls\u0151k\u00e9nt futballoz\u00f3 Nyitrai Ferenc, majd az FTC-vel sokszor kibabr\u00e1l\u00f3, gyors \u00e9s technik\u00e1s <strong>Tieber L\u00e1szl\u00f3<\/strong> l\u0151tt <strong>G\u00e9czi Istv\u00e1n<\/strong> h\u00e1l\u00f3j\u00e1ba.\r\n\r\nTieber arr\u00f3l (is) h\u00edres, hogy <strong>Hajd\u00fa \u201eHippi\u201d Lajossal<\/strong> egy\u00fctt megfizetett egy cig\u00e1nyzenekart R\u00e9vf\u00fcl\u00f6p\u00f6n, \u00e9s a banda fel\u00f6lt\u00f6zve h\u00fazta a gumimatracon hever\u0151 k\u00e9t Honv\u00e9d-rem\u00e9nys\u00e9gnek a Balatonban. Majd egy t\u00e9ves inform\u00e1ci\u00f3 nyom\u00e1n <strong>V\u00e1rady B\u00e9l\u00e1r\u00f3l<\/strong> terjedt el, mennyire szeret f\u00fcrd\u0151zni a zene \u00f6r\u00f6meiben. <strong>Illovszky Rudolf<\/strong>, a Vasas edz\u0151je felel\u0151ss\u00e9gre vonta a csat\u00e1rt: \u201eHallom, B\u00e9lusk\u00e1m, j\u00f3l \u00e9rezte mag\u00e1t a magyar tengeren\u2026\u201d \u2013 De Rudi b\u00e1csi, \u00e9n Dobog\u00f3k\u0151n voltam! \u201eM\u00e9g hazudik is?\u201d\r\n<div class=\"payable-content-section\"><\/div>\r\nTieberhez sz\u00edvszor\u00edt\u00f3, sz\u00f6rny\u0171 eml\u00e9k is kapcsol\u00f3dik, mert kromosz\u00f3ma-rendelleness\u00e9ggel sz\u00fcletett kisl\u00e1nya tizenhat \u00e9vesen meghalt. A Videotonban 222 els\u0151 oszt\u00e1ly\u00fa meccset j\u00e1tsz\u00f3, k\u00e9tszeres v\u00e1logatott feh\u00e9rv\u00e1ri legenda ez\u00e9rt is foglalkozik m\u00e1sf\u00e9l \u00e9vtizede s\u00e9r\u00fclt gyerekek testnevel\u00e9s\u00e9vel. Saj\u00e1t szememmel l\u00e1ttam, teh\u00e1t semmi t\u00falz\u00e1s nincs abban: a beteg l\u00e1nyok, fi\u00fak amilyen egy\u00f6ntet\u0171en, olyan meghat\u00f3an rajonganak \u00e9rte.\r\n\r\nTieber 1974 szeptember\u00e9ben csap\u00e1sm\u00e9r\u0151 volt, mert a m\u00e1sodik f\u00e9lid\u0151ben \u00fajabb g\u00f3lt szerzett. M\u00e1r 2-2 ut\u00e1n. Mert a Szombathelyr\u0151l igazolt, nagy tehets\u00e9g\u0171, de ritk\u00e1n szomjas Szab\u00f3 Ferenc dupl\u00e1val egyenl\u00edtett, \u00e9s a z\u00f6ld-feh\u00e9r k\u00f6z\u00f6ns\u00e9g m\u00e1r a ford\u00edt\u00e1sra v\u00e1rt. E helyett \u00fajabb botr\u00e1ny k\u00f6vetkezett, mert a labda elakadt Moh\u00e1csi sportt\u00e1rsban, Fejes G\u00e1bor a lepattan\u00f3val Tiebert ind\u00edtotta, aki hossz\u00fa sz\u00f3l\u00f3val a kapuig robogott (2-3).\r\n\r\nEz maradt a v\u00e9geredm\u00e9ny, a <strong>Kov\u00e1cs L\u00e1szl\u00f3<\/strong> \u2013 <strong>Harty\u00e1ni<\/strong>, <strong>Nagy III<\/strong>, <strong>Fejes<\/strong>, <strong>Czeczeli<\/strong> \u2013 <strong>Kov\u00e1cs J\u00f3zsef<\/strong>, Karsai, <strong>Burka<\/strong> \u2013 <strong>Nyitrai<\/strong> (<strong>Szalm\u00e1sy<\/strong>), Nagy II (Csongr\u00e1di), Tieber \u00f6sszet\u00e9tel\u0171 Videoton m\u00e1sf\u00e9l h\u00f3napon bel\u00fcl m\u00e1sodszor gy\u0151zte le az FTC-t a f\u0151v\u00e1rosban. Hat h\u00e9ttel kor\u00e1bban a Bajnokok Torn\u00e1ja keret\u00e9ben nyert 3-1-re a N\u00e9pstadionban, \u00e9s a sport\u00fajs\u00e1g felid\u00e9zte:\r\n<blockquote>Amikor a Ferencv\u00e1ros a Bajnokok Torn\u00e1j\u00e1n veres\u00e9gre \u00e1llt a Videotonnal szemben, a k\u00f6z\u00f6ns\u00e9g egy r\u00e9sze egyszeriben K\u0171 nev\u00e9t kezdte kiab\u00e1lni. Az\u00e9t a K\u0171 Lajos\u00e9t, aki szinte \u00f3ram\u0171 pontoss\u00e1ggal bomlasztotta a szakoszt\u00e1ly rendj\u00e9t, \u00e9s v\u00e9g\u00fcl vagy a tizedik utols\u00f3 figyelmeztet\u00e9s ut\u00e1n k\u00fcldt\u00e9k csak el, amikor m\u00e1r a j\u00e1t\u00e9kost\u00e1rsak sem voltak hajland\u00f3k elviselni a fegyelmezetlens\u00e9g\u00e9t.<\/blockquote>\r\nK\u0171 1974-ben a Vasashoz igazolt, majd eg\u00e9szen az 1978-as londoni BEK-d\u00f6nt\u0151ig s\u00fcllyedt az FC Bruges-ben...\r\n\r\n<strong>Dalnoki Jen\u0151<\/strong>, a z\u00f6ld-feh\u00e9rek edz\u0151je a bajnoki veres\u00e9g ut\u00e1n f\u0151k\u00e9nt <strong>B\u00e1lint \u201eB\u00e1r\u00f3\u201d L\u00e1szl\u00f3t<\/strong> korholta \u201ek\u00f6nnyelm\u0171 j\u00e1t\u00e9k\u00e1\u00e9rt\u201d a G\u00e9czi \u2013 <strong>Martos<\/strong>, <strong>B\u00e1lint<\/strong>, <strong>Mucha<\/strong>, <strong>Megyesi<\/strong> \u2013 <strong>Juh\u00e1sz,<\/strong> Nyilasi (Tak\u00e1cs) \u2013 Pusztai, Kelemen, Szab\u00f3, M\u00e1t\u00e9 \u00f6sszet\u00e9tel\u0171 csapatb\u00f3l, amely mindenekel\u0151tt az\u00e9rt kapott ki, mert k\u00e9t k\u00f6z\u00e9pp\u00e1ly\u00e1ssal j\u00e1tszott, mik\u00f6zben a Videoton Csongr\u00e1dival m\u00e1r n\u00e9ggyel. (R\u00e1ad\u00e1sul Nyilasi Tibor a m\u00e1sodik f\u00e9lid\u0151 k\u00f6zep\u00e9n megs\u00e9r\u00fclt, le kellett cser\u00e9lni.) A N\u00e9psport meg is eml\u00edtette: \u201eA ferencv\u00e1rosi k\u00f6z\u00e9pp\u00e1lya bal oldal\u00e1n hatalmas \u0171r keletkezett. Ezt haszn\u00e1lta ki nagyszer\u0171en a Videoton, ezen a ter\u00fcleten szervezte t\u00e1mad\u00e1sait. Gyors csat\u00e1rai lefutott\u00e1k az egy az egyben j\u00e1tsz\u00f3 ferencv\u00e1rosi v\u00e9d\u0151ket, Karsai pedig kit\u0171n\u0151 karmesternek bizonyult.\u201d\r\n\r\n<img class=\"size-full wp-image-13783 aligncenter\" src=\"https:\/\/sport24.24.hu\/app\/uploads\/sites\/24\/2024\/09\/kovetelmenyrendszer.jpg\" alt=\"\" width=\"906\" height=\"576\" \/>\r\n\r\nA kor\u00e1bbi ferencv\u00e1rosi labdar\u00fag\u00f3 <strong>Orosz P\u00e1lra<\/strong> \u2013 akinek fia napjainkban az FTC Labdar\u00fag\u00f3 Zrt. \u00f6r\u00f6kk\u00e9 mosolyg\u00f3, kudarcr\u00f3l m\u00e9g csak nem is hall\u00f3 vez\u00e9rigazgat\u00f3ja \u2013 nagy felel\u0151ss\u00e9g h\u00e1rult. A k\u00f6vetelm\u00e9nyrendszer korabeli bevezet\u00e9sekor n\u00e1la \u00f6sszpontosult minden adat, mert marokk\u00f3i edz\u0151sk\u00f6d\u00e9s\u00e9t hi\u00e1ba pr\u00f3b\u00e1lt\u00e1k meghosszabb\u00edtani Afrik\u00e1ban, a Testnevel\u00e9si F\u0151iskol\u00e1n diplom\u00e1t szerz\u0151 ex-futballista \u2013 majd ferencv\u00e1rosi szakoszt\u00e1lyvezet\u0151 \u2013 ink\u00e1bb a kutat\u00f3i munk\u00e1t v\u00e1lasztotta.\r\n\r\nA k\u00f6vetelm\u00e9nyrendszer a k\u00f6zponti el\u0151\u00edr\u00e1sokkal, a 12 perces tesztekkel vagy a labdar\u00fag\u00f3k l\u00f3versenyt\u00e9ri fut\u00f3verseny\u00e9vel nagy felz\u00fadul\u00e1st v\u00e1ltott ki, komoly dilemm\u00e1t keltett. \u00c1m a hivatalos v\u00e1lasz az volt: \u201eFurcsa felel\u0151s klubvezet\u0151k sz\u00e1j\u00e1b\u00f3l aff\u00e9le v\u00e9lem\u00e9nyeket hallani \u2013 \u00e1ltal\u00e1ban olyankor, amikor a csapat v\u00e1ratlan vagy a v\u00e1rtn\u00e1l s\u00falyosabb veres\u00e9get szenved, esetleg nem siker\u00fcl a g\u00f3ll\u00f6v\u00e9s, akadozik a csat\u00e1rj\u00e1t\u00e9k, valamint a v\u00e9d\u0151munka \u2013, hogy a sikert el\u00e9r\u0151 ellenf\u00e9l biztosan nem tartja be a sz\u00f6vets\u00e9g szakmai el\u0151\u00edr\u00e1sait, ez\u00e9rt mozognak frissen j\u00e1t\u00e9kosai, ez\u00e9rt mozg\u00e9konyabbak a k\u00f6z\u00e9pp\u00e1ly\u00e1n, ez\u00e9rt lend\u00fcletesebbek a sz\u00e9leken, \u00e9s \u00edgy tov\u00e1bb. Biztos, hogy az ellenf\u00e9l nem edz rendesen, teh\u00e1t r\u00e1pihen a m\u00e9rk\u0151z\u00e9sekre, bezzeg mi, a szorgalmasak, a k\u00f6vetkezetesek erre fizet\u00fcnk r\u00e1, ez\u00e9rt nem lett\u00fcnk els\u0151k a Bajnokok Torn\u00e1j\u00e1n, ez\u00e9rt nem vagyunk m\u00e1ris els\u0151k a bajnoks\u00e1gban.\u201d\r\n\r\nDalnoki Jen\u0151 \u00e9s <strong>Lakat K\u00e1roly<\/strong> a legnagyobb ellenz\u0151k k\u00f6z\u00e9 tartozott, m\u00edg <strong>Bar\u00f3ti Lajos<\/strong> \u00e9s Kov\u00e1cs Ferenc elfogadta a centr\u00e1lis alapelveket. Bar\u00f3ti 1974-ig a Vasas edz\u0151je volt, majd 1975-ben \u00fajra kinevezt\u00e9k sz\u00f6vets\u00e9gi kapit\u00e1nynak, \u00e9s a v\u00e1logatott 1978-ban \u2013 tizenk\u00e9t \u00e9v sz\u00fcnet ut\u00e1n \u2013 ism\u00e9t r\u00e9szt vehetett a vil\u00e1gbajnoks\u00e1gon. Az utols\u00f3 16 csapatos vb-n.\r\n\r\nLehet, hogy \u00fajra k\u00f6vetelm\u00e9nyrendszer kellene? B\u00e1r csaknem negyven \u00e9vi vb-t\u00e1voll\u00e9t ut\u00e1n ki tudja, mi seg\u00edt...","type":"rich","thumbnail_url":"https:\/\/s.24.hu\/app\/uploads\/sites\/24\/2024\/09\/fortepan_223712-1-masolat-150x150.jpg","thumbnail_width":150,"thumbnail_height":150}

Futó Csaba

Lincshangulat az Üllői úton, brutalitása után megdobálták a nézők a Vidi-játékost

Ötven évvel ezelőtt, amikor még nem csak a légiósok számát tekintve volt nemzetközi futballcsapat az FTC, ennek megfelelően öles léptekkel haladt a Kupagyőztesek Európa Kupája döntője felé, Kovács Ferenc, a Videoton edzője már a 23. percben, 0-0-nál lecserélte középcsatárát, <strong>Nagy II Jánost</strong> a telt házas Üllői úton (30 000 néző).

<span class="highlight-block-small">Azért hívta le a centert, mert az durván felvágta <strong>Pusztai Lászlót</strong>, és az efféle brutalitást nem tűrte a később a fehérvári klub tiszteletbeli elnökévé avatott mester.</span>

A tréner duplán kockáztatott. Nagy II helyett ugyanis azt a tizennyolc éves <strong>Csongrádi Ferencet</strong> küldte be, aki addig egyetlen mérkőzésen sem szerepelt az NB I-ben. Az ifjú középpályás forró légkörben debütált, mert a felhevült ferencvárosi drukkerek megdobálták a levonuló Nagy II-t, e miatt Mohácsi Lajos játékvezető megszakította a találkozót. Alighanem végleg le kellett volna fújnia a meccset, de attól tartott, azzal csak olajat öntene a tűzre, és megtapasztalhatta Nagy II lemenetelekor, milyen a lincshangulathoz közeli atmoszféra.

Ezért aztán néhány perccel később folytatódott a mérkőzés, de nem úgy, ahogyan a vendéglátók szerették volna. <strong>Karsai László</strong>, a Videoton középpályás karmestere adott két finom gólpasszt, és előbb a rendszerint jobbhátvédet játszó, ám ezúttal jobbszélsőként futballozó Nyitrai Ferenc, majd az FTC-vel sokszor kibabráló, gyors és technikás <strong>Tieber László</strong> lőtt <strong>Géczi István</strong> hálójába.

Tieber arról (is) híres, hogy <strong>Hajdú „Hippi” Lajossal</strong> együtt megfizetett egy cigányzenekart Révfülöpön, és a banda felöltözve húzta a gumimatracon heverő két Honvéd-reménységnek a Balatonban. Majd egy téves információ nyomán <strong>Várady Béláról</strong> terjedt el, mennyire szeret fürdőzni a zene örömeiben. <strong>Illovszky Rudolf</strong>, a Vasas edzője felelősségre vonta a csatárt: „Hallom, Béluskám, jól érezte magát a magyar tengeren…” – De Rudi bácsi, én Dobogókőn voltam! „Még hazudik is?”
<div class="payable-content-section"></div>
Tieberhez szívszorító, szörnyű emlék is kapcsolódik, mert kromoszóma-rendellenességgel született kislánya tizenhat évesen meghalt. A Videotonban 222 első osztályú meccset játszó, kétszeres válogatott fehérvári legenda ezért is foglalkozik másfél évtizede sérült gyerekek testnevelésével. Saját szememmel láttam, tehát semmi túlzás nincs abban: a beteg lányok, fiúk amilyen egyöntetűen, olyan meghatóan rajonganak érte.

Tieber 1974 szeptemberében csapásmérő volt, mert a második félidőben újabb gólt szerzett. Már 2-2 után. Mert a Szombathelyről igazolt, nagy tehetségű, de ritkán szomjas Szabó Ferenc duplával egyenlített, és a zöld-fehér közönség már a fordításra várt. E helyett újabb botrány következett, mert a labda elakadt Mohácsi sporttársban, Fejes Gábor a lepattanóval Tiebert indította, aki hosszú szólóval a kapuig robogott (2-3).

Ez maradt a végeredmény, a <strong>Kovács László</strong> – <strong>Hartyáni</strong>, <strong>Nagy III</strong>, <strong>Fejes</strong>, <strong>Czeczeli</strong> – <strong>Kovács József</strong>, Karsai, <strong>Burka</strong> – <strong>Nyitrai</strong> (<strong>Szalmásy</strong>), Nagy II (Csongrádi), Tieber összetételű Videoton másfél hónapon belül másodszor győzte le az FTC-t a fővárosban. Hat héttel korábban a Bajnokok Tornája keretében nyert 3-1-re a Népstadionban, és a sportújság felidézte:
<blockquote>Amikor a Ferencváros a Bajnokok Tornáján vereségre állt a Videotonnal szemben, a közönség egy része egyszeriben Kű nevét kezdte kiabálni. Azét a Kű Lajosét, aki szinte óramű pontossággal bomlasztotta a szakosztály rendjét, és végül vagy a tizedik utolsó figyelmeztetés után küldték csak el, amikor már a játékostársak sem voltak hajlandók elviselni a fegyelmezetlenségét.</blockquote>
Kű 1974-ben a Vasashoz igazolt, majd egészen az 1978-as londoni BEK-döntőig süllyedt az FC Bruges-ben...

<strong>Dalnoki Jenő</strong>, a zöld-fehérek edzője a bajnoki vereség után főként <strong>Bálint „Báró” Lászlót</strong> korholta „könnyelmű játékáért” a Géczi – <strong>Martos</strong>, <strong>Bálint</strong>, <strong>Mucha</strong>, <strong>Megyesi</strong> – <strong>Juhász,</strong> Nyilasi (Takács) – Pusztai, Kelemen, Szabó, Máté összetételű csapatból, amely mindenekelőtt azért kapott ki, mert két középpályással játszott, miközben a Videoton Csongrádival már néggyel. (Ráadásul Nyilasi Tibor a második félidő közepén megsérült, le kellett cserélni.) A Népsport meg is említette: „A ferencvárosi középpálya bal oldalán hatalmas űr keletkezett. Ezt használta ki nagyszerűen a Videoton, ezen a területen szervezte támadásait. Gyors csatárai lefutották az egy az egyben játszó ferencvárosi védőket, Karsai pedig kitűnő karmesternek bizonyult.”

<img class="size-full wp-image-13783 aligncenter" src="https://sport24.24.hu/app/uploads/sites/24/2024/09/kovetelmenyrendszer.jpg" alt="" width="906" height="576" />

A korábbi ferencvárosi labdarúgó <strong>Orosz Pálra</strong> – akinek fia napjainkban az FTC Labdarúgó Zrt. örökké mosolygó, kudarcról még csak nem is halló vezérigazgatója – nagy felelősség hárult. A követelményrendszer korabeli bevezetésekor nála összpontosult minden adat, mert marokkói edzősködését hiába próbálták meghosszabbítani Afrikában, a Testnevelési Főiskolán diplomát szerző ex-futballista – majd ferencvárosi szakosztályvezető – inkább a kutatói munkát választotta.

A követelményrendszer a központi előírásokkal, a 12 perces tesztekkel vagy a labdarúgók lóversenytéri futóversenyével nagy felzúdulást váltott ki, komoly dilemmát keltett. Ám a hivatalos válasz az volt: „Furcsa felelős klubvezetők szájából afféle véleményeket hallani – általában olyankor, amikor a csapat váratlan vagy a vártnál súlyosabb vereséget szenved, esetleg nem sikerül a góllövés, akadozik a csatárjáték, valamint a védőmunka –, hogy a sikert elérő ellenfél biztosan nem tartja be a szövetség szakmai előírásait, ezért mozognak frissen játékosai, ezért mozgékonyabbak a középpályán, ezért lendületesebbek a széleken, és így tovább. Biztos, hogy az ellenfél nem edz rendesen, tehát rápihen a mérkőzésekre, bezzeg mi, a szorgalmasak, a következetesek erre fizetünk rá, ezért nem lettünk elsők a Bajnokok Tornáján, ezért nem vagyunk máris elsők a bajnokságban.”

Dalnoki Jenő és <strong>Lakat Károly</strong> a legnagyobb ellenzők közé tartozott, míg <strong>Baróti Lajos</strong> és Kovács Ferenc elfogadta a centrális alapelveket. Baróti 1974-ig a Vasas edzője volt, majd 1975-ben újra kinevezték szövetségi kapitánynak, és a válogatott 1978-ban – tizenkét év szünet után – ismét részt vehetett a világbajnokságon. Az utolsó 16 csapatos vb-n.

Lehet, hogy újra követelményrendszer kellene? Bár csaknem negyven évi vb-távollét után ki tudja, mi segít...
