{"version":"1.0","provider_name":"Sport24","provider_url":"https:\/\/sport24.24.hu","author_name":"Bruckner G\u00e1bor","author_url":"https:\/\/sport24.24.hu\/author\/brucknerg\/","title":"Az osztr\u00e1k kapus azt mondta a spanyolokt\u00f3l elszenvedett a 0-9 ut\u00e1n: \u201eHa cs\u00facsform\u00e1ban v\u00e9dek, ak\u00e1r 0-8 is lehetett volna\u201d","html":"A Kronen Zeitung azzal kezdte tud\u00f3s\u00edt\u00e1s\u00e1t a huszon\u00f6t esztendeje, 1999. m\u00e1rcius 27-\u00e9n rendezett Spanyolorsz\u00e1g\u2013Ausztria Eb-selejtez\u0151 (9-0) m\u00e1snapj\u00e1n: \u201eAusztria visszat\u00e9rt a k\u0151korszakba.\u201d\r\n\r\nA szomsz\u00e9dok rettenetes m\u00e1sf\u00e9l \u00f3r\u00e1t \u00e9ltek \u00e1t Valenci\u00e1ban, ahol a <strong>Canizares<\/strong> (Valencia) \u2013 <strong>Michel Salgado<\/strong>, <strong>Hierro<\/strong> (mindkett\u0151 Real Madrid), <strong>Marcelino Elena<\/strong> (Mallorca), <strong>Sergi<\/strong> (Barcelona) \u2013 <strong>Etxeberria<\/strong> (Bilbao), <strong>Valeron<\/strong> (Atletico Madrid, helyette <strong>Mendieta<\/strong>, Valencia), <strong>Guardiola<\/strong> (Barcelona), <strong>Fran<\/strong> (La Coruna) \u2013 <strong>Urzaiz<\/strong> (Bilbao, helyette <strong>Munitis<\/strong>, Santander), <strong>Raul<\/strong> (Real Madrid) \u00f6sszet\u00e9tel\u0171 spanyol csapat a 35. percben m\u00e1r 4-0-ra vezetett.\r\n\r\n<span class=\"highlight-block\">A par\u00e1d\u00e9t a huszonegy esztend\u0151s Raul vez\u00e9nyelte, <\/span>\r\n\r\naki b\u0151 negyed\u00f3ra leforg\u00e1sa alatt ber\u00e1molt kett\u0151t a boldogtalan <strong>Franz Wohlfahrt<\/strong> kapusnak, \u00e9s \u00f6sszesen n\u00e9gy g\u00f3lt szerzett. (Az akkor 21-szeres, \u00f6sszess\u00e9g\u00e9ben 102-szeres v\u00e1logatott csat\u00e1r a nemzeti egy\u00fcttesben soha m\u00e1skor nem \u00e9rt el egy meccsen n\u00e9gy g\u00f3lt. Azon a k\u00fcl\u00f6nleges napon azonban \u00f6t\u00f6t is szerzett, de az egyiket <strong>Gilles Veissiere<\/strong> francia j\u00e1t\u00e9kvezet\u0151 k\u00e9pzelt les miatt \u00e9rv\u00e9nytelen\u00edtette.)\r\n\r\nA VfB Stuttgarttal egy \u00e9vvel kor\u00e1bban KEK-d\u00f6nt\u0151t j\u00e1tsz\u00f3 Wohlfahrt ut\u00f3bb azt mondta:\r\n<blockquote>Ha cs\u00facsform\u00e1ban vagyok, akkor ak\u00e1r 0-8 is lehetett volna.<\/blockquote>\r\nA b\u00e9csi Kurier egyr\u00e9szt \u201eaz osztr\u00e1k futball legs\u00f6t\u00e9tebb napj\u00e1nak\u201d nevezte a keserves szombatot, m\u00e1sr\u00e9szt akaszt\u00f3fahumorral jegyezte meg: \u201eA valenciai n\u00e9z\u0151k azt hitt\u00e9k, tekemeccsen vannak.\u201d\r\n\r\n[caption id=\"attachment_12428\" align=\"alignnone\" width=\"1926\"]<img class=\"size-full wp-image-12428\" src=\"https:\/\/sport24.24.hu\/app\/uploads\/sites\/24\/2024\/03\/raul.jpg\" alt=\"\" width=\"1926\" height=\"1511\" \/> Raul n\u00e9gy g\u00f3lt szerzett a meccsen.[\/caption]\r\n\r\nAm\u00fagy nem ez Ausztria v\u00e1logatottj\u00e1nak legs\u00falyosabb veres\u00e9ge, mert a \u201es\u00f3gorok\u201d csapata a h\u0151skorban, 1908-ban 11-1-re kapott ki Anglia egy\u00fcttes\u00e9t\u0151l, r\u00e1ad\u00e1sul B\u00e9csben.\r\n\r\nEzzel egy\u00fctt a Ramb\u00f3nak bec\u00e9zett <strong>Toni Pfeffer<\/strong> m\u00e9g a 2022-es vil\u00e1gbajnoks\u00e1g Spanyolorsz\u00e1g\u2013Costa Rica 7-0-ja ut\u00e1n is azt kommentelte a k\u00f6z\u00f6ss\u00e9gi m\u00e9di\u00e1ban: \u201eAnnak idej\u00e9n Valenci\u00e1ban kezet cs\u00f3koltam volna a spanyolok elleni 0-7-\u00e9rt.\u201d\r\n\r\nMario Haas szint\u00e9n \u00e9vtizedekkel k\u00e9s\u0151bb felid\u00e9zte: \u201e\u00d6lt\u00f6z\u0151ben szerintem soha nem volt olyan m\u00e9ly cs\u00f6nd, mint akkor a mi\u00e9nkben. Egyik\u00fcnk sem akart t\u00f6bb\u00e9 a v\u00e1logatottban j\u00e1tszani. \u00c9n meg Grazban sok\u00e1ig alig mertem kimenni az utc\u00e1ra.\u201d\r\n\r\n<strong>Beppo Mauhart<\/strong>, az Osztr\u00e1k Labdar\u00fag\u00f3 Sz\u00f6vets\u00e9g eln\u00f6ke \u00edgy komment\u00e1lt 1999-ben:\r\n<blockquote class=\"small-quote\">Felfoghatatlan, mik\u00e9nt hagyhatta mag\u00e1t ez a csapat \u00edgy lem\u00e9sz\u00e1rolni.<\/blockquote>\r\nErre a st\u00edlszer\u0171 v\u00e1lasz az lehet: \u00fagy, ahogyan a b\u00e9csi stadionn\u00e9vad\u00f3 <strong>Ernst Happel<\/strong> edz\u0151 Tirol Innsbruckja kapott ki 9-1-re az 1990 \u0151sz\u00e9n a Bernabeu stadionban rendezett BEK-m\u00e9rk\u0151z\u00e9sen a <strong>Buyo<\/strong> \u2013 <strong>Chendo<\/strong>, <strong>Spasic<\/strong>, <strong>Maqueda<\/strong>, <strong>Solana<\/strong> (<strong>Villarroya<\/strong>) \u2013 <strong>Michel<\/strong>, <strong>Hierro<\/strong>, <strong>Hagi<\/strong>, <strong>Aragon<\/strong> (<strong>Tendillo<\/strong>) \u2013 <strong>Butragueno<\/strong>, <strong>Hugo Sanchez<\/strong> \u00f6sszet\u00e9tel\u0171 Real Madridt\u00f3l.\r\n\r\nNyolc \u00e9s f\u00e9l \u00e9vvel ezut\u00e1n a katasztr\u00f3fa nyom\u00e1n lek\u00f6sz\u00f6n\u0151 <strong>Herbert Prohaska<\/strong> sz\u00f6vets\u00e9gi kapit\u00e1ny megt\u00f6rten eml\u00edtette: \u201eP\u00e1lyafut\u00e1som legk\u00ednosabb perceit \u00e9ltem \u00e1t. Nem haragszom j\u00e1t\u00e9kosaimra, egyszer\u0171en csak csal\u00f3dtam benn\u00fck \u00e9s magamban is.\u201d\r\n<div class=\"payable-content-section\"><\/div>\r\nA k\u00f6z\u00e9ph\u00e1tv\u00e9d Wolfgang Feiersinger sem keresett ments\u00e9get: \u201eJ\u00e1t\u00e9kunkban semmi nem stimmelt, sem el\u00f6l, sem h\u00e1tul. Sz\u00e9gyenteljes teljes\u00edtm\u00e9nyt ny\u00fajtottunk.\u201d Andy Herzog szerint az a 90 perc \u201ekiv\u00e9gz\u00e9ssel \u00e9rt fel\u201d. Walter Kogler bevallotta: \u201eAz\u00e9rt im\u00e1dkoztam, nehogy becser\u00e9ljenek.\u201d\r\n\r\nPedig bek\u00fcldt\u00e9k. Az \u201eagyonvertek\u201d egy\u00fcttese \u00edgy \u00e1llt fel: Wohlfahrt (Stuttgart) \u2013 <strong>Sch\u00f6ttel<\/strong> (Rapid), <strong>Feiersinger<\/strong> (Dortmund, helyette <strong>Kogler<\/strong>, Tirol Innsbruck), <strong>Neukirchner<\/strong> (Sturm Graz), Pfeffer (Austria) \u2013 <strong>Cerny<\/strong> (1860 M\u00fcnchen), <strong>M\u00e4hlich<\/strong> (Sturm Graz), <strong>Prosenik<\/strong> (Rapid, helyette <strong>Reinmayr<\/strong>, Sturm Graz), <strong>Herzog<\/strong> (Werder Bremen), <strong>Wetl<\/strong> (Rapid) \u2013 <strong>Haas<\/strong> (Sturm Graz, helyette Mayrleb, Austria).\r\n\r\nhttps:\/\/www.youtube.com\/watch?v=wZyR5xspff8&amp;ab_channel=sp1873\r\n\r\nAz alaposan megsz\u00f3rt labdar\u00fag\u00f3kra a Die Presse ekk\u00e9ppen h\u00fazta r\u00e1 a vizes leped\u0151t:\r\n<blockquote>Ez a kilenc g\u00f3l egy csap\u00e1sra t\u00f6nkretett mindent, aminek fel\u00e9p\u00edt\u00e9s\u00e9hez energia \u00e9s id\u0151 kellett. A csodafi\u00fakb\u00f3l egyszeriben k\u00f6z\u00f6ns\u00e9ges poj\u00e1c\u00e1k lettek, akiken az eg\u00e9sz vil\u00e1g csak nevet.<\/blockquote>\r\nA spanyolok persze \u00e1radoztak. Az El Pais \u00edgy sz\u00e1molt be a tal\u00e1lkoz\u00f3r\u00f3l \u201eSpanyolorsz\u00e1g olyan idilli \u00e9jszak\u00e1t \u00e9lt \u00e1t, amelyr\u0151l Jos\u00e9 Antonio Camacho sz\u00f6vets\u00e9gi kapit\u00e1ny eddig csak \u00e1lmodott.\u201d Az As meg\u00e1llap\u00edtotta: \u201eAz els\u0151 f\u00e9lid\u0151 m\u0171alkot\u00e1s volt. Sebess\u00e9g, ir\u00e1ny\u00edt\u00e1s, j\u00e1t\u00e9k a sz\u00e9leken, passzok bel\u00fcl, kiugr\u00e1sok... Pep Guardiola szabta meg a ritmust. Fran k\u00f6vethetetlen cseleket rajzolt. Raul pedig tudatta, hogy a legjobb est\u00e9je lesz a v\u00e1logatottban.\u201d\r\n\r\nItthon a N\u00e9pszabads\u00e1g szint\u00e9n lelkendezett: \u201eH\u00e1rom futballista teljes\u00edtm\u00e9nye egyenesen a vil\u00e1gsz\u00ednvonal cs\u00facs\u00e1n mozgott: a n\u00e9gyg\u00f3los Raul, tov\u00e1bb\u00e1 Guardiola \u00e9s Fran valamennyi megold\u00e1sa lebilincselte az ar\u00e9na 45 000 n\u00e9z\u0151j\u00e9t, valamint a t\u00e9v\u00e9n\u00e9z\u0151k milli\u00f3it.\u201d\r\n\r\nA szurkol\u00f3k 6-0-n\u00e1l Gaizka Mendiet\u00e1t k\u00f6vetelt\u00e9k a csapatba, miut\u00e1n a valenciai kedvenc aznap \u00fcnnepelte 25. sz\u00fclet\u00e9snapj\u00e1t. Hetven perc eltelt\u00e9vel be is \u00e1llhatott, el\u0151sz\u00f6r szerepelt a v\u00e1logatottban.\r\n\r\n<span class=\"highlight-block-small\">Negyven \u00e9vvel kor\u00e1bban a valenciai Mestalla stadionban a spanyolok 6-3-ra gy\u0151zt\u00e9k le az osztr\u00e1kokat, akik nem gondolt\u00e1k, hogy enn\u00e9l is s\u00falyosabb veres\u00e9g \u00e9rheti \u0151ket ugyanott.<\/span>\r\n\r\nAz ib\u00e9riaiak legnagyobb k\u00fcl\u00f6nbs\u00e9g\u0171 veres\u00e9ge Valenci\u00e1ban a <strong>Katzirz<\/strong> \u2013 <strong>Martos<\/strong>, <strong>B\u00e1lint<\/strong>, <strong>Garaba<\/strong>, <strong>T\u00f3th J\u00f3zsef<\/strong> \u2013 <strong>M\u00fcller<\/strong>, <strong>Nyilasi<\/strong>, <strong>Mucha<\/strong> (<strong>Varga J\u00f3zsef<\/strong>) \u2013 <strong>Fazekas<\/strong> (<strong>Bodonyi<\/strong>), <strong>Kiss L\u00e1szl\u00f3<\/strong>, <strong>Izs\u00f3<\/strong> \u00f6ssze\u00e1ll\u00edt\u00e1s\u00fa magyar v\u00e1logatott\u00f3l 1981 tavasz\u00e1n elszenvedett 3-0 (g\u00f3l: Kiss, Bodonyi, Nyilasi).\r\n\r\nMicsoda gy\u00f6ny\u00f6r\u0171s\u00e9g, kiv\u00e1ltk\u00e9pp ahhoz k\u00e9pest, amit Mauhart el\u00f6lj\u00e1r\u00f3 \u00edgy nevezett 18 \u00e9vvel k\u00e9s\u0151bb: \u201eAbszol\u00fat r\u00e9m\u00e1lom!\u201d\r\n\r\n[prefabricated_shortcode in_app=\"0\" code=\"%3Cdiv%20class%3D%22article_box_border%22%20style%3D%22background%3A%20url%28%27https%3A%2F%2F24.p3k.hu%2Fapp%2Fuploads%2Fsites%2F24%2F2021%2F05%2Fsport24-pattern.png%27%29%20no-repeat%20left%20-16px%20%23f3f3f4%3B%20border%3A%20none%3B%22%3E%0D%0A%3Cdiv%20class%3D%22article_solidheader%22%3E%0D%0A%3Ch2%20style%3D%22color%3A%20%23111115%21important%3B%20font-size%3A%2036px%3B%20font-weight%3A%20bold%3B%20margin-bottom%3A%2030px%3B%20margin-top%3A%2020px%3B%20text-align%3A%20center%3B%20line-height%3A%2036px%3B%22%3E%3Cimg%20class%3D%22aligncenter%20size-full%20wp-image-141%22%20src%3D%22https%3A%2F%2F24.p3k.hu%2Fapp%2Fuploads%2Fsites%2F24%2F2021%2F05%2Fs24-logo-dt.png%22%20alt%3D%22%22%20width%3D%22408%22%20height%3D%2290%22%20%2F%3E%3C%2Fh2%3E%0D%0A%3Ch2%20style%3D%22color%3A%20%23111115%21important%3B%20font-size%3A%2036px%3B%20font-weight%3A%20bold%3B%20margin-bottom%3A%2030px%3B%20margin-top%3A%2020px%3B%20text-align%3A%20center%3B%20line-height%3A%2040px%3B%22%3ECsatlakozz%20a%20Sport24%20k%C3%B6z%C3%B6ss%C3%A9ghez%2C%20mondd%20el%20v%C3%A9lem%C3%A9nyedet%20z%C3%A1rt%20Facebook-csoportunkban%2C%20%C3%A9s%20vegy%C3%A9l%20r%C3%A9szt%20csak%20el%C5%91fizet%C5%91knek%20el%C3%A9rhet%C5%91%20exkluz%C3%ADv%20esem%C3%A9nyeinken.%3C%2Fh2%3E%0D%0A%3C%2Fdiv%3E%0D%0A%3Cp%20style%3D%22background%3A%20%2357A600%3B%20margin-top%3A%2020px%3B%20padding%3A%2020px%3B%20text-align%3A%20center%3B%22%3E%3Ca%20style%3D%22color%3A%20%23ffffff%3B%20font-size%3A%2026px%3B%20font-weight%3A%20600%3B%22%20href%3D%22https%3A%2F%2Fwww.facebook.com%2Fgroups%2F212344460412327%22%3ECSATLAKOZOM%3C%2Fa%3E%3C%2Fp%3E%0D%0A%0D%0A%3C%2Fdiv%3E\"]","type":"rich","thumbnail_url":"https:\/\/s.24.hu\/app\/uploads\/sites\/24\/2024\/03\/franz-wohlfahrt-150x150.jpg","thumbnail_width":150,"thumbnail_height":150}

Bruckner Gábor

Az osztrák kapus azt mondta a spanyoloktól elszenvedett a 0-9 után: „Ha csúcsformában védek, akár 0-8 is lehetett volna”

A Kronen Zeitung azzal kezdte tudósítását a huszonöt esztendeje, 1999. március 27-én rendezett Spanyolország–Ausztria Eb-selejtező (9-0) másnapján: „Ausztria visszatért a kőkorszakba.”

A szomszédok rettenetes másfél órát éltek át Valenciában, ahol a <strong>Canizares</strong> (Valencia) – <strong>Michel Salgado</strong>, <strong>Hierro</strong> (mindkettő Real Madrid), <strong>Marcelino Elena</strong> (Mallorca), <strong>Sergi</strong> (Barcelona) – <strong>Etxeberria</strong> (Bilbao), <strong>Valeron</strong> (Atletico Madrid, helyette <strong>Mendieta</strong>, Valencia), <strong>Guardiola</strong> (Barcelona), <strong>Fran</strong> (La Coruna) – <strong>Urzaiz</strong> (Bilbao, helyette <strong>Munitis</strong>, Santander), <strong>Raul</strong> (Real Madrid) összetételű spanyol csapat a 35. percben már 4-0-ra vezetett.

<span class="highlight-block">A parádét a huszonegy esztendős Raul vezényelte, </span>

aki bő negyedóra leforgása alatt berámolt kettőt a boldogtalan <strong>Franz Wohlfahrt</strong> kapusnak, és összesen négy gólt szerzett. (Az akkor 21-szeres, összességében 102-szeres válogatott csatár a nemzeti együttesben soha máskor nem ért el egy meccsen négy gólt. Azon a különleges napon azonban ötöt is szerzett, de az egyiket <strong>Gilles Veissiere</strong> francia játékvezető képzelt les miatt érvénytelenítette.)

A VfB Stuttgarttal egy évvel korábban KEK-döntőt játszó Wohlfahrt utóbb azt mondta:
<blockquote>Ha csúcsformában vagyok, akkor akár 0-8 is lehetett volna.</blockquote>
A bécsi Kurier egyrészt „az osztrák futball legsötétebb napjának” nevezte a keserves szombatot, másrészt akasztófahumorral jegyezte meg: „A valenciai nézők azt hitték, tekemeccsen vannak.”

[caption id="attachment_12428" align="alignnone" width="1926"]<img class="size-full wp-image-12428" src="https://sport24.24.hu/app/uploads/sites/24/2024/03/raul.jpg" alt="" width="1926" height="1511" /> Raul négy gólt szerzett a meccsen.[/caption]

Amúgy nem ez Ausztria válogatottjának legsúlyosabb veresége, mert a „sógorok” csapata a hőskorban, 1908-ban 11-1-re kapott ki Anglia együttesétől, ráadásul Bécsben.

Ezzel együtt a Rambónak becézett <strong>Toni Pfeffer</strong> még a 2022-es világbajnokság Spanyolország–Costa Rica 7-0-ja után is azt kommentelte a közösségi médiában: „Annak idején Valenciában kezet csókoltam volna a spanyolok elleni 0-7-ért.”

Mario Haas szintén évtizedekkel később felidézte: „Öltözőben szerintem soha nem volt olyan mély csönd, mint akkor a miénkben. Egyikünk sem akart többé a válogatottban játszani. Én meg Grazban sokáig alig mertem kimenni az utcára.”

<strong>Beppo Mauhart</strong>, az Osztrák Labdarúgó Szövetség elnöke így kommentált 1999-ben:
<blockquote class="small-quote">Felfoghatatlan, miként hagyhatta magát ez a csapat így lemészárolni.</blockquote>
Erre a stílszerű válasz az lehet: úgy, ahogyan a bécsi stadionnévadó <strong>Ernst Happel</strong> edző Tirol Innsbruckja kapott ki 9-1-re az 1990 őszén a Bernabeu stadionban rendezett BEK-mérkőzésen a <strong>Buyo</strong> – <strong>Chendo</strong>, <strong>Spasic</strong>, <strong>Maqueda</strong>, <strong>Solana</strong> (<strong>Villarroya</strong>) – <strong>Michel</strong>, <strong>Hierro</strong>, <strong>Hagi</strong>, <strong>Aragon</strong> (<strong>Tendillo</strong>) – <strong>Butragueno</strong>, <strong>Hugo Sanchez</strong> összetételű Real Madridtól.

Nyolc és fél évvel ezután a katasztrófa nyomán leköszönő <strong>Herbert Prohaska</strong> szövetségi kapitány megtörten említette: „Pályafutásom legkínosabb perceit éltem át. Nem haragszom játékosaimra, egyszerűen csak csalódtam bennük és magamban is.”
<div class="payable-content-section"></div>
A középhátvéd Wolfgang Feiersinger sem keresett mentséget: „Játékunkban semmi nem stimmelt, sem elöl, sem hátul. Szégyenteljes teljesítményt nyújtottunk.” Andy Herzog szerint az a 90 perc „kivégzéssel ért fel”. Walter Kogler bevallotta: „Azért imádkoztam, nehogy becseréljenek.”

Pedig beküldték. Az „agyonvertek” együttese így állt fel: Wohlfahrt (Stuttgart) – <strong>Schöttel</strong> (Rapid), <strong>Feiersinger</strong> (Dortmund, helyette <strong>Kogler</strong>, Tirol Innsbruck), <strong>Neukirchner</strong> (Sturm Graz), Pfeffer (Austria) – <strong>Cerny</strong> (1860 München), <strong>Mählich</strong> (Sturm Graz), <strong>Prosenik</strong> (Rapid, helyette <strong>Reinmayr</strong>, Sturm Graz), <strong>Herzog</strong> (Werder Bremen), <strong>Wetl</strong> (Rapid) – <strong>Haas</strong> (Sturm Graz, helyette Mayrleb, Austria).

https://www.youtube.com/watch?v=wZyR5xspff8&amp;ab_channel=sp1873

Az alaposan megszórt labdarúgókra a Die Presse ekképpen húzta rá a vizes lepedőt:
<blockquote>Ez a kilenc gól egy csapásra tönkretett mindent, aminek felépítéséhez energia és idő kellett. A csodafiúkból egyszeriben közönséges pojácák lettek, akiken az egész világ csak nevet.</blockquote>
A spanyolok persze áradoztak. Az El Pais így számolt be a találkozóról „Spanyolország olyan idilli éjszakát élt át, amelyről José Antonio Camacho szövetségi kapitány eddig csak álmodott.” Az As megállapította: „Az első félidő műalkotás volt. Sebesség, irányítás, játék a széleken, passzok belül, kiugrások... Pep Guardiola szabta meg a ritmust. Fran követhetetlen cseleket rajzolt. Raul pedig tudatta, hogy a legjobb estéje lesz a válogatottban.”

Itthon a Népszabadság szintén lelkendezett: „Három futballista teljesítménye egyenesen a világszínvonal csúcsán mozgott: a négygólos Raul, továbbá Guardiola és Fran valamennyi megoldása lebilincselte az aréna 45 000 nézőjét, valamint a tévénézők millióit.”

A szurkolók 6-0-nál Gaizka Mendietát követelték a csapatba, miután a valenciai kedvenc aznap ünnepelte 25. születésnapját. Hetven perc elteltével be is állhatott, először szerepelt a válogatottban.

<span class="highlight-block-small">Negyven évvel korábban a valenciai Mestalla stadionban a spanyolok 6-3-ra győzték le az osztrákokat, akik nem gondolták, hogy ennél is súlyosabb vereség érheti őket ugyanott.</span>

Az ibériaiak legnagyobb különbségű veresége Valenciában a <strong>Katzirz</strong> – <strong>Martos</strong>, <strong>Bálint</strong>, <strong>Garaba</strong>, <strong>Tóth József</strong> – <strong>Müller</strong>, <strong>Nyilasi</strong>, <strong>Mucha</strong> (<strong>Varga József</strong>) – <strong>Fazekas</strong> (<strong>Bodonyi</strong>), <strong>Kiss László</strong>, <strong>Izsó</strong> összeállítású magyar válogatottól 1981 tavaszán elszenvedett 3-0 (gól: Kiss, Bodonyi, Nyilasi).

Micsoda gyönyörűség, kiváltképp ahhoz képest, amit Mauhart elöljáró így nevezett 18 évvel később: „Abszolút rémálom!”

[prefabricated_shortcode in_app="0" code="%3Cdiv%20class%3D%22article_box_border%22%20style%3D%22background%3A%20url%28%27https%3A%2F%2F24.p3k.hu%2Fapp%2Fuploads%2Fsites%2F24%2F2021%2F05%2Fsport24-pattern.png%27%29%20no-repeat%20left%20-16px%20%23f3f3f4%3B%20border%3A%20none%3B%22%3E%0D%0A%3Cdiv%20class%3D%22article_solidheader%22%3E%0D%0A%3Ch2%20style%3D%22color%3A%20%23111115%21important%3B%20font-size%3A%2036px%3B%20font-weight%3A%20bold%3B%20margin-bottom%3A%2030px%3B%20margin-top%3A%2020px%3B%20text-align%3A%20center%3B%20line-height%3A%2036px%3B%22%3E%3Cimg%20class%3D%22aligncenter%20size-full%20wp-image-141%22%20src%3D%22https%3A%2F%2F24.p3k.hu%2Fapp%2Fuploads%2Fsites%2F24%2F2021%2F05%2Fs24-logo-dt.png%22%20alt%3D%22%22%20width%3D%22408%22%20height%3D%2290%22%20%2F%3E%3C%2Fh2%3E%0D%0A%3Ch2%20style%3D%22color%3A%20%23111115%21important%3B%20font-size%3A%2036px%3B%20font-weight%3A%20bold%3B%20margin-bottom%3A%2030px%3B%20margin-top%3A%2020px%3B%20text-align%3A%20center%3B%20line-height%3A%2040px%3B%22%3ECsatlakozz%20a%20Sport24%20k%C3%B6z%C3%B6ss%C3%A9ghez%2C%20mondd%20el%20v%C3%A9lem%C3%A9nyedet%20z%C3%A1rt%20Facebook-csoportunkban%2C%20%C3%A9s%20vegy%C3%A9l%20r%C3%A9szt%20csak%20el%C5%91fizet%C5%91knek%20el%C3%A9rhet%C5%91%20exkluz%C3%ADv%20esem%C3%A9nyeinken.%3C%2Fh2%3E%0D%0A%3C%2Fdiv%3E%0D%0A%3Cp%20style%3D%22background%3A%20%2357A600%3B%20margin-top%3A%2020px%3B%20padding%3A%2020px%3B%20text-align%3A%20center%3B%22%3E%3Ca%20style%3D%22color%3A%20%23ffffff%3B%20font-size%3A%2026px%3B%20font-weight%3A%20600%3B%22%20href%3D%22https%3A%2F%2Fwww.facebook.com%2Fgroups%2F212344460412327%22%3ECSATLAKOZOM%3C%2Fa%3E%3C%2Fp%3E%0D%0A%0D%0A%3C%2Fdiv%3E"]
