{"version":"1.0","provider_name":"Sport24","provider_url":"https:\/\/sport24.24.hu","author_name":"Fut\u00f3 Csaba","author_url":"https:\/\/sport24.24.hu\/author\/futocs\/","title":"Aki mindk\u00e9t l\u00e1b\u00e1val ber\u00fagta a tizenegyest a v\u00e9b\u00e9n \u2013 Andreas Brehme eml\u00e9k\u00e9re","html":"Gy\u00e1szkarszalagot visel ma este az Internazionale csapata az Atletico Madrid elleni BL-m\u00e9rk\u0151z\u00e9sen, <a href=\"https:\/\/rangado.24.hu\/nemzetkozi_foci\/2024\/02\/20\/meghalt-andreas-brehme-vilagbajnok-hatved\/\">a 63 \u00e9ves kor\u00e1ban elhunyt<\/a> <strong>Andreas Brehme<\/strong> eml\u00e9ke el\u0151tt tisztelegve. A 86-szoros n\u00e9met v\u00e1logatott labdar\u00fag\u00f3 bajnoki c\u00edmet \u00e9s UEFA Kup\u00e1t is nyert a mil\u00e1n\u00f3i k\u00e9k-feket\u00e9k t\u00f6rzstagjak\u00e9nt, az 1989-ben a scudett\u00f3t ki\u00e9rdeml\u0151 egy\u00fcttesben 31 Serie A-meccsen j\u00e1tszott.\r\n\r\nAz az egy\u00fcttes \u00fagy lett els\u0151, hogy 11 pontot vert a Napolira, 12-t a Milanra. Mind\u00f6ssze k\u00e9tszer kapott ki: hosszas veretlens\u00e9g ut\u00e1n a 17. fordul\u00f3ban a Fiorentin\u00e1t\u00f3l 4-3-ra, majd \u2013 amikor m\u00e1r r\u00e9ges-r\u00e9g bajnok volt \u2013 a 33., utols\u00f3 el\u0151tti k\u00f6rben a Torin\u00f3t\u00f3l 2-0-ra.\r\n\r\nA csapat a legt\u00f6bbsz\u00f6r \u00edgy \u00e1llt fel: <strong>Zenga<\/strong> (33 bajnoki m\u00e9rk\u0151z\u00e9s) \u2013 <strong>Bergomi<\/strong> (32), <strong>Ferri<\/strong> (31), <strong>Mandorlini<\/strong> (26), <strong>Brehme<\/strong> (31) \u2013 <strong>Bianchi<\/strong> (31), <strong>Matth\u00e4us<\/strong> (32), <strong>Matteoli<\/strong> (32), <strong>Berti<\/strong> (33) \u2013 <strong>Serena<\/strong> (32), <strong>Ramon Diaz<\/strong> (33).\r\n\r\nMajd a labdar\u00fag\u00e1s akkori Mekk\u00e1ja, It\u00e1lia k\u00e9t csapata v\u00edvta az UEFA Kupa 1991-es d\u00f6nt\u0151j\u00e9t: nyert az Inter (2-0, 0-1) az AS Roma ellen.\r\n\r\nEgy \u00e9vvel kor\u00e1bban Brehme vil\u00e1gbajnoki c\u00edmet \u00fcnnepelhetett. S\u0151t \u0151 l\u0151tte a d\u00f6nt\u0151 egyetlen g\u00f3lj\u00e1t b\u00fcntet\u0151b\u0151l. T\u00fal a t\u00e9ten, a r\u00fag\u00e1s k\u00fcl\u00f6nlegess\u00e9ge volt, hogy\r\n\r\n<span class=\"highlight-block-small\">n\u00e9gy \u00e9vvel kor\u00e1bban, a h\u00e1zigazda mexik\u00f3iakkal v\u00edvott negyedd\u00f6nt\u0151 tizenegyes-p\u00e1rbaj\u00e1ban ballal l\u0151tt a h\u00e1l\u00f3ba, m\u00edg a r\u00f3mai d\u00f6nt\u0151ben jobbal juttatta az argentin Sergio Goycoechea kapuj\u00e1ba a labd\u00e1t.<\/span>\r\n<h2>Az 1990-es tizenegyese:<\/h2>\r\nhttps:\/\/www.youtube.com\/watch?v=Fd_GmZx3tWY&amp;ab_channel=CEDRIK\r\n\r\nAbszol\u00fat k\u00e9tl\u00e1bas volt, a Kicker sportmagazin azt \u00edrta r\u00f3la: \u201eBal k\u00e9zzel is bedobta volna azt a 11-est.\u201d\r\n\r\nMondani sem kell: kevesek kiv\u00e1lts\u00e1ga, hogy egym\u00e1s ut\u00e1n k\u00e9tszer vb-d\u00f6nt\u0151t j\u00e1tszhatnak. Brehme e privilegiz\u00e1ltak k\u00f6z\u00e9 tartozott. Az 1986-os d\u00f6nt\u0151ben az NSZK csapata 3-2-re kikapott <strong>Diego Maradona<\/strong> Argent\u00edn\u00e1j\u00e1t\u00f3l, majd a k\u00f6vetkez\u0151 vb cs\u00facstal\u00e1lkoz\u00f3j\u00e1n \u2013 igaz, er\u0151sen vitathat\u00f3 k\u00f6r\u00fclm\u00e9nyek k\u00f6z\u00f6tt, az uruguayi-mexik\u00f3i Edgar Codesal, mondjuk \u00edgy, saj\u00e1tos j\u00e1t\u00e9kvezet\u00e9se mellett \u2013 visszav\u00e1gott.\r\n\r\n<span class=\"highlight-block-small\">Mindk\u00e9t d\u00f6nt\u0151ben <strong>Franz Beckenbauer<\/strong> sz\u00f6vets\u00e9gi kapit\u00e1ny ir\u00e1ny\u00edtotta az NSZK egy\u00fcttes\u00e9t.<\/span>\r\n\r\nNegyvenn\u00e9gy napja, a Cs\u00e1sz\u00e1r hal\u00e1lakor Brehme, aki <strong>Lothar Matth\u00e4ussal<\/strong> egy\u00fctt a Franz Beckenbauer Alap\u00edtv\u00e1ny nagyk\u00f6vete volt, azt mondta: \u201eA Kaiser a mennyben b\u0171v\u00f6s h\u00e1romsz\u00f6get alkot majd Pel\u00e9vel \u00e9s Maradon\u00e1val.\u201d\r\n\r\nAz 1990-es vil\u00e1gbajnokok \u00f6tsz\u00f6get alkottak, mert mindk\u00e9t d\u00f6nt\u0151n csak <strong>Thomas Berthold<\/strong>, Brehme, Matth\u00e4us, <strong>Rudi V\u00f6ller<\/strong> \u00e9s a szakvezet\u0151 Beckenbauer jutott akt\u00edv szerephez.\r\n\r\nA balh\u00e1tv\u00e9det \u00e9s bal oldali k\u00f6z\u00e9pp\u00e1ly\u00e1st j\u00e1tsz\u00f3 liftember, aki sz\u00f3 szerint le-f\u00f6l j\u00e1rt az oldalvonal mellett, a Bundeslig\u00e1ban is alak\u00edtotta a futballt\u00f6rt\u00e9netet. El\u0151bb azzal, hogy a sz\u00f6vets\u00e9gi k\u00f6zt\u00e1rsas\u00e1gban \u00f6r\u00f6k eml\u00e9k maradt, amint j\u00f3 bar\u00e1tja, a leverkuseni V\u00f6ller v\u00e1ll\u00e1n zokogott a Kaiserslauternnak a Bayer elleni 1-1-e, \u00e9s az FCK kies\u00e9se ut\u00e1n. Azt\u00e1n azzal, hogy a Kaiserlautern megnyerte a m\u00e1sodoszt\u00e1ly\u00fa bajnoks\u00e1got, majd mindj\u00e1rt az els\u0151 oszt\u00e1ly\u00fat is.\r\n\r\n<span class=\"highlight-block-small\">A Bayern 1-0-s m\u00fcncheni legy\u0151z\u00e9s\u00e9vel nyit\u00f3 \u00fajonc arany\u00e9rmes lett!<\/span>\r\n<div class=\"payable-content-section\"><\/div>\r\nIgaz, az Otto Rehhagel dirig\u00e1lta bajnokcsapatban \u2013 amelynek keret\u00e9hez tartozott <strong>Sz\u0171cs Lajos<\/strong> kapus \u00e9s <strong>Hrutka J\u00e1nos<\/strong> is \u2013 a harminch\u00e9t \u00e9ves Brehme m\u00e1r csak epizodista volt, a legt\u00f6bbsz\u00f6r ez a tizenn\u00e9gy j\u00e1t\u00e9kos l\u00e9pett p\u00e1ly\u00e1ra: <strong>Andreas Reinke<\/strong>, <strong>Ciriaco Sforza<\/strong> (sv\u00e1jci), <strong>Michael Schj\u00f6nberg<\/strong> (d\u00e1n) 34\u201334 meccs, <strong>Marco Reich<\/strong> 34, <strong>Miroslav Kadlec<\/strong> 31 (cseh), <strong>J\u00fcrgen Rische<\/strong> 30, <strong>Ratinho<\/strong> (brazil) 29, <strong>Andreas Buck<\/strong> 27, <strong>Axel Roos<\/strong>, <strong>Olaf Marschall<\/strong> 26\u201326, <strong>Pavel Kuka<\/strong> (cseh) 24, <strong>Marian Hrisztov<\/strong> (bolg\u00e1r), <strong>Martin Wagner<\/strong> 23\u201323, <strong>Michael Ballack<\/strong> 18.\r\n\r\n<img class=\"alignnone size-full wp-image-12051\" src=\"https:\/\/sport24.24.hu\/app\/uploads\/sites\/24\/2024\/02\/andreas-brehme1.jpg\" alt=\"\" width=\"6000\" height=\"3375\" \/>\r\n\r\nUtols\u00f3 \u00e9vad\u00e1ban Brehme m\u00e1sodszor lett n\u00e9met bajnok \u2013 1987-ben a Bayern M\u00fcnchen j\u00e1t\u00e9kosak\u00e9nt \u00fcnnepelt \u2013, \u00e9s volt DFB-kupagy\u0151ztes is: miel\u0151tt a Kaiserslautern kiesett volna, 1996 m\u00e1jus\u00e1ban a Karlsruhe 1-0-s legy\u0151z\u00e9s\u00e9vel elnyerte a tr\u00f3fe\u00e1t. Igaz, Brehm\u00e9t a 72. percben ki\u00e1ll\u00edtotta <strong>Helmut Krug<\/strong> j\u00e1t\u00e9kvezet\u0151\u2026\r\n\r\nEnn\u00e9l j\u00f3val nagyobb csal\u00f3d\u00e1s \u00e9rte 1987-ben B\u00e9csben, ahol a Bayern a BEK-d\u00f6nt\u0151 favoritjak\u00e9nt l\u00e9pett a Pr\u00e1ter stadion p\u00e1zsitj\u00e1ra, de az alg\u00e9riai <strong>Rabah Madjer<\/strong> \u00e9s a brazil <strong>Juary<\/strong> alak\u00edt\u00e1s\u00e1val 2-1-re a Porto nyert. Hasonl\u00f3 szenz\u00e1ci\u00f3t keltett 1992 j\u00fanius\u00e1ban G\u00f6teborgban, hogy a d\u00e1n v\u00e1logatott az Eb-d\u00f6nt\u0151ben \u2013 <strong>John Jensen<\/strong> \u00e9s <strong>Kim Vilfort<\/strong> g\u00f3lj\u00e1val \u2013 2-0-ra legy\u0151zte a n\u00e9met csapatot.\r\n\r\nAz ember elt\u0171n\u0151dik, hogy \u2013 hallatlan szerencs\u00e9j\u00e9re \u2013 a mexik\u00f3v\u00e1rosi, a r\u00f3mai, a b\u00e9csi \u00e9s a g\u00f6teborgi d\u00f6nt\u0151t is l\u00e1tta.\r\n\r\nS azon is elmereng, hogy \u2013 f\u00e1jdalm\u00e1ra \u2013 Brehm\u00e9t m\u00e1r soha nem l\u00e1tja, ahogyan m\u00e1sok sem idelenn.","type":"rich","thumbnail_url":"https:\/\/s.24.hu\/app\/uploads\/sites\/24\/2024\/02\/andreas-brehme-150x150.jpg","thumbnail_width":150,"thumbnail_height":150}

Futó Csaba

Aki mindkét lábával berúgta a tizenegyest a vébén – Andreas Brehme emlékére

Gyászkarszalagot visel ma este az Internazionale csapata az Atletico Madrid elleni BL-mérkőzésen, <a href="https://rangado.24.hu/nemzetkozi_foci/2024/02/20/meghalt-andreas-brehme-vilagbajnok-hatved/">a 63 éves korában elhunyt</a> <strong>Andreas Brehme</strong> emléke előtt tisztelegve. A 86-szoros német válogatott labdarúgó bajnoki címet és UEFA Kupát is nyert a milánói kék-feketék törzstagjaként, az 1989-ben a scudettót kiérdemlő együttesben 31 Serie A-meccsen játszott.

Az az együttes úgy lett első, hogy 11 pontot vert a Napolira, 12-t a Milanra. Mindössze kétszer kapott ki: hosszas veretlenség után a 17. fordulóban a Fiorentinától 4-3-ra, majd – amikor már réges-rég bajnok volt – a 33., utolsó előtti körben a Torinótól 2-0-ra.

A csapat a legtöbbször így állt fel: <strong>Zenga</strong> (33 bajnoki mérkőzés) – <strong>Bergomi</strong> (32), <strong>Ferri</strong> (31), <strong>Mandorlini</strong> (26), <strong>Brehme</strong> (31) – <strong>Bianchi</strong> (31), <strong>Matthäus</strong> (32), <strong>Matteoli</strong> (32), <strong>Berti</strong> (33) – <strong>Serena</strong> (32), <strong>Ramon Diaz</strong> (33).

Majd a labdarúgás akkori Mekkája, Itália két csapata vívta az UEFA Kupa 1991-es döntőjét: nyert az Inter (2-0, 0-1) az AS Roma ellen.

Egy évvel korábban Brehme világbajnoki címet ünnepelhetett. Sőt ő lőtte a döntő egyetlen gólját büntetőből. Túl a téten, a rúgás különlegessége volt, hogy

<span class="highlight-block-small">négy évvel korábban, a házigazda mexikóiakkal vívott negyeddöntő tizenegyes-párbajában ballal lőtt a hálóba, míg a római döntőben jobbal juttatta az argentin Sergio Goycoechea kapujába a labdát.</span>
<h2>Az 1990-es tizenegyese:</h2>
https://www.youtube.com/watch?v=Fd_GmZx3tWY&amp;ab_channel=CEDRIK

Abszolút kétlábas volt, a Kicker sportmagazin azt írta róla: „Bal kézzel is bedobta volna azt a 11-est.”

Mondani sem kell: kevesek kiváltsága, hogy egymás után kétszer vb-döntőt játszhatnak. Brehme e privilegizáltak közé tartozott. Az 1986-os döntőben az NSZK csapata 3-2-re kikapott <strong>Diego Maradona</strong> Argentínájától, majd a következő vb csúcstalálkozóján – igaz, erősen vitatható körülmények között, az uruguayi-mexikói Edgar Codesal, mondjuk így, sajátos játékvezetése mellett – visszavágott.

<span class="highlight-block-small">Mindkét döntőben <strong>Franz Beckenbauer</strong> szövetségi kapitány irányította az NSZK együttesét.</span>

Negyvennégy napja, a Császár halálakor Brehme, aki <strong>Lothar Matthäussal</strong> együtt a Franz Beckenbauer Alapítvány nagykövete volt, azt mondta: „A Kaiser a mennyben bűvös háromszöget alkot majd Pelével és Maradonával.”

Az 1990-es világbajnokok ötszöget alkottak, mert mindkét döntőn csak <strong>Thomas Berthold</strong>, Brehme, Matthäus, <strong>Rudi Völler</strong> és a szakvezető Beckenbauer jutott aktív szerephez.

A balhátvédet és bal oldali középpályást játszó liftember, aki szó szerint le-föl járt az oldalvonal mellett, a Bundesligában is alakította a futballtörténetet. Előbb azzal, hogy a szövetségi köztársaságban örök emlék maradt, amint jó barátja, a leverkuseni Völler vállán zokogott a Kaiserslauternnak a Bayer elleni 1-1-e, és az FCK kiesése után. Aztán azzal, hogy a Kaiserlautern megnyerte a másodosztályú bajnokságot, majd mindjárt az első osztályút is.

<span class="highlight-block-small">A Bayern 1-0-s müncheni legyőzésével nyitó újonc aranyérmes lett!</span>
<div class="payable-content-section"></div>
Igaz, az Otto Rehhagel dirigálta bajnokcsapatban – amelynek keretéhez tartozott <strong>Szűcs Lajos</strong> kapus és <strong>Hrutka János</strong> is – a harminchét éves Brehme már csak epizodista volt, a legtöbbször ez a tizennégy játékos lépett pályára: <strong>Andreas Reinke</strong>, <strong>Ciriaco Sforza</strong> (svájci), <strong>Michael Schjönberg</strong> (dán) 34–34 meccs, <strong>Marco Reich</strong> 34, <strong>Miroslav Kadlec</strong> 31 (cseh), <strong>Jürgen Rische</strong> 30, <strong>Ratinho</strong> (brazil) 29, <strong>Andreas Buck</strong> 27, <strong>Axel Roos</strong>, <strong>Olaf Marschall</strong> 26–26, <strong>Pavel Kuka</strong> (cseh) 24, <strong>Marian Hrisztov</strong> (bolgár), <strong>Martin Wagner</strong> 23–23, <strong>Michael Ballack</strong> 18.

<img class="alignnone size-full wp-image-12051" src="https://sport24.24.hu/app/uploads/sites/24/2024/02/andreas-brehme1.jpg" alt="" width="6000" height="3375" />

Utolsó évadában Brehme másodszor lett német bajnok – 1987-ben a Bayern München játékosaként ünnepelt –, és volt DFB-kupagyőztes is: mielőtt a Kaiserslautern kiesett volna, 1996 májusában a Karlsruhe 1-0-s legyőzésével elnyerte a trófeát. Igaz, Brehmét a 72. percben kiállította <strong>Helmut Krug</strong> játékvezető…

Ennél jóval nagyobb csalódás érte 1987-ben Bécsben, ahol a Bayern a BEK-döntő favoritjaként lépett a Práter stadion pázsitjára, de az algériai <strong>Rabah Madjer</strong> és a brazil <strong>Juary</strong> alakításával 2-1-re a Porto nyert. Hasonló szenzációt keltett 1992 júniusában Göteborgban, hogy a dán válogatott az Eb-döntőben – <strong>John Jensen</strong> és <strong>Kim Vilfort</strong> góljával – 2-0-ra legyőzte a német csapatot.

Az ember eltűnődik, hogy – hallatlan szerencséjére – a mexikóvárosi, a római, a bécsi és a göteborgi döntőt is látta.

S azon is elmereng, hogy – fájdalmára – Brehmét már soha nem látja, ahogyan mások sem idelenn.
