{"version":"1.0","provider_name":"Sport24","provider_url":"https:\/\/sport24.24.hu","author_name":"Fut\u00f3 Csaba","author_url":"https:\/\/sport24.24.hu\/author\/futocs\/","title":"Kurt Hamrin \u00fagy j\u00e1tszott, hogy sokan csipkedt\u00e9k magukat, nem \u00e1lmodnak-e","html":"<strong>Kurt Hamrin<\/strong> akkor j\u00e1tszott utolj\u00e1ra a sv\u00e9d v\u00e1logatottban, amikor <strong>Franz Beckenbauer<\/strong> deb\u00fct\u00e1lt az NSZK csapat\u00e1ban; 1965. j\u00fanius 26-\u00e1n Stockholmban a nyugatn\u00e9metek 2-1-re gy\u0151ztek.\r\n\r\n<span class=\"highlight-block-small\">H\u00e9t \u00e9vvel kor\u00e1bban, ugyanott Hamrin vb-d\u00f6nt\u0151t j\u00e1tszott, miut\u00e1n a legjobb nyolc k\u00f6z\u00f6tt g\u00f3lt \u00e9s g\u00f3lpasszt jegyzett a Szovjetuni\u00f3 legjobbjai ellen (2-0), majd az NSZK egy\u00fcttes\u00e9vel v\u00edvott el\u0151d\u00f6nt\u0151ben (3-1) megism\u00e9telte ugyanezt.<\/span>\r\n\r\nA Berlingske Tidinde c\u00edm\u0171 sv\u00e9d lap azt \u00edrta: \u201eAz \u00f6tvenezer n\u00e9z\u0151 sosem felejti el Hamrin j\u00e1t\u00e9k\u00e1t. \u00d6reg szakemberek csipkedt\u00e9k magukat, hogy nem \u00e1lmodnak-e, val\u00f3ban lehets\u00e9ges-e ennyire j\u00f3l futballozni.\u201d\r\n\r\nhttps:\/\/www.youtube.com\/watch?v=71h-8v5RezE&amp;ab_channel=EveryFourthYear\r\n\r\nA d\u00f6nt\u0151t a brazilok 5-2-re nyert\u00e9k, de ez nem rontott Hamrin meg\u00edt\u00e9l\u00e9s\u00e9n, mert a jobbsz\u00e9ls\u0151, akit 2000-ben az AIK Stockholm valaha volt legjobb labdar\u00fag\u00f3j\u00e1nak v\u00e1lasztottak, a vb ut\u00e1n It\u00e1li\u00e1ba szerz\u0151d\u00f6tt, \u00e9s majdnem m\u00e1sf\u00e9l \u00e9vtizedig, 1971 nyar\u00e1ig ott j\u00e1tszott.\r\n\r\nDe hogyan!\r\n\r\nA Juventus igazolta le, \u00e1m k\u00f6lcs\u00f6n adta a Padov\u00e1nak. A kis csapat bronz\u00e9rmet nyert a Serie A-ban, Hamrin 20 g\u00f3lt szerzett.\r\n\r\n<span class=\"highlight-block-small\">Visszavett\u00e9k nyomban.<\/span>\r\n\r\n\u00c1m megkereste a Fiorentina, \u00e9s elszeg\u0151d\u00f6tt Firenz\u00e9be: 289 bajnoki m\u00e9rk\u0151z\u00e9sen 150 g\u00f3lt \u00e9rt el. \u201eRajongtam ez\u00e9rt a v\u00e1ros\u00e9rt \u2013 mondta ut\u00f3bb. \u2013 Itt alapoztam meg az \u00e9letemet.\u201d\r\n\r\nEls\u0151 n\u00e9gy firenzei \u00e9vad\u00e1ban k\u00e9t ez\u00fcst-, majd egy bronz\u00e9rmet \u00e9rdemelt ki a bajnoks\u00e1gban, olasz kup\u00e1t nyert, KEK-gy\u0151ztess\u00e9 v\u00e1lt, majd \u00fajra KEK-d\u00f6nt\u0151t j\u00e1tszott.\r\n\r\nA sikersorozat tet\u0151pontja \u2013 Maestro <strong>Hidegkuti N\u00e1ndor<\/strong> edz\u0151 ir\u00e1ny\u00edt\u00e1s\u00e1val \u2013 a KEK-diadal volt. A glasgow-i Rangersszel v\u00edvott d\u00f6nt\u0151 visszav\u00e1g\u00f3j\u00e1n (2-1) Hamrin l\u0151tte a gy\u0151ztes g\u00f3lt.\r\n\r\nA k\u00f6vetkez\u0151 KEK-sorozat el\u0151d\u00f6nt\u0151j\u00e9t az \u00dajpesttel v\u00edvta a Fiorentina. Firenz\u00e9ben Hamrin dupl\u00e1j\u00e1val 2-0-ra gy\u0151z\u00f6tt, majd a N\u00e9pstadionban 1-0-ra nyert.\r\n\r\nhttps:\/\/www.youtube.com\/watch?v=efMjUvP6ok4&amp;ab_channel=TeladoiolaFiorentina\r\n\r\nA sv\u00e9d csat\u00e1r szinte otthon volt Magyarorsz\u00e1gon. K\u00e9t h\u00e9ttel az \u00e9vsz\u00e1zad m\u00e9rk\u0151z\u00e9se, a londoni 6:3 el\u0151tt \u0151 egyenl\u00edtett a magyar\u2013sv\u00e9d meccsen (2:2) Budapesten. Abban az \u00e9vben \u2013 1953-ban \u2013 Moszkv\u00e1ban szilveszterezett, \u00e9s ez legink\u00e1bb az\u00e9rt \u00e9rdekes, mert besz\u00e1llt a sv\u00e9d hokiv\u00e1logatottba, ahogyan 1954-ben is j\u00e1tszott (k\u00e9tszer) Kanada j\u00e9gkorongoz\u00f3i ellen.\r\n\r\nA magyar futballist\u00e1kkal hosszabb kapcsolata volt. Kiv\u00e9telesen epizodistak\u00e9nt szerepelt 1955-ben a sv\u00e9d\u2013magyaron (3-7), majd az 1958-as vb csoportm\u00e9rk\u0151z\u00e9s\u00e9n (2-1) a h\u00e1zigazd\u00e1k mindk\u00e9t g\u00f3lj\u00e1t \u0151 juttatta <strong>Grosics Gyula<\/strong> h\u00e1l\u00f3j\u00e1ba.\r\n\r\nAzt\u00e1n 1959-ben k\u00e9t bar\u00e1ts\u00e1gos MTK\u2013Fiorentina tal\u00e1lkoz\u00f3n (1-1, 2-1) l\u00e9pett p\u00e1ly\u00e1ra, az els\u0151n a N\u00e9pstadion 70 ezer n\u00e9z\u0151je el\u0151tt. A m\u00e1sodikon \u0151 szerezte a firenzei g\u00f3lt, de alulmaradt a k\u00e9k-feh\u00e9rek ugyancsak legend\u00e1s jobbsz\u00e9ls\u0151j\u00e9vel, a dupl\u00e1z\u00f3 <strong>S\u00e1ndor Csikarral<\/strong> szemben. Majd 1961-ben K\u00f6z\u00e9p-eur\u00f3pai Kupa-meccsen (1-0) gy\u0151ztes g\u00f3lt v\u00e1gott be az \u00dajpestnek, \u00e1m a visszav\u00e1g\u00f3n a vend\u00e9gl\u00e1t\u00f3 budapesti lil\u00e1k 2-0-ra nyertek.\r\n\r\nEgy esztend\u0151 m\u00falva, szint\u00e9n a KK-ban Firenz\u00e9ben 0-0 volt a Vasassal, a N\u00e9pstadionban <strong>Machos Ferenc<\/strong> mesterh\u00e1rmas\u00e1val a piros-k\u00e9kek nyertek 3-1-re. A K\u00f6z\u00e9p-eur\u00f3pai Kupa 1965-\u00f6s b\u00e9csi d\u00f6nt\u0151j\u00e9ben a Vasas \u2013 <strong>M\u00e9sz\u00f6ly K\u00e1lm\u00e1n<\/strong> 11-es\u00e9vel \u2013 ugyancsak fel\u00fclm\u00falta a Fiorentin\u00e1t (1-0).\r\n\r\nHamrin egy \u00e9vvel k\u00e9s\u0151bb a Gy\u0151ri ETO-val szemben j\u00e1rt p\u00f3rul: a firenzei 1-0-s veres\u00e9g\u00e9\u00e9rt a kisalf\u00f6ldiek 4-2-vel v\u00e1gtak vissza a KEK-ben. Majd ism\u00e9t KK-p\u00e1rharc k\u00f6vetkezett: 1967-ben Tatab\u00e1ny\u00e1n 1-1 volt az eredm\u00e9ny, Firenz\u00e9ben 1-0-ra gy\u0151z\u00f6tt az olasz csapat, melynek g\u00f3lj\u00e1t itt is, ott is a tarthatatlan sv\u00e9d l\u00e9gi\u00f3s jegyezte. Abban az \u00e9vben a KEK-ben megint \u00f6sszefutott az ETO meg a Fiorentina, \u00e9s a tov\u00e1bbjut\u00e1sr\u00f3l bizony csak az idegenben el\u00e9rt t\u00f6bb g\u00f3l d\u00f6nt\u00f6tt (2-2, 1-1).\r\n\r\n<span class=\"highlight-block-small\">Hamrint a N\u00e9psport m\u00e1r 1966-ban azzal int\u00e9zte el: \u201eNem a r\u00e9gi.\u201d<\/span>\r\n\r\nEhhez k\u00e9pest a Fiorentina abban az \u00e9vben \u00fajfent elh\u00f3d\u00edtotta az olasz kup\u00e1t. Az Internazional\u00e9val v\u00edvott el\u0151d\u00f6nt\u0151t (2-1) a 89. percben Hamrin d\u00f6nt\u00f6tte el, majd a Catanzaro elleni 2-1-es d\u00f6nt\u0151ben \u0151 szerezte az els\u0151 g\u00f3lt. Az \u00e9vad v\u00e9g\u00e9n pedig \u2013 33 esztend\u0151s kor\u00e1ban \u2013 a Milanhoz igazolt \u00fagy, hogy a mil\u00e1n\u00f3i klub a brazil vil\u00e1gbajnok <strong>Amarild\u00f3t<\/strong> adta \u00e9rte.\r\n<div class=\"payable-content-section\"><\/div>\r\nA v\u00f6r\u00f6s-feket\u00e9k m\u00e9gsem csin\u00e1ltak rossz cser\u00e9t, s\u0151t: 1968-ban a Milan nyerte a KEK-et (a rotterdami d\u00f6nt\u0151ben: Hamburg 2-0, tal\u00e1lj\u00e1k ki, ki szerezte mindk\u00e9t g\u00f3lt!), m\u00edg 1969-ben a BEK-et (Ajax 4-1). Hamrin szerepelt tov\u00e1bb\u00e1 a legend\u00e1s spanyol kapus 75. sz\u00fclet\u00e9snapja alkalm\u00e1b\u00f3l rendezett Spanyolorsz\u00e1g\u2013Vil\u00e1gv\u00e1logatott tal\u00e1lkoz\u00f3n (0-3).\r\n\r\nhttps:\/\/www.youtube.com\/watch?v=diB1RRSzjdY&amp;ab_channel=Harms\r\n\r\nAz olasz els\u0151 oszt\u00e1lyt\u00f3l 1971-ben a Napoli csapat\u00e1ban b\u00facs\u00fazott, utols\u00f3 it\u00e1liai g\u00f3lj\u00e1t a Catania ellen \u00e9rte el (1-0). \u00d6sszesen 190 g\u00f3lt termelt a Serie A-ban, ezzel minden id\u0151k nyolcadik legjobb g\u00f3lszerz\u0151je az olasz bajnoks\u00e1g t\u00f6rt\u00e9net\u00e9ben. A Fiorentina \u00f6r\u00f6k list\u00e1j\u00e1n egy g\u00f3llal szorul az argentin <strong>Gabriel Batistuta<\/strong> m\u00f6g\u00e9. Egy meccsen bel\u00fcli rekordja az 1964. febru\u00e1r 2-\u00e1n rendezett Atalanta\u2013Fiorentina m\u00e9rk\u0151z\u00e9sen (1-7) el\u00e9rt mester\u00f6t\u00f6s.\r\n\r\nhttps:\/\/www.youtube.com\/watch?v=fz9xtHnSaog&amp;ab_channel=ACFFiorentina\r\n\r\nBeker\u00fclt minden id\u0151k firenzei Dream Teamj\u00e9be is. A 2016-ban kihirdetett \u00f6r\u00f6k Fiorentina-tizenegy \u00edgy festett: <strong>Toldo<\/strong> \u2013 <strong>Magnini<\/strong>, <strong>Cervato<\/strong>, <strong>Passarella<\/strong> \u2013 <strong>Antognoni<\/strong>, <strong>De Sisti<\/strong>, <strong>Rui Costa<\/strong>, <strong>Roberto Baggio<\/strong> \u2013 Hamrin, Batistuta, <strong>Julinho<\/strong>. A brazilt Hamrin miatt tett\u00e9k \u00e1t a balsz\u00e9lre. \u00c1m Hamrin azt mondta:\r\n<blockquote>Julinho volt a vil\u00e1g legjobb jobbsz\u00e9ls\u0151je. S ha nem \u0151, akkor honfit\u00e1rsa, Garrincha.<\/blockquote>\r\nR\u00f3la meg azt \u00edrt\u00e1k: \u201eRobban\u00e9konys\u00e1ga, cselez\u0151k\u00e9szs\u00e9ge Garrinch\u00e1\u00e9val egyen\u00e9rt\u00e9k\u0171.\u201d\r\n\r\nNem csoda, ha az it\u00e1liai lapok annak idej\u00e9n azt pletyk\u00e1lt\u00e1k, hogy <strong>Anita Ekberget<\/strong>, <em>Az \u00e9des \u00e9let<\/em> c\u00edm\u0171 Fellini-film n\u0151i f\u0151szerepl\u0151j\u00e9t is levette a l\u00e1b\u00e1r\u00f3l. Elv\u00e9gre azt, aki szembej\u00f6tt vele, menthetetlen\u00fcl megsz\u00e9d\u00edtette.\r\n\r\n[prefabricated_shortcode in_app=\"0\" code=\"%3Cdiv%20class%3D%22article_box_border%22%20style%3D%22background%3A%20url%28%27https%3A%2F%2F24.p3k.hu%2Fapp%2Fuploads%2Fsites%2F24%2F2021%2F05%2Fsport24-pattern.png%27%29%20no-repeat%20left%20-16px%20%23f3f3f4%3B%20border%3A%20none%3B%22%3E%0D%0A%3Cdiv%20class%3D%22article_solidheader%22%3E%0D%0A%3Ch2%20style%3D%22color%3A%20%23111115%21important%3B%20font-size%3A%2036px%3B%20font-weight%3A%20bold%3B%20margin-bottom%3A%2030px%3B%20margin-top%3A%2020px%3B%20text-align%3A%20center%3B%20line-height%3A%2036px%3B%22%3E%3Cimg%20class%3D%22aligncenter%20size-full%20wp-image-141%22%20src%3D%22https%3A%2F%2F24.p3k.hu%2Fapp%2Fuploads%2Fsites%2F24%2F2021%2F05%2Fs24-logo-dt.png%22%20alt%3D%22%22%20width%3D%22408%22%20height%3D%2290%22%20%2F%3E%3C%2Fh2%3E%0D%0A%3Ch2%20style%3D%22color%3A%20%23111115%21important%3B%20font-size%3A%2036px%3B%20font-weight%3A%20bold%3B%20margin-bottom%3A%2030px%3B%20margin-top%3A%2020px%3B%20text-align%3A%20center%3B%20line-height%3A%2040px%3B%22%3ECsatlakozz%20a%20Sport24%20k%C3%B6z%C3%B6ss%C3%A9ghez%2C%20mondd%20el%20v%C3%A9lem%C3%A9nyedet%20z%C3%A1rt%20Facebook-csoportunkban%2C%20%C3%A9s%20vegy%C3%A9l%20r%C3%A9szt%20csak%20el%C5%91fizet%C5%91knek%20el%C3%A9rhet%C5%91%20exkluz%C3%ADv%20esem%C3%A9nyeinken.%3C%2Fh2%3E%0D%0A%3C%2Fdiv%3E%0D%0A%3Cp%20style%3D%22background%3A%20%2357A600%3B%20margin-top%3A%2020px%3B%20padding%3A%2020px%3B%20text-align%3A%20center%3B%22%3E%3Ca%20style%3D%22color%3A%20%23ffffff%3B%20font-size%3A%2026px%3B%20font-weight%3A%20600%3B%22%20href%3D%22https%3A%2F%2Fwww.facebook.com%2Fgroups%2F212344460412327%22%3ECSATLAKOZOM%3C%2Fa%3E%3C%2Fp%3E%0D%0A%0D%0A%3C%2Fdiv%3E\"]","type":"rich","thumbnail_url":"https:\/\/s.24.hu\/app\/uploads\/sites\/24\/2024\/02\/kurt-hamrin-150x150.jpg","thumbnail_width":150,"thumbnail_height":150}

Futó Csaba

Kurt Hamrin úgy játszott, hogy sokan csipkedték magukat, nem álmodnak-e

<strong>Kurt Hamrin</strong> akkor játszott utoljára a svéd válogatottban, amikor <strong>Franz Beckenbauer</strong> debütált az NSZK csapatában; 1965. június 26-án Stockholmban a nyugatnémetek 2-1-re győztek.

<span class="highlight-block-small">Hét évvel korábban, ugyanott Hamrin vb-döntőt játszott, miután a legjobb nyolc között gólt és gólpasszt jegyzett a Szovjetunió legjobbjai ellen (2-0), majd az NSZK együttesével vívott elődöntőben (3-1) megismételte ugyanezt.</span>

A Berlingske Tidinde című svéd lap azt írta: „Az ötvenezer néző sosem felejti el Hamrin játékát. Öreg szakemberek csipkedték magukat, hogy nem álmodnak-e, valóban lehetséges-e ennyire jól futballozni.”

https://www.youtube.com/watch?v=71h-8v5RezE&amp;ab_channel=EveryFourthYear

A döntőt a brazilok 5-2-re nyerték, de ez nem rontott Hamrin megítélésén, mert a jobbszélső, akit 2000-ben az AIK Stockholm valaha volt legjobb labdarúgójának választottak, a vb után Itáliába szerződött, és majdnem másfél évtizedig, 1971 nyaráig ott játszott.

De hogyan!

A Juventus igazolta le, ám kölcsön adta a Padovának. A kis csapat bronzérmet nyert a Serie A-ban, Hamrin 20 gólt szerzett.

<span class="highlight-block-small">Visszavették nyomban.</span>

Ám megkereste a Fiorentina, és elszegődött Firenzébe: 289 bajnoki mérkőzésen 150 gólt ért el. „Rajongtam ezért a városért – mondta utóbb. – Itt alapoztam meg az életemet.”

Első négy firenzei évadában két ezüst-, majd egy bronzérmet érdemelt ki a bajnokságban, olasz kupát nyert, KEK-győztessé vált, majd újra KEK-döntőt játszott.

A sikersorozat tetőpontja – Maestro <strong>Hidegkuti Nándor</strong> edző irányításával – a KEK-diadal volt. A glasgow-i Rangersszel vívott döntő visszavágóján (2-1) Hamrin lőtte a győztes gólt.

A következő KEK-sorozat elődöntőjét az Újpesttel vívta a Fiorentina. Firenzében Hamrin duplájával 2-0-ra győzött, majd a Népstadionban 1-0-ra nyert.

https://www.youtube.com/watch?v=efMjUvP6ok4&amp;ab_channel=TeladoiolaFiorentina

A svéd csatár szinte otthon volt Magyarországon. Két héttel az évszázad mérkőzése, a londoni 6:3 előtt ő egyenlített a magyar–svéd meccsen (2:2) Budapesten. Abban az évben – 1953-ban – Moszkvában szilveszterezett, és ez leginkább azért érdekes, mert beszállt a svéd hokiválogatottba, ahogyan 1954-ben is játszott (kétszer) Kanada jégkorongozói ellen.

A magyar futballistákkal hosszabb kapcsolata volt. Kivételesen epizodistaként szerepelt 1955-ben a svéd–magyaron (3-7), majd az 1958-as vb csoportmérkőzésén (2-1) a házigazdák mindkét gólját ő juttatta <strong>Grosics Gyula</strong> hálójába.

Aztán 1959-ben két barátságos MTK–Fiorentina találkozón (1-1, 2-1) lépett pályára, az elsőn a Népstadion 70 ezer nézője előtt. A másodikon ő szerezte a firenzei gólt, de alulmaradt a kék-fehérek ugyancsak legendás jobbszélsőjével, a duplázó <strong>Sándor Csikarral</strong> szemben. Majd 1961-ben Közép-európai Kupa-meccsen (1-0) győztes gólt vágott be az Újpestnek, ám a visszavágón a vendéglátó budapesti lilák 2-0-ra nyertek.

Egy esztendő múlva, szintén a KK-ban Firenzében 0-0 volt a Vasassal, a Népstadionban <strong>Machos Ferenc</strong> mesterhármasával a piros-kékek nyertek 3-1-re. A Közép-európai Kupa 1965-ös bécsi döntőjében a Vasas – <strong>Mészöly Kálmán</strong> 11-esével – ugyancsak felülmúlta a Fiorentinát (1-0).

Hamrin egy évvel később a Győri ETO-val szemben járt pórul: a firenzei 1-0-s vereségéért a kisalföldiek 4-2-vel vágtak vissza a KEK-ben. Majd ismét KK-párharc következett: 1967-ben Tatabányán 1-1 volt az eredmény, Firenzében 1-0-ra győzött az olasz csapat, melynek gólját itt is, ott is a tarthatatlan svéd légiós jegyezte. Abban az évben a KEK-ben megint összefutott az ETO meg a Fiorentina, és a továbbjutásról bizony csak az idegenben elért több gól döntött (2-2, 1-1).

<span class="highlight-block-small">Hamrint a Népsport már 1966-ban azzal intézte el: „Nem a régi.”</span>

Ehhez képest a Fiorentina abban az évben újfent elhódította az olasz kupát. Az Internazionaléval vívott elődöntőt (2-1) a 89. percben Hamrin döntötte el, majd a Catanzaro elleni 2-1-es döntőben ő szerezte az első gólt. Az évad végén pedig – 33 esztendős korában – a Milanhoz igazolt úgy, hogy a milánói klub a brazil világbajnok <strong>Amarildót</strong> adta érte.
<div class="payable-content-section"></div>
A vörös-feketék mégsem csináltak rossz cserét, sőt: 1968-ban a Milan nyerte a KEK-et (a rotterdami döntőben: Hamburg 2-0, találják ki, ki szerezte mindkét gólt!), míg 1969-ben a BEK-et (Ajax 4-1). Hamrin szerepelt továbbá a legendás spanyol kapus 75. születésnapja alkalmából rendezett Spanyolország–Világválogatott találkozón (0-3).

https://www.youtube.com/watch?v=diB1RRSzjdY&amp;ab_channel=Harms

Az olasz első osztálytól 1971-ben a Napoli csapatában búcsúzott, utolsó itáliai gólját a Catania ellen érte el (1-0). Összesen 190 gólt termelt a Serie A-ban, ezzel minden idők nyolcadik legjobb gólszerzője az olasz bajnokság történetében. A Fiorentina örök listáján egy góllal szorul az argentin <strong>Gabriel Batistuta</strong> mögé. Egy meccsen belüli rekordja az 1964. február 2-án rendezett Atalanta–Fiorentina mérkőzésen (1-7) elért mesterötös.

https://www.youtube.com/watch?v=fz9xtHnSaog&amp;ab_channel=ACFFiorentina

Bekerült minden idők firenzei Dream Teamjébe is. A 2016-ban kihirdetett örök Fiorentina-tizenegy így festett: <strong>Toldo</strong> – <strong>Magnini</strong>, <strong>Cervato</strong>, <strong>Passarella</strong> – <strong>Antognoni</strong>, <strong>De Sisti</strong>, <strong>Rui Costa</strong>, <strong>Roberto Baggio</strong> – Hamrin, Batistuta, <strong>Julinho</strong>. A brazilt Hamrin miatt tették át a balszélre. Ám Hamrin azt mondta:
<blockquote>Julinho volt a világ legjobb jobbszélsője. S ha nem ő, akkor honfitársa, Garrincha.</blockquote>
Róla meg azt írták: „Robbanékonysága, cselezőkészsége Garrincháéval egyenértékű.”

Nem csoda, ha az itáliai lapok annak idején azt pletykálták, hogy <strong>Anita Ekberget</strong>, <em>Az édes élet</em> című Fellini-film női főszereplőjét is levette a lábáról. Elvégre azt, aki szembejött vele, menthetetlenül megszédítette.

[prefabricated_shortcode in_app="0" code="%3Cdiv%20class%3D%22article_box_border%22%20style%3D%22background%3A%20url%28%27https%3A%2F%2F24.p3k.hu%2Fapp%2Fuploads%2Fsites%2F24%2F2021%2F05%2Fsport24-pattern.png%27%29%20no-repeat%20left%20-16px%20%23f3f3f4%3B%20border%3A%20none%3B%22%3E%0D%0A%3Cdiv%20class%3D%22article_solidheader%22%3E%0D%0A%3Ch2%20style%3D%22color%3A%20%23111115%21important%3B%20font-size%3A%2036px%3B%20font-weight%3A%20bold%3B%20margin-bottom%3A%2030px%3B%20margin-top%3A%2020px%3B%20text-align%3A%20center%3B%20line-height%3A%2036px%3B%22%3E%3Cimg%20class%3D%22aligncenter%20size-full%20wp-image-141%22%20src%3D%22https%3A%2F%2F24.p3k.hu%2Fapp%2Fuploads%2Fsites%2F24%2F2021%2F05%2Fs24-logo-dt.png%22%20alt%3D%22%22%20width%3D%22408%22%20height%3D%2290%22%20%2F%3E%3C%2Fh2%3E%0D%0A%3Ch2%20style%3D%22color%3A%20%23111115%21important%3B%20font-size%3A%2036px%3B%20font-weight%3A%20bold%3B%20margin-bottom%3A%2030px%3B%20margin-top%3A%2020px%3B%20text-align%3A%20center%3B%20line-height%3A%2040px%3B%22%3ECsatlakozz%20a%20Sport24%20k%C3%B6z%C3%B6ss%C3%A9ghez%2C%20mondd%20el%20v%C3%A9lem%C3%A9nyedet%20z%C3%A1rt%20Facebook-csoportunkban%2C%20%C3%A9s%20vegy%C3%A9l%20r%C3%A9szt%20csak%20el%C5%91fizet%C5%91knek%20el%C3%A9rhet%C5%91%20exkluz%C3%ADv%20esem%C3%A9nyeinken.%3C%2Fh2%3E%0D%0A%3C%2Fdiv%3E%0D%0A%3Cp%20style%3D%22background%3A%20%2357A600%3B%20margin-top%3A%2020px%3B%20padding%3A%2020px%3B%20text-align%3A%20center%3B%22%3E%3Ca%20style%3D%22color%3A%20%23ffffff%3B%20font-size%3A%2026px%3B%20font-weight%3A%20600%3B%22%20href%3D%22https%3A%2F%2Fwww.facebook.com%2Fgroups%2F212344460412327%22%3ECSATLAKOZOM%3C%2Fa%3E%3C%2Fp%3E%0D%0A%0D%0A%3C%2Fdiv%3E"]
