{"version":"1.0","provider_name":"Sport24","provider_url":"https:\/\/sport24.24.hu","author_name":"Bruckner G\u00e1bor","author_url":"https:\/\/sport24.24.hu\/author\/brucknerg\/","title":"\u00dajra felbukkant a Serie A legepikusab bajnoka, a Bologna","html":"A h\u00e1rom \u00f3ri\u00e1st lesz\u00e1m\u00edtva a Serie A legeredm\u00e9nyesebb csapatai jellemz\u0151en egy korszakban szerezt\u00e9k scudett\u00f3ik jelent\u0151s r\u00e9sz\u00e9t, ilyen aranygener\u00e1ci\u00f3 hozta tet\u0151 al\u00e1 a negyvenes \u00e9vek v\u00e9g\u00e9n a Torino bajnoki plecsnijeinek jelent\u0151s r\u00e9sz\u00e9t, a Genoa az alap\u00edt\u00e1s ut\u00e1n buzg\u00f3lkodott igen hat\u00e9konyan (\u00e9rdekes, hogy az olasz klubfutball negyedik legsikeresebb csapata soha nem nyerte meg a Serie A n\u00e9ven ismert bajnoks\u00e1got, m\u00e1s sz\u00f3val 1929 \u00f3ta nem nyert egyszer sem), \u00e9s hasonl\u00f3 a helyzet a Pro Vercellivel, illetve a Bologn\u00e1val is.\r\n\r\n<span class=\"highlight-block\">A bolognai aranykort \u00e9rdekes k\u00f6r\u00fclm\u00e9ny sz\u00fclte. <\/span>\r\n\r\nT\u00f6rt\u00e9nt, hogy a vibr\u00e1l\u00f3 tudom\u00e1nyos \u00e9letet \u00e9l\u0151, er\u0151sen balos be\u00e1ll\u00edtotts\u00e1g\u00fa v\u00e1rost\u00f3l egy k\u00f6p\u00e9sre, Forliban k\u00e9t j\u00f3 cimbora kezdett politikai karrierbe. <strong>Benito Mussolini<\/strong> munk\u00e1ss\u00e1g\u00e1t nem kell bemutatni, elvt\u00e1rs\u00e1r\u00f3l, <strong>Leandro Arpinatir\u00f3l<\/strong> viszont tal\u00e1n kevesebben hallottak. A k\u00e9s\u0151bbi duce gyorsan orsz\u00e1gos n\u00e9pszer\u0171s\u00e9gre t\u00f6rt, gyerekkori elvt\u00e1rsa viszont igazi lok\u00e1lpatri\u00f3tak\u00e9nt maradt Bologn\u00e1ban hulig\u00e1nkodni. Mivel a sz\u00e9ls\u0151jobbos eszm\u00e9k nem k\u00f6nnyen vertek gy\u00f6keret a liber\u00e1lis v\u00e1rosban, Mussolini\u00e9k ideol\u00f3giai h\u00f3d\u00edt\u00e1s\u00e1nak egyik fontos frontvonala lett a v\u00e1ros\u00e9rt foly\u00f3 harc, \u00e9s Arpinati nagyon j\u00f3l \u00e9rzett r\u00e1, hogy mivel lehet n\u00e9pszer\u0171s\u00e9get szerezni.\r\n\r\nAz 1920-as \u00e9vek v\u00e9g\u00e9ig a futball a h\u00e1rom \u00e9szakkeleti megye (Piemont, Lombardia, Liguria) bel\u00fcgye volt, \u00edgy azt\u00e1n Arpinati el\u00e9rkezettnek l\u00e1tta az id\u0151t, hogy nagy foci k\u00f6lt\u00f6zz\u00f6n Emilia-Romagn\u00e1ba. Mondhatjuk, hogy kicsiben a Bologna FC-n tesztelt\u00e9k az elj\u00e1r\u00e1st, amiben sportsikereket v\u00e1ltottak politikai voksokra, \u00e9s a k\u00eds\u00e9rlet olyan j\u00f3l siker\u00fclt, hogy k\u00e9s\u0151bb vil\u00e1gbajnoks\u00e1got rendeztek \u00e9s olimpi\u00e1ra is p\u00e1ly\u00e1ztak. A makr\u00f3teszt eredm\u00e9nye az lett, hogy a Bologna FC eg\u00e9szen a hatvanas \u00e9vekig egy\u00fctt \u00faszott a Serie A b\u00e1ln\u00e1ival a bajnoki c\u00edmek sz\u00e1m\u00e1t tekintve.\r\n<h2>Nan\u00e1, hogy magyarokkal!<\/h2>\r\nA fasiszta hatalom\u00e1tv\u00e9tel j\u00f3 lehet\u0151s\u00e9geket teremtett a bolognai futballklubn\u00e1l, de azokat meg is kellett lovagolni. Szerencs\u00e9re \u00e9ppen a klubn\u00e1l tev\u00e9kenykedett az olasz futball t\u00f6rt\u00e9net\u00e9nek egyik legnagyszer\u0171bb eln\u00f6ke, <strong>Renato Dall\u2019Ara<\/strong>, aki a legnagyobb figyelmet a know-how importj\u00e1ra ford\u00edtva a kor legizgalmasabb futballkult\u00far\u00e1ja fel\u00e9 fordult: a Duna-menti iskol\u00e1hoz. A Felsner-f\u00e9le csapat kezdett el bajnoks\u00e1gokat nyerni, de am\u00edg az osztr\u00e1k ink\u00e1bb edz\u00e9selm\u00e9leti \u00fajdons\u00e1gokat hozott (ekkor ragadt r\u00e1 a patent\u00fcl kitesizett piros-k\u00e9k csapatra az Agarak becen\u00e9v), ut\u00f3dja, <strong>Weisz \u00c1rp\u00e1d<\/strong> \u00fatt\u00f6r\u0151 futballv\u00edzi\u00f3t \u00e9s val\u00f3ban vil\u00e1gszint\u0171 innov\u00e1ci\u00f3t hozott a Bologn\u00e1hoz.\r\n\r\n[caption id=\"attachment_11351\" align=\"alignnone\" width=\"5280\"]<img class=\"size-full wp-image-11351\" src=\"https:\/\/sport24.24.hu\/app\/uploads\/sites\/24\/2023\/12\/weisz-arpad.jpg\" alt=\"\" width=\"5280\" height=\"3520\" \/> Weisz \u00c1rp\u00e1d budapesti szobr\u00e1nak leleplez\u00e9se, amire a Bologna eln\u00f6ke, Joey Saputo is ell\u00e1togatott.[\/caption]\r\n\r\n<span class=\"highlight-block\">Ha valakit a futballgondolkod\u00f3k panteonj\u00e1ban az Edz\u0151k Fejedelme becen\u00e9vvel illetnek, az nem lehet ak\u00e1rki, <\/span>\r\n\r\nr\u00e1ad\u00e1sul Weisz szem\u00e9lye \u00fajabb furcsa csavar a t\u00f6rt\u00e9netben. A szakember t\u00f6rt\u00e9netesen zsid\u00f3 volt, Bologn\u00e1ban pedig a futballt is maga al\u00e1 temette a fasiszta mil\u00edci\u00e1k tombol\u00e1sa; a csapat p\u00e9ld\u00e1ul nyert \u00fagy bajnoki c\u00edmet, hogy tizenk\u00e9tezer feketeinges keretleg\u00e9ny a p\u00e1ly\u00e1ra vonulva g\u00f3lnak reklam\u00e1lt egy kaput elker\u00fcl\u0151 l\u00f6v\u00e9st. A helyzet nem is volt fenntarthat\u00f3, 1937-ben Weisz a csal\u00e1dj\u00e1val egy\u00fctt menek\u00fclni k\u00e9nyszer\u00fclt, v\u00e9g\u00fcl Hollandi\u00e1b\u00f3l deport\u00e1lt\u00e1k \u00e9s koncentr\u00e1ci\u00f3s t\u00e1borokban haltak meg.\r\n<div class=\"payable-content-section\"><\/div>\r\nA bolognai aranykorszak a fasiszt\u00e1k buk\u00e1s\u00e1val lez\u00e1rult, \u00fagy is fogalmazhatn\u00e1nk, a klub t\u00f6rt\u00e9net\u00e9nek aranyfejezete v\u00e9get \u00e9rt, csakhogy ez nem teljesen igaz. Annyira nem, hogy minden bizonnyal a Bologn\u00e1\u00e9 minden id\u0151k legepikusabb bajnoki c\u00edme.\r\n<h2>Futballdr\u00e1ma deluxe<\/h2>\r\nTud a futballt\u00f6rt\u00e9nelem sz\u00e1mos kifejezetten szoros, izgalmas bajnoki szezonr\u00f3l, ezek k\u00f6z\u00f6tt nemcsak Olaszorsz\u00e1gban, de tal\u00e1n az eg\u00e9sz vil\u00e1gon nincs m\u00e9lt\u00f3 kih\u00edv\u00f3ja a Serie A 1963\/64-es \u00e9vad\u00e1nak. Semmilyen szempontb\u00f3l.\r\n\r\nA vil\u00e1gh\u00e1bor\u00fa minden klubn\u00e1l els\u00f6p\u00f6rte a fasiszta sportvezet\u0151ket, csak egyetlen figura \u00e1ll a t\u00e1bl\u00e1n rend\u00fcletlen\u00fcl: Renato Dall\u2019Ara.\r\n\r\nB\u00e1r siker\u00fcl megszereznie a j\u00e1t\u00e9koszsenib\u0151l edz\u0151fejedelemm\u00e9 v\u00e1l\u00f3 <strong>Fulvio Bernardinit<\/strong>, a Prof becenev\u0171 szakember feladata nem piti\u00e1ner: <strong>Helenio Herrera<\/strong> Grande Inter\u00e9t nemcsak Olaszorsz\u00e1gban, hanem sehol nem nagyon tudt\u00e1k megverni akkoriban. A mil\u00e1n\u00f3iak a BEK k\u00f6vetkez\u0151 k\u00e9t ki\u00edr\u00e1s\u00e1t megnyerik, c\u00edmv\u00e9d\u0151k a Serie A-ban \u00e9s \u00e9ppen kezdi mag\u00e1t teljes puszt\u00edt\u00f3 mivolt\u00e1ban megmutatni a t\u00f6k\u00e9letes catenaccio. \u0150ket k\u00e9ne valahogy megvernie a Bologn\u00e1nak.\r\n\r\nAz Inter r\u00e1ad\u00e1sul nemcsak a p\u00e1ly\u00e1n uralja le a mez\u0151nyt, hanem a sportvezet\u0151k k\u00f6z\u00f6tt is, \u00e9s amikor kider\u00fcl a szezon fel\u00e9n\u00e9l, hogy a Bologn\u00e1val nagyon is sz\u00e1molniuk kell a mil\u00e1n\u00f3iaknak, hirtelen dr\u00e1mai esem\u00e9nyek t\u00f6rt\u00e9nnek.\r\n\r\n<span class=\"highlight-block\">T\u00e9len h\u00e1rom bolognai j\u00e1t\u00e9kos vizeletmint\u00e1j\u00e1ban is doppingszert tal\u00e1lnak, <\/span>\r\n\r\neltilt\u00e1sok \u00e9s pontlevon\u00e1s \u00e9rt\u00fck a b\u00fcntet\u00e9s, \u00e1m a klub nem nyugszik bele az \u00edt\u00e9letbe. Kider\u00fcl, hogy a mint\u00e1kat nem el\u0151\u00edr\u00e1sszer\u0171en t\u00e1rolt\u00e1k, s\u0151t val\u00f3sz\u00edn\u0171leg manipul\u00e1lt\u00e1k is, a m\u00e1sodlagos tesztek pedig tiszt\u00e1k. A Bologna visszakapja a pontjait, \u00e9s k\u00e9z a k\u00e9zben menetel a c\u00e9l fel\u00e9 az Interrel. A v\u00e9ge d\u00f6ntetlen. Spareggio d\u00f6nt a bajnoki c\u00edmr\u0151l.\r\n\r\nhttps:\/\/www.youtube.com\/watch?v=zXnRQ7bdNd0\r\n\r\nA befut\u00f3 izgalmait egy\u00e9bk\u00e9nt is rosszul viselte a koros Dall\u2019Ara, a sz\u00edvbeteg eln\u00f6knek m\u00e1s sem hi\u00e1nyzott, mint egy egymeccses bajnoki d\u00f6nt\u0151. Az epikus csata utols\u00f3 felvon\u00e1s\u00e1ra k\u00e9sz\u00fclve Dall\u2019Ara \u00e9ppen egy jegyeloszt\u00e1si megbesz\u00e9l\u00e9sen vett r\u00e9szt az Inter eln\u00f6k\u00e9vel, <strong>Angelo Morattival<\/strong>, amikor rosszul lett, \u00e9s sz\u00f3 szerint az ellenf\u00e9l tulajdonos\u00e1nak a karjaiban halt meg.\r\n\r\nA bolognai stadion az\u00f3ta is a legend\u00e1s eln\u00f6k nev\u00e9t viseli, \u00e9s ez \u00edgy lenne akkor is, ha a Bologna nem tudta volna beteljes\u00edteni az epikus dr\u00e1m\u00e1t a Serie A t\u00f6rt\u00e9net\u00e9nek els\u0151, \u00e9s ez id\u00e1ig egyetlen bajnoki d\u00f6nt\u0151j\u00e9ben. De be tudta.\r\n\r\n[prefabricated_shortcode in_app=\"0\" code=\"%3Cdiv%20class%3D%22article_box_border%22%20style%3D%22background%3A%20url%28%27https%3A%2F%2F24.p3k.hu%2Fapp%2Fuploads%2Fsites%2F24%2F2021%2F05%2Fsport24-pattern.png%27%29%20no-repeat%20left%20-16px%20%23f3f3f4%3B%20border%3A%20none%3B%22%3E%0D%0A%3Cdiv%20class%3D%22article_solidheader%22%3E%0D%0A%3Ch2%20style%3D%22color%3A%20%23111115%21important%3B%20font-size%3A%2036px%3B%20font-weight%3A%20bold%3B%20margin-bottom%3A%2030px%3B%20margin-top%3A%2020px%3B%20text-align%3A%20center%3B%20line-height%3A%2036px%3B%22%3E%3Cimg%20class%3D%22aligncenter%20size-full%20wp-image-141%22%20src%3D%22https%3A%2F%2F24.p3k.hu%2Fapp%2Fuploads%2Fsites%2F24%2F2021%2F05%2Fs24-logo-dt.png%22%20alt%3D%22%22%20width%3D%22408%22%20height%3D%2290%22%20%2F%3E%3C%2Fh2%3E%0D%0A%3Ch2%20style%3D%22color%3A%20%23111115%21important%3B%20font-size%3A%2036px%3B%20font-weight%3A%20bold%3B%20margin-bottom%3A%2030px%3B%20margin-top%3A%2020px%3B%20text-align%3A%20center%3B%20line-height%3A%2040px%3B%22%3ECsatlakozz%20a%20Sport24%20k%C3%B6z%C3%B6ss%C3%A9ghez%2C%20mondd%20el%20v%C3%A9lem%C3%A9nyedet%20z%C3%A1rt%20Facebook-csoportunkban%2C%20%C3%A9s%20vegy%C3%A9l%20r%C3%A9szt%20csak%20el%C5%91fizet%C5%91knek%20el%C3%A9rhet%C5%91%20exkluz%C3%ADv%20esem%C3%A9nyeinken.%3C%2Fh2%3E%0D%0A%3C%2Fdiv%3E%0D%0A%3Cp%20style%3D%22background%3A%20%2357A600%3B%20margin-top%3A%2020px%3B%20padding%3A%2020px%3B%20text-align%3A%20center%3B%22%3E%3Ca%20style%3D%22color%3A%20%23ffffff%3B%20font-size%3A%2026px%3B%20font-weight%3A%20600%3B%22%20href%3D%22https%3A%2F%2Fwww.facebook.com%2Fgroups%2F212344460412327%22%3ECSATLAKOZOM%3C%2Fa%3E%3C%2Fp%3E%0D%0A%0D%0A%3C%2Fdiv%3E\"]","type":"rich","thumbnail_url":"https:\/\/s.24.hu\/app\/uploads\/sites\/24\/2023\/12\/bologna-150x150.jpg","thumbnail_width":150,"thumbnail_height":150}

Bruckner Gábor

Újra felbukkant a Serie A legepikusab bajnoka, a Bologna

A három óriást leszámítva a Serie A legeredményesebb csapatai jellemzően egy korszakban szerezték scudettóik jelentős részét, ilyen aranygeneráció hozta tető alá a negyvenes évek végén a Torino bajnoki plecsnijeinek jelentős részét, a Genoa az alapítás után buzgólkodott igen hatékonyan (érdekes, hogy az olasz klubfutball negyedik legsikeresebb csapata soha nem nyerte meg a Serie A néven ismert bajnokságot, más szóval 1929 óta nem nyert egyszer sem), és hasonló a helyzet a Pro Vercellivel, illetve a Bolognával is.

<span class="highlight-block">A bolognai aranykort érdekes körülmény szülte. </span>

Történt, hogy a vibráló tudományos életet élő, erősen balos beállítottságú várostól egy köpésre, Forliban két jó cimbora kezdett politikai karrierbe. <strong>Benito Mussolini</strong> munkásságát nem kell bemutatni, elvtársáról, <strong>Leandro Arpinatiról</strong> viszont talán kevesebben hallottak. A későbbi duce gyorsan országos népszerűségre tört, gyerekkori elvtársa viszont igazi lokálpatriótaként maradt Bolognában huligánkodni. Mivel a szélsőjobbos eszmék nem könnyen vertek gyökeret a liberális városban, Mussoliniék ideológiai hódításának egyik fontos frontvonala lett a városért folyó harc, és Arpinati nagyon jól érzett rá, hogy mivel lehet népszerűséget szerezni.

Az 1920-as évek végéig a futball a három északkeleti megye (Piemont, Lombardia, Liguria) belügye volt, így aztán Arpinati elérkezettnek látta az időt, hogy nagy foci költözzön Emilia-Romagnába. Mondhatjuk, hogy kicsiben a Bologna FC-n tesztelték az eljárást, amiben sportsikereket váltottak politikai voksokra, és a kísérlet olyan jól sikerült, hogy később világbajnokságot rendeztek és olimpiára is pályáztak. A makróteszt eredménye az lett, hogy a Bologna FC egészen a hatvanas évekig együtt úszott a Serie A bálnáival a bajnoki címek számát tekintve.
<h2>Naná, hogy magyarokkal!</h2>
A fasiszta hatalomátvétel jó lehetőségeket teremtett a bolognai futballklubnál, de azokat meg is kellett lovagolni. Szerencsére éppen a klubnál tevékenykedett az olasz futball történetének egyik legnagyszerűbb elnöke, <strong>Renato Dall’Ara</strong>, aki a legnagyobb figyelmet a know-how importjára fordítva a kor legizgalmasabb futballkultúrája felé fordult: a Duna-menti iskolához. A Felsner-féle csapat kezdett el bajnokságokat nyerni, de amíg az osztrák inkább edzéselméleti újdonságokat hozott (ekkor ragadt rá a patentül kitesizett piros-kék csapatra az Agarak becenév), utódja, <strong>Weisz Árpád</strong> úttörő futballvíziót és valóban világszintű innovációt hozott a Bolognához.

[caption id="attachment_11351" align="alignnone" width="5280"]<img class="size-full wp-image-11351" src="https://sport24.24.hu/app/uploads/sites/24/2023/12/weisz-arpad.jpg" alt="" width="5280" height="3520" /> Weisz Árpád budapesti szobrának leleplezése, amire a Bologna elnöke, Joey Saputo is ellátogatott.[/caption]

<span class="highlight-block">Ha valakit a futballgondolkodók panteonjában az Edzők Fejedelme becenévvel illetnek, az nem lehet akárki, </span>

ráadásul Weisz személye újabb furcsa csavar a történetben. A szakember történetesen zsidó volt, Bolognában pedig a futballt is maga alá temette a fasiszta milíciák tombolása; a csapat például nyert úgy bajnoki címet, hogy tizenkétezer feketeinges keretlegény a pályára vonulva gólnak reklamált egy kaput elkerülő lövést. A helyzet nem is volt fenntartható, 1937-ben Weisz a családjával együtt menekülni kényszerült, végül Hollandiából deportálták és koncentrációs táborokban haltak meg.
<div class="payable-content-section"></div>
A bolognai aranykorszak a fasiszták bukásával lezárult, úgy is fogalmazhatnánk, a klub történetének aranyfejezete véget ért, csakhogy ez nem teljesen igaz. Annyira nem, hogy minden bizonnyal a Bolognáé minden idők legepikusabb bajnoki címe.
<h2>Futballdráma deluxe</h2>
Tud a futballtörténelem számos kifejezetten szoros, izgalmas bajnoki szezonról, ezek között nemcsak Olaszországban, de talán az egész világon nincs méltó kihívója a Serie A 1963/64-es évadának. Semmilyen szempontból.

A világháború minden klubnál elsöpörte a fasiszta sportvezetőket, csak egyetlen figura áll a táblán rendületlenül: Renato Dall’Ara.

Bár sikerül megszereznie a játékoszseniből edzőfejedelemmé váló <strong>Fulvio Bernardinit</strong>, a Prof becenevű szakember feladata nem pitiáner: <strong>Helenio Herrera</strong> Grande Interét nemcsak Olaszországban, hanem sehol nem nagyon tudták megverni akkoriban. A milánóiak a BEK következő két kiírását megnyerik, címvédők a Serie A-ban és éppen kezdi magát teljes pusztító mivoltában megmutatni a tökéletes catenaccio. Őket kéne valahogy megvernie a Bolognának.

Az Inter ráadásul nemcsak a pályán uralja le a mezőnyt, hanem a sportvezetők között is, és amikor kiderül a szezon felénél, hogy a Bolognával nagyon is számolniuk kell a milánóiaknak, hirtelen drámai események történnek.

<span class="highlight-block">Télen három bolognai játékos vizeletmintájában is doppingszert találnak, </span>

eltiltások és pontlevonás értük a büntetés, ám a klub nem nyugszik bele az ítéletbe. Kiderül, hogy a mintákat nem előírásszerűen tárolták, sőt valószínűleg manipulálták is, a másodlagos tesztek pedig tiszták. A Bologna visszakapja a pontjait, és kéz a kézben menetel a cél felé az Interrel. A vége döntetlen. Spareggio dönt a bajnoki címről.

https://www.youtube.com/watch?v=zXnRQ7bdNd0

A befutó izgalmait egyébként is rosszul viselte a koros Dall’Ara, a szívbeteg elnöknek más sem hiányzott, mint egy egymeccses bajnoki döntő. Az epikus csata utolsó felvonására készülve Dall’Ara éppen egy jegyelosztási megbeszélésen vett részt az Inter elnökével, <strong>Angelo Morattival</strong>, amikor rosszul lett, és szó szerint az ellenfél tulajdonosának a karjaiban halt meg.

A bolognai stadion azóta is a legendás elnök nevét viseli, és ez így lenne akkor is, ha a Bologna nem tudta volna beteljesíteni az epikus drámát a Serie A történetének első, és ez idáig egyetlen bajnoki döntőjében. De be tudta.

[prefabricated_shortcode in_app="0" code="%3Cdiv%20class%3D%22article_box_border%22%20style%3D%22background%3A%20url%28%27https%3A%2F%2F24.p3k.hu%2Fapp%2Fuploads%2Fsites%2F24%2F2021%2F05%2Fsport24-pattern.png%27%29%20no-repeat%20left%20-16px%20%23f3f3f4%3B%20border%3A%20none%3B%22%3E%0D%0A%3Cdiv%20class%3D%22article_solidheader%22%3E%0D%0A%3Ch2%20style%3D%22color%3A%20%23111115%21important%3B%20font-size%3A%2036px%3B%20font-weight%3A%20bold%3B%20margin-bottom%3A%2030px%3B%20margin-top%3A%2020px%3B%20text-align%3A%20center%3B%20line-height%3A%2036px%3B%22%3E%3Cimg%20class%3D%22aligncenter%20size-full%20wp-image-141%22%20src%3D%22https%3A%2F%2F24.p3k.hu%2Fapp%2Fuploads%2Fsites%2F24%2F2021%2F05%2Fs24-logo-dt.png%22%20alt%3D%22%22%20width%3D%22408%22%20height%3D%2290%22%20%2F%3E%3C%2Fh2%3E%0D%0A%3Ch2%20style%3D%22color%3A%20%23111115%21important%3B%20font-size%3A%2036px%3B%20font-weight%3A%20bold%3B%20margin-bottom%3A%2030px%3B%20margin-top%3A%2020px%3B%20text-align%3A%20center%3B%20line-height%3A%2040px%3B%22%3ECsatlakozz%20a%20Sport24%20k%C3%B6z%C3%B6ss%C3%A9ghez%2C%20mondd%20el%20v%C3%A9lem%C3%A9nyedet%20z%C3%A1rt%20Facebook-csoportunkban%2C%20%C3%A9s%20vegy%C3%A9l%20r%C3%A9szt%20csak%20el%C5%91fizet%C5%91knek%20el%C3%A9rhet%C5%91%20exkluz%C3%ADv%20esem%C3%A9nyeinken.%3C%2Fh2%3E%0D%0A%3C%2Fdiv%3E%0D%0A%3Cp%20style%3D%22background%3A%20%2357A600%3B%20margin-top%3A%2020px%3B%20padding%3A%2020px%3B%20text-align%3A%20center%3B%22%3E%3Ca%20style%3D%22color%3A%20%23ffffff%3B%20font-size%3A%2026px%3B%20font-weight%3A%20600%3B%22%20href%3D%22https%3A%2F%2Fwww.facebook.com%2Fgroups%2F212344460412327%22%3ECSATLAKOZOM%3C%2Fa%3E%3C%2Fp%3E%0D%0A%0D%0A%3C%2Fdiv%3E"]
