{"version":"1.0","provider_name":"Sport24","provider_url":"https:\/\/sport24.24.hu","author_name":"Bruckner G\u00e1bor","author_url":"https:\/\/sport24.24.hu\/author\/brucknerg\/","title":"Bety\u00e1rbecs\u00fclet is van a vil\u00e1gon, csak \u00e9ppen r\u00e1ment a v\u00e1logatott p\u00e1lyafut\u00e1sa \u2013 100 \u00e9ve sz\u00fcletett Szusza Ferenc, az \u00dajpest legend\u00e1ja","html":"<h2>Mesterh\u00e1rmassal deb\u00fct\u00e1lt az NB I-ben<\/h2>\r\nNB I-es premierj\u00e9n, 1941. febru\u00e1r 23-\u00e1n, alig tizenh\u00e9t \u00e9vesen mesterh\u00e1rmast \u00e9rt el Kispesten. Els\u0151 k\u00e9t g\u00f3lj\u00e1t egyar\u00e1nt h\u00fasz m\u00e9terr\u0151l l\u0151tte. Vez\u00e9rlet\u00e9vel a <strong>Sziklai \u2013 Balogh II, Fekete I \u2013 K\u00e1rm\u00e1n, Sz\u0171cs, Balogh I \u2013 N\u00e9meth, Vidor, Zsengell\u00e9r, Szusza, T\u00f3th III<\/strong> \u00f6sszet\u00e9tel\u0171 lila-feh\u00e9rek m\u00e1r 4-1-re vezettek, de a Kispest egyenl\u00edteni tudott (4-4).\r\n<h2>L\u00f6kt\u00e9k, r\u00fagt\u00e1k, de a v\u00e1logatottban is g\u00f3llal kezdett<\/h2>\r\nSzint\u00e9n g\u00f3llal mutatkozott be a v\u00e1logatottban 1942. j\u00fanius 14-\u00e9n: Magyarorsz\u00e1g\u2013Horv\u00e1torsz\u00e1g 1-1. Az \u00dcll\u0151i \u00faton, 28 ezer n\u00e9z\u0151 el\u0151tt a <strong>T\u00f3th Gy\u00f6rgy \u2013 Olajk\u00e1r II, Kisp\u00e9ter \u2013 P\u00e1zm\u00e1ndy,<\/strong> Sz\u0171cs, <strong>S\u00e1rosi III \u2013 F\u00fczi,<\/strong> Zsengell\u00e9r, Szusza, <strong>Bodola,<\/strong> T\u00f3th III \u00f6ssze\u00e1ll\u00edt\u00e1s\u00fa egy\u00fcttesben Bodola Gyula \u00e1tad\u00e1s\u00e1b\u00f3l szerzett vezet\u00e9st, a vend\u00e9gek a 78. percben egyenl\u00edtettek. Az ifj\u00fa csat\u00e1r az ellenf\u00e9l t\u00falzott kem\u00e9nys\u00e9g\u00e9re panaszkodott: \u201eK\u00e9zzel l\u00f6ktek, l\u00e1bbal rugdaltak.\u201d\r\n<h2>H\u00e1romszor z\u00e1rt \u00f6t g\u00f3llal egy meccsen<\/h2>\r\n\u00d6t g\u00f3lt szerzett 1944. m\u00e1jus 28-\u00e1n az \u00dajpest\u2013Csepel tal\u00e1lkoz\u00f3n (9-0). A Sporth\u00edrlapt\u00f3l 1-est kapott \u2013 az volt a legjobb \u00e9rdemjegy \u2013, \u00e9s az \u00fajs\u00e1g ezzel a c\u00edmmel sz\u00e1molt be a meccsr\u0151l: \u201eAmikor a szurkol\u00f3k nem tudj\u00e1k, hogy \u00e9bren vannak-e vagy \u00e1lmodnak\u201d.\r\n\r\n<span class=\"highlight-block-small\">Szusza \u00f6sszesen h\u00e1romszor \u00e9rt el \u00f6t, n\u00e9gyszer n\u00e9gy, huszonh\u00e9tszer h\u00e1rom g\u00f3lt.<\/span>\r\n\r\nLegszomor\u00fabb mesterh\u00e1rmas\u00e1t 1947. szeptember 14-\u00e9n, B\u00e9csben jegyezte, ahol az osztr\u00e1k v\u00e1logatott 4-3-ra gy\u0151z\u00f6tt a magyar egy\u00fcttes ellen. A N\u00e9psport azt \u00edrta: \u201eSzusza ragyog\u00f3an j\u00e1tszott, \u0151 volt a magyar csapat legjobbja.\u201d\r\n<h2>A busz lerobbant, de \u0151 \u00edgy is hozta a form\u00e1j\u00e1t<\/h2>\r\nAz eredeti id\u0151pontn\u00e1l csaknem \u00f6t \u00f3r\u00e1val k\u00e9s\u0151bb, d\u00e9lut\u00e1n h\u00e1romnegyed n\u00e9gykor kezd\u0151d\u00f6tt 1946. m\u00e1rcius 3-\u00e1n a d\u00e9lel\u0151tt tizenegyre ki\u00edrt Debrecen\u2013\u00dajpest els\u0151 oszt\u00e1ly\u00fa m\u00e9rk\u0151z\u00e9s, mert a lil\u00e1k busza lerobbant Szolnokn\u00e1l. Szusz\u00e1t nem zavarta a k\u00e9s\u00e9s, n\u00e9gy g\u00f3lj\u00e1val gy\u0151z\u00f6tt 4-3-ra a budapesti egy\u00fcttes. Az \u00dajpest 1945 ut\u00e1n \u00fajra bajnoki c\u00edmet nyert, ahogyan 1947-ben is elh\u00f3d\u00edtotta az els\u0151s\u00e9get.\r\n<h2>Szusza a Fradiban? Igen!<\/h2>\r\nDebrecenben csaknem m\u00e1sf\u00e9l \u00e9vvel k\u00e9s\u0151bb, 1947. augusztus 30-\u00e1n 2-1-re kikapott az \u00dajpest, mert n\u00e9lk\u00fcl\u00f6znie kellett Szusz\u00e1t, aki nem sokkal kor\u00e1bban \u00e9rkezett haza Mexik\u00f3b\u00f3l, ahol \u2013 <strong>Pusk\u00e1s Ferenccel<\/strong> egy\u00fctt \u2013 a Ferencv\u00e1ros k\u00f6lcs\u00f6nj\u00e1t\u00e9kosa volt. T\u00edz \u00e9vvel k\u00e9s\u0151bb a Honv\u00e9d is elvitte \u0151t \u201eilleg\u00e1lis\u201d t\u00far\u00e1j\u00e1ra D\u00e9l-Amerik\u00e1ba, vagyis az \u00f6r\u00f6k \u00fajpesti Szusza h\u00e1rom klubcsapatban is j\u00e1tszott.\r\n<h2>Az a fr\u00e1nya pezsg\u0151s\u00fcveg<\/h2>\r\nAz ut\u00f3bb hivatalos v\u00e1logatott m\u00e9rk\u0151z\u00e9ss\u00e9 nyilv\u00e1n\u00edtott Moszkva\u2013Budapest tal\u00e1lkoz\u00f3 (1-1) ut\u00e1n <strong>Bozsik J\u00f3zsef<\/strong> \u00e9s Szusza Ferenc sz\u00e1llodai szob\u00e1j\u00e1b\u00f3l <strong>Buz\u00e1nszky Jen\u0151<\/strong> kihaj\u00edtott egy \u00fcres pezsg\u0151s\u00fcveget, amely egy szovjet rend\u0151rtiszt l\u00e1ba el\u00e9 hullt. Sem Bozsik, sem Szusza nem nevezte meg, ki dobta ki a palackot.\r\n\r\n<span class=\"highlight-block-small\"><strong>Sebes Guszt\u00e1v<\/strong> Bozsiknak megbocs\u00e1tott, Szusz\u00e1nak nem, a 23-szoros v\u00e1logatott csat\u00e1r azut\u00e1n m\u00e1r csak egyszer \u2013 n\u00e9gy \u00e9vvel k\u00e9s\u0151bb, a lengyelek elleni 4-1-en \u2013 \u00f6lthette mag\u00e1ra a c\u00edmeres mezt.<\/span>\r\n\r\nA gy\u0151ztes csapat \u00edgy \u00e1llt fel 1956. j\u00falius 15-\u00e9n: <strong>Ilku<\/strong> \u2013 Buz\u00e1nszky, <strong>M\u00e1trai, Dalnoki \u2013 Szojka, Kot\u00e1sz<\/strong> \u2013 <strong>Budai II, Kocsis<\/strong>, Szusza, Pusk\u00e1s, <strong>Fenyvesi<\/strong>.\r\n<div class=\"payable-content-section\"><\/div>\r\n<h2>A Honv\u00e9d nem b\u00edrt vele<\/h2>\r\nH\u00e1rom g\u00f3lt \u00e9s egy g\u00f3lpasszt jegyzett 1954. december 19-\u00e9n a Honv\u00e9d ellen. Felid\u00e9zte kispesti bemutatkoz\u00e1s\u00e1t azzal a nem csek\u00e9ly k\u00fcl\u00f6nbs\u00e9ggel, hogy a v\u00e9geredm\u00e9ny nem 4-4, hanem 5-4 volt a D\u00f3zsa jav\u00e1ra. Pedig az ellenf\u00e9l csat\u00e1rsora \u00edgy \u00e1llt fel: Budai II, Kocsis, Machos, Pusk\u00e1s, <strong>Czibor<\/strong>. Szusza akkor l\u0151tte tizenegyesb\u0151l a lila-feh\u00e9rek \u00f6t\u00f6dik g\u00f3lj\u00e1t, amikor csapata \u2013 <strong>T\u00f3th Mih\u00e1ly<\/strong> ki\u00e1ll\u00edt\u00e1sa miatt \u2013 l\u00e9tsz\u00e1mh\u00e1tr\u00e1nyban futballozott.\r\n<h2>Eld\u00f6nt\u00f6tte a bajnoki c\u00edm sors\u00e1t, majd megh\u00fazta mag\u00e1t<\/h2>\r\nAz 1960 j\u00fanius\u00e1ban, az utols\u00f3 el\u0151tti fordul\u00f3ban rendezett \u00dajpest\u2013FTC rangad\u00f3n a nyolcadik percben a h\u00e1l\u00f3ba k\u00fcldte a szabadr\u00fag\u00e1st, a lil\u00e1k ezzel gy\u0151ztek 1-0-ra, \u00e9s tizenh\u00e1rom \u00e9vnyi sz\u00fcnet ut\u00e1n nyert\u00e9k el \u00fajra a bajnoki c\u00edmet. A N\u00e9pstadion 75 ezer n\u00e9z\u0151je el\u0151tt ez a tizenegy \u00fcnnepelt: <strong>T\u00f6r\u00f6k \u2013 Rajna, V\u00e1rhidi, Gy\u0151rv\u00e1ri \u2013 Sz\u00edni, Bors\u00e1nyi \u2013 Hal\u00e1pi, G\u00f6r\u00f6cs,<\/strong> Szusza, <strong>Kuharszki<\/strong>, T\u00f3th Mih\u00e1ly. Szusza a m\u00e1sodik f\u00e9lid\u0151ben h\u00faz\u00f3d\u00e1st szenvedett, s mivel csere nem volt, ahogyan akkoriban \u00edrt\u00e1k: \u201ea jobbsz\u00e9len statiszt\u00e1lt\u201d.\r\n<h2>B\u00facs\u00fa gy\u0151ztes g\u00f3llal<\/h2>\r\n\u00d6t h\u00f3nappal k\u00e9s\u0151bb, 1960. november 30-\u00e1n, egy nappal 37. sz\u00fclet\u00e9snapja el\u0151tt j\u00e1tszotta utols\u00f3 m\u00e9rk\u0151z\u00e9s\u00e9t. Az \u00dajpest a BEK-ben 2-1-re gy\u0151z\u00f6tt a Benfica ellen, a gy\u0151ztes g\u00f3lt \u2013 az alkalomhoz ill\u0151en \u2013 Szusza szerezte. M\u00e9lt\u00f3 b\u00facs\u00fa volt m\u00e9g akkor is, ha az els\u0151 meccsen a portug\u00e1l egy\u00fcttes 6-2-es sikert aratott Lisszabonban.\r\n<h2>Kapus v\u00e9dte a kapus 11-es\u00e9t a kupad\u00f6nt\u0151ben<\/h2>\r\nSzusza a Betis edz\u0151je volt, amikor 1977. j\u00fanius 25-\u00e9n, a madridi Vicente Calderon stadionban 21 r\u00e1ad\u00e1s-tizenegyes ut\u00e1n d\u0151lt el a spanyol kupad\u00f6nt\u0151, amely 120 perc ut\u00e1n 2-2-vel z\u00e1rult. A sevillai egy\u00fcttes azzal nyert, hogy <strong>Esnaola<\/strong> kapus kiv\u00e9dte bilba\u00f3i koll\u00e9g\u00e1ja, az Eur\u00f3pa-bajnok <strong>Iribar<\/strong> l\u00f6v\u00e9s\u00e9t. Szusza egy \u00e9vvel k\u00e9s\u0151bb azt a<strong> Luis Aragon\u00e9st<\/strong> v\u00e1ltotta az Atletico Madrid szakvezet\u0151i posztj\u00e1n, aki hasonl\u00f3 klublegenda volt, mint Szusza Ferenc \u00dajpesten.\r\n\r\n[prefabricated_shortcode in_app=\"0\" code=\"%3Cdiv%20class%3D%22article_box_border%22%20style%3D%22background%3A%20url%28%27https%3A%2F%2F24.p3k.hu%2Fapp%2Fuploads%2Fsites%2F24%2F2021%2F05%2Fsport24-pattern.png%27%29%20no-repeat%20left%20-16px%20%23f3f3f4%3B%20border%3A%20none%3B%22%3E%0D%0A%3Cdiv%20class%3D%22article_solidheader%22%3E%0D%0A%3Ch2%20style%3D%22color%3A%20%23111115%21important%3B%20font-size%3A%2036px%3B%20font-weight%3A%20bold%3B%20margin-bottom%3A%2030px%3B%20margin-top%3A%2020px%3B%20text-align%3A%20center%3B%20line-height%3A%2036px%3B%22%3E%3Cimg%20class%3D%22aligncenter%20size-full%20wp-image-141%22%20src%3D%22https%3A%2F%2F24.p3k.hu%2Fapp%2Fuploads%2Fsites%2F24%2F2021%2F05%2Fs24-logo-dt.png%22%20alt%3D%22%22%20width%3D%22408%22%20height%3D%2290%22%20%2F%3E%3C%2Fh2%3E%0D%0A%3Ch2%20style%3D%22color%3A%20%23111115%21important%3B%20font-size%3A%2036px%3B%20font-weight%3A%20bold%3B%20margin-bottom%3A%2030px%3B%20margin-top%3A%2020px%3B%20text-align%3A%20center%3B%20line-height%3A%2040px%3B%22%3ECsatlakozz%20a%20Sport24%20k%C3%B6z%C3%B6ss%C3%A9ghez%2C%20mondd%20el%20v%C3%A9lem%C3%A9nyedet%20z%C3%A1rt%20Facebook-csoportunkban%2C%20%C3%A9s%20vegy%C3%A9l%20r%C3%A9szt%20csak%20el%C5%91fizet%C5%91knek%20el%C3%A9rhet%C5%91%20exkluz%C3%ADv%20esem%C3%A9nyeinken.%3C%2Fh2%3E%0D%0A%3C%2Fdiv%3E%0D%0A%3Cp%20style%3D%22background%3A%20%2357A600%3B%20margin-top%3A%2020px%3B%20padding%3A%2020px%3B%20text-align%3A%20center%3B%22%3E%3Ca%20style%3D%22color%3A%20%23ffffff%3B%20font-size%3A%2026px%3B%20font-weight%3A%20600%3B%22%20href%3D%22https%3A%2F%2Fwww.facebook.com%2Fgroups%2F212344460412327%22%3ECSATLAKOZOM%3C%2Fa%3E%3C%2Fp%3E%0D%0A%0D%0A%3C%2Fdiv%3E\"]","type":"rich","thumbnail_url":"https:\/\/s.24.hu\/app\/uploads\/sites\/24\/2023\/12\/f__kt19560715021-masolat-150x150.jpg","thumbnail_width":150,"thumbnail_height":150}

Bruckner Gábor

Betyárbecsület is van a világon, csak éppen ráment a válogatott pályafutása – 100 éve született Szusza Ferenc, az Újpest legendája

<h2>Mesterhármassal debütált az NB I-ben</h2>
NB I-es premierjén, 1941. február 23-án, alig tizenhét évesen mesterhármast ért el Kispesten. Első két gólját egyaránt húsz méterről lőtte. Vezérletével a <strong>Sziklai – Balogh II, Fekete I – Kármán, Szűcs, Balogh I – Németh, Vidor, Zsengellér, Szusza, Tóth III</strong> összetételű lila-fehérek már 4-1-re vezettek, de a Kispest egyenlíteni tudott (4-4).
<h2>Lökték, rúgták, de a válogatottban is góllal kezdett</h2>
Szintén góllal mutatkozott be a válogatottban 1942. június 14-én: Magyarország–Horvátország 1-1. Az Üllői úton, 28 ezer néző előtt a <strong>Tóth György – Olajkár II, Kispéter – Pázmándy,</strong> Szűcs, <strong>Sárosi III – Füzi,</strong> Zsengellér, Szusza, <strong>Bodola,</strong> Tóth III összeállítású együttesben Bodola Gyula átadásából szerzett vezetést, a vendégek a 78. percben egyenlítettek. Az ifjú csatár az ellenfél túlzott keménységére panaszkodott: „Kézzel löktek, lábbal rugdaltak.”
<h2>Háromszor zárt öt góllal egy meccsen</h2>
Öt gólt szerzett 1944. május 28-án az Újpest–Csepel találkozón (9-0). A Sporthírlaptól 1-est kapott – az volt a legjobb érdemjegy –, és az újság ezzel a címmel számolt be a meccsről: „Amikor a szurkolók nem tudják, hogy ébren vannak-e vagy álmodnak”.

<span class="highlight-block-small">Szusza összesen háromszor ért el öt, négyszer négy, huszonhétszer három gólt.</span>

Legszomorúbb mesterhármasát 1947. szeptember 14-én, Bécsben jegyezte, ahol az osztrák válogatott 4-3-ra győzött a magyar együttes ellen. A Népsport azt írta: „Szusza ragyogóan játszott, ő volt a magyar csapat legjobbja.”
<h2>A busz lerobbant, de ő így is hozta a formáját</h2>
Az eredeti időpontnál csaknem öt órával később, délután háromnegyed négykor kezdődött 1946. március 3-án a délelőtt tizenegyre kiírt Debrecen–Újpest első osztályú mérkőzés, mert a lilák busza lerobbant Szolnoknál. Szuszát nem zavarta a késés, négy góljával győzött 4-3-ra a budapesti együttes. Az Újpest 1945 után újra bajnoki címet nyert, ahogyan 1947-ben is elhódította az elsőséget.
<h2>Szusza a Fradiban? Igen!</h2>
Debrecenben csaknem másfél évvel később, 1947. augusztus 30-án 2-1-re kikapott az Újpest, mert nélkülöznie kellett Szuszát, aki nem sokkal korábban érkezett haza Mexikóból, ahol – <strong>Puskás Ferenccel</strong> együtt – a Ferencváros kölcsönjátékosa volt. Tíz évvel később a Honvéd is elvitte őt „illegális” túrájára Dél-Amerikába, vagyis az örök újpesti Szusza három klubcsapatban is játszott.
<h2>Az a fránya pezsgősüveg</h2>
Az utóbb hivatalos válogatott mérkőzéssé nyilvánított Moszkva–Budapest találkozó (1-1) után <strong>Bozsik József</strong> és Szusza Ferenc szállodai szobájából <strong>Buzánszky Jenő</strong> kihajított egy üres pezsgősüveget, amely egy szovjet rendőrtiszt lába elé hullt. Sem Bozsik, sem Szusza nem nevezte meg, ki dobta ki a palackot.

<span class="highlight-block-small"><strong>Sebes Gusztáv</strong> Bozsiknak megbocsátott, Szuszának nem, a 23-szoros válogatott csatár azután már csak egyszer – négy évvel később, a lengyelek elleni 4-1-en – ölthette magára a címeres mezt.</span>

A győztes csapat így állt fel 1956. július 15-én: <strong>Ilku</strong> – Buzánszky, <strong>Mátrai, Dalnoki – Szojka, Kotász</strong> – <strong>Budai II, Kocsis</strong>, Szusza, Puskás, <strong>Fenyvesi</strong>.
<div class="payable-content-section"></div>
<h2>A Honvéd nem bírt vele</h2>
Három gólt és egy gólpasszt jegyzett 1954. december 19-én a Honvéd ellen. Felidézte kispesti bemutatkozását azzal a nem csekély különbséggel, hogy a végeredmény nem 4-4, hanem 5-4 volt a Dózsa javára. Pedig az ellenfél csatársora így állt fel: Budai II, Kocsis, Machos, Puskás, <strong>Czibor</strong>. Szusza akkor lőtte tizenegyesből a lila-fehérek ötödik gólját, amikor csapata – <strong>Tóth Mihály</strong> kiállítása miatt – létszámhátrányban futballozott.
<h2>Eldöntötte a bajnoki cím sorsát, majd meghúzta magát</h2>
Az 1960 júniusában, az utolsó előtti fordulóban rendezett Újpest–FTC rangadón a nyolcadik percben a hálóba küldte a szabadrúgást, a lilák ezzel győztek 1-0-ra, és tizenhárom évnyi szünet után nyerték el újra a bajnoki címet. A Népstadion 75 ezer nézője előtt ez a tizenegy ünnepelt: <strong>Török – Rajna, Várhidi, Győrvári – Színi, Borsányi – Halápi, Göröcs,</strong> Szusza, <strong>Kuharszki</strong>, Tóth Mihály. Szusza a második félidőben húzódást szenvedett, s mivel csere nem volt, ahogyan akkoriban írták: „a jobbszélen statisztált”.
<h2>Búcsú győztes góllal</h2>
Öt hónappal később, 1960. november 30-án, egy nappal 37. születésnapja előtt játszotta utolsó mérkőzését. Az Újpest a BEK-ben 2-1-re győzött a Benfica ellen, a győztes gólt – az alkalomhoz illően – Szusza szerezte. Méltó búcsú volt még akkor is, ha az első meccsen a portugál együttes 6-2-es sikert aratott Lisszabonban.
<h2>Kapus védte a kapus 11-esét a kupadöntőben</h2>
Szusza a Betis edzője volt, amikor 1977. június 25-én, a madridi Vicente Calderon stadionban 21 ráadás-tizenegyes után dőlt el a spanyol kupadöntő, amely 120 perc után 2-2-vel zárult. A sevillai együttes azzal nyert, hogy <strong>Esnaola</strong> kapus kivédte bilbaói kollégája, az Európa-bajnok <strong>Iribar</strong> lövését. Szusza egy évvel később azt a<strong> Luis Aragonést</strong> váltotta az Atletico Madrid szakvezetői posztján, aki hasonló klublegenda volt, mint Szusza Ferenc Újpesten.

[prefabricated_shortcode in_app="0" code="%3Cdiv%20class%3D%22article_box_border%22%20style%3D%22background%3A%20url%28%27https%3A%2F%2F24.p3k.hu%2Fapp%2Fuploads%2Fsites%2F24%2F2021%2F05%2Fsport24-pattern.png%27%29%20no-repeat%20left%20-16px%20%23f3f3f4%3B%20border%3A%20none%3B%22%3E%0D%0A%3Cdiv%20class%3D%22article_solidheader%22%3E%0D%0A%3Ch2%20style%3D%22color%3A%20%23111115%21important%3B%20font-size%3A%2036px%3B%20font-weight%3A%20bold%3B%20margin-bottom%3A%2030px%3B%20margin-top%3A%2020px%3B%20text-align%3A%20center%3B%20line-height%3A%2036px%3B%22%3E%3Cimg%20class%3D%22aligncenter%20size-full%20wp-image-141%22%20src%3D%22https%3A%2F%2F24.p3k.hu%2Fapp%2Fuploads%2Fsites%2F24%2F2021%2F05%2Fs24-logo-dt.png%22%20alt%3D%22%22%20width%3D%22408%22%20height%3D%2290%22%20%2F%3E%3C%2Fh2%3E%0D%0A%3Ch2%20style%3D%22color%3A%20%23111115%21important%3B%20font-size%3A%2036px%3B%20font-weight%3A%20bold%3B%20margin-bottom%3A%2030px%3B%20margin-top%3A%2020px%3B%20text-align%3A%20center%3B%20line-height%3A%2040px%3B%22%3ECsatlakozz%20a%20Sport24%20k%C3%B6z%C3%B6ss%C3%A9ghez%2C%20mondd%20el%20v%C3%A9lem%C3%A9nyedet%20z%C3%A1rt%20Facebook-csoportunkban%2C%20%C3%A9s%20vegy%C3%A9l%20r%C3%A9szt%20csak%20el%C5%91fizet%C5%91knek%20el%C3%A9rhet%C5%91%20exkluz%C3%ADv%20esem%C3%A9nyeinken.%3C%2Fh2%3E%0D%0A%3C%2Fdiv%3E%0D%0A%3Cp%20style%3D%22background%3A%20%2357A600%3B%20margin-top%3A%2020px%3B%20padding%3A%2020px%3B%20text-align%3A%20center%3B%22%3E%3Ca%20style%3D%22color%3A%20%23ffffff%3B%20font-size%3A%2026px%3B%20font-weight%3A%20600%3B%22%20href%3D%22https%3A%2F%2Fwww.facebook.com%2Fgroups%2F212344460412327%22%3ECSATLAKOZOM%3C%2Fa%3E%3C%2Fp%3E%0D%0A%0D%0A%3C%2Fdiv%3E"]
