{"version":"1.0","provider_name":"Sport24","provider_url":"https:\/\/sport24.24.hu","author_name":"Bruckner G\u00e1bor","author_url":"https:\/\/sport24.24.hu\/author\/brucknerg\/","title":"Hatvan \u00e9ve: Honv\u00e9d-d\u00edszmenet a hetedik mennyorsz\u00e1gba","html":"A Ferencv\u00e1ros nyolc nap h\u00edj\u00e1n egy \u00e9ve veretlen volt az els\u0151 oszt\u00e1ly\u00fa labdar\u00fag\u00f3-bajnoks\u00e1gban; 1962. november 25-\u00e9n az MTK-t\u00f3l kapott ki 1-0-ra, majd 22 meccsb\u0151l 16-ot megnyert, hatot d\u00f6ntetlennel z\u00e1rt.\r\n\r\n\u00c1m hatvan \u00e9vvel ezel\u0151tt, 1963. november 17-\u00e9n be\u00fct\u00f6tt a krach:\r\n\r\n<span class=\"highlight-block\">a Honv\u00e9d 7-2-re elt\u00e1ng\u00e1lta az FTC-t.<\/span>\r\n\r\nA N\u00e9pstadion nem telt meg, \u201ecsup\u00e1n\u201d 65 ezer (56 422 fizet\u0151) n\u00e9z\u0151 \u00fclt a lel\u00e1t\u00f3kon. A nagyj\u00e1b\u00f3l 10 ezer \u00fcl\u00e9s \u00fcresen hagy\u00e1s\u00e1nak k\u00e9t oka volt: egyr\u00e9szt a dupla program eb\u00e9did\u0151ben, d\u00e9li 12-kor kezd\u0151d\u00f6tt, m\u00e1sr\u00e9szt esett az es\u0151, \u00e9s a j\u00f3, meleg szob\u00e1b\u00f3l kimozdul\u00f3t pillanatokon bel\u00fcl \u2013 h\u00e1t m\u00e9g k\u00e9tszer m\u00e1sf\u00e9l \u00f3ra alatt! \u2013 \u00e1tj\u00e1rta a heves \u00e9szaknyugati sz\u00e9l.\r\n\r\n<strong>Vet\u0151 J\u00f3zsef<\/strong> am\u00fagy is joggal \u00edrta korabeli aforizm\u00e1j\u00e1ban: \u201eA f\u00e9rfiak mind h\u0151s\u00f6k, am\u00edg n\u00e1th\u00e1t nem kapnak.\u201d\r\n\r\nA t\u00e9v\u00e9 nem k\u00f6zvet\u00edtette a kett\u0151s rangad\u00f3k egyik\u00e9t sem, 12.45-t\u0151l a \u201eSzovjetuni\u00f3\u2013Kanada\u201d j\u00e9gkorongm\u00e9rk\u0151z\u00e9st adta. Az id\u00e9z\u0151jel haszn\u00e1lata az\u00e9rt sz\u00fcks\u00e9ges, mert a szovjet csapat val\u00f3ban a v\u00e1logatott volt \u2013 a lehengerl\u0151 <strong>Alekszandrov, Almetov, Loktyev<\/strong> els\u0151 csat\u00e1rsorral \u00e9s a zsongl\u0151r <strong>Anatolij Firszovval<\/strong> a harmadik trojk\u00e1ban \u2013, Kanada k\u00e9pviselet\u00e9ben viszont egy amat\u0151r csapat, a Windsor Bulldogs l\u00e9pett a j\u00e9gre.\r\n\r\n\u00d6r\u00fclt, hogy t\u00edz alatt meg\u00faszta (9-0).\r\n\r\nA N\u00e9pstadionban <strong>Szepesi Gy\u00f6rgy<\/strong> 6-1-n\u00e9l azt mondta a r\u00e1di\u00f3 mikrofonj\u00e1ba, hogy\r\n\r\n<span class=\"highlight-block-small\">azok, akik igazi futballt szeretn\u00e9nek l\u00e1tni, j\u00f6jjenek ki ak\u00e1r csak az utols\u00f3 f\u00e9l \u00f3r\u00e1ra is, mert a Honv\u00e9d \u00fagy j\u00e1tszik, mint Pusk\u00e1s Ferenc \u00e9s t\u00e1rsai f\u00e9nykor\u00e1ban. <\/span>\r\n\r\nE felh\u00edv\u00e1st a ferencv\u00e1rosi szurkol\u00f3k sosem bocs\u00e1tott\u00e1k meg a legend\u00e1s riporternek\u2026\r\n\r\nOrroltak <strong>Kisp\u00e9ter Mih\u00e1lyra<\/strong> is, aki 215 NB I-es m\u00e9rk\u0151z\u00e9st nyomott le az FTC-ben, \u00e1m 1963-ban m\u00e1r a Honv\u00e9d edz\u0151je volt, \u00e9s a sz\u00fcnetben \u00edgy besz\u00e9lt a kispesti j\u00e1t\u00e9kosokhoz: \u201eMost megmutathatj\u00e1k, mire k\u00e9pesek, 3-1-re vezetnek, \u00e9s nagy lehet\u0151s\u00e9g\u00fck van. G\u00f3lokkal gy\u0151zhetnek le egy olyan csapatot, amely egy \u00e9ve veretlen.\u201d\r\n\r\nA 3-1-es f\u00e9lid\u0151 csak \u201em\u00e1sodik\u201d volt az aznapi nyit\u00f3meccs els\u0151 negyven\u00f6t perce m\u00f6g\u00f6tt, mert a Vasas a sz\u00fcnetben 4-1-re vezetett az \u00dajpest ellen. A m\u00e9rk\u0151z\u00e9s k\u00fcl\u00f6n\u00f6sen kezd\u0151d\u00f6tt, az eredm\u00e9nyjelz\u0151 t\u00e1bl\u00e1n negyed\u00f3ra m\u00falt\u00e1n az \u00e1llt: <strong>Lutz<\/strong> \u2013 \u00f6ng\u00f3l, <strong>Varga<\/strong> \u2013 \u00f6ng\u00f3l \u2013, <strong>Rajna<\/strong> \u2013 \u00f6ng\u00f3l. (Lutz J\u00f3zsef \u00e9s Rajna K\u00e1roly a lila-feh\u00e9rekhez tartozott, Varga L\u00e1szl\u00f3 a piros-k\u00e9kek kapuj\u00e1t v\u00e9dte, ha \u00e9ppen nem \u00fct\u00f6tte be <strong>Szini J\u00f3zsef<\/strong> keresztbe l\u0151tt labd\u00e1j\u00e1t.) Az els\u0151 \u201erendes\u201d g\u00f3lt<strong> Bundzs\u00e1k Dezs\u0151<\/strong>, a m\u00e1sodikat <strong>K\u00e9kesi Mih\u00e1ly<\/strong> szerezte, majd az angyalf\u00f6ldiek a maguk r\u00e9sz\u00e9r\u0151l letudt\u00e1k a tal\u00e1lkoz\u00f3t, a fieszta ut\u00e1n szieszt\u00e1t tartottak.\r\n\r\nA <strong>Tak\u00e1cs \u2013 Dud\u00e1s, Marosi, Kot\u00e1sz, Mihalecz \u2013 Tussinger, N\u00f3gr\u00e1di, Komora \u2013 Nagy Gy\u00f6rgy, Tichy, Katona<\/strong> \u00f6ssze\u00e1ll\u00edt\u00e1sban futballoz\u00f3 Honv\u00e9d\r\n\r\n<span class=\"highlight-block\">az els\u0151 f\u00e9lid\u0151ben negyed\u00f3ra, a m\u00e1sodikban tizenegy perc alatt r\u00e1molt be h\u00e1rmat<\/span>\r\n\r\naz <strong>Acz\u00e9l \u2013 Nov\u00e1k, M\u00e1trai, Perecsi, P\u00e1ncsics \u2013 Vilezs\u00e1l, R\u00e1kosi \u2013 Fenyvesi II, Juh\u00e1sz, Albert, Fenyvesi dr.<\/strong> tizenegyet felvonultat\u00f3 FTC-nek. Ebben annak is r\u00e9sze volt, hogy M\u00e1trai S\u00e1ndor 1-0-n\u00e1l \u2013 hazaad\u00e1s gyan\u00e1nt \u2013 elgur\u00edtotta a labd\u00e1t kapusa, Acz\u00e9l L\u00e1szl\u00f3 mellett, Katona S\u00e1ndor pedig k\u00e9t l\u00e9p\u00e9sr\u0151l az \u00fcres kapuba passzolt. Ett\u0151l a v\u00e1logatott ferencv\u00e1rosi t\u00f6rzsg\u00e1rdist\u00e1ja megzavarodott, \u00e9s \u00fajabb Honv\u00e9d-g\u00f3lokban j\u00e1tszott szomor\u00fa szerepet, m\u00edg Katona olyannyira felvillanyoz\u00f3dott, hogy a N\u00e9psport azt \u00edrta r\u00f3la: \u201e\u00c9lete eddigi legjobb j\u00e1t\u00e9k\u00e1t ny\u00fajtotta.\u201d (Az 1964-ben olimpiai bajnok balsz\u00e9ls\u0151 1967-ben \u00e1tigazolt az FTC-hez.)\r\n\r\nAmikor a megh\u00f6kkent\u0151 7-2-vel v\u00e9get \u00e9rt a m\u00e9rk\u0151z\u00e9s, eg\u00e9szen m\u00e1s megvil\u00e1g\u00edt\u00e1sba ker\u00fclt egy el\u0151re meghirdetett program, amelyre napokig felh\u00edvta a figyelmet a sportnapilap: \u201eEdz\u00e9sbemutat\u00f3t tart M\u00e9sz\u00e1ros J\u00f3zsef szakoktat\u00f3 november 22-\u00e9n 13.30 \u00f3rai kezdettel az \u00dcll\u0151i \u00faton, a Ferencv\u00e1ros j\u00e1t\u00e9kosainak k\u00f6zrem\u0171k\u00f6d\u00e9s\u00e9vel, Milyen egy \u00e9lvonalbeli csapat p\u00e9nteki edz\u00e9se a form\u00e1ban tart\u00f3 id\u0151szakban? c\u00edmmel.\u201d\r\n<div class=\"payable-content-section\"><\/div>\r\nA november 17-ei rangad\u00f3kr\u00f3l a statisztikusok kimutatt\u00e1k, hogy egy nap ennyi g\u00f3l (14) addig egyszer sem esett a N\u00e9pstadionban, \u00e9s \u00f6tg\u00f3los veres\u00e9get azt megel\u0151z\u0151en 1958. november 30-\u00e1n Tatab\u00e1ny\u00e1n szenvedett el a Ferencv\u00e1ros (M\u00e1trai, Vilezs\u00e1l Oszk\u00e1r, Albert Fl\u00f3ri\u00e1n \u00e9s Fenyvesi M\u00e1t\u00e9 abban a 0-5-ben is benne volt). Egy\u00fattal eml\u00e9keztettek r\u00e1: az \u00e9vad kor\u00e1bbi kilenc tal\u00e1lkoz\u00f3j\u00e1n egy\u00fcttv\u00e9ve szedett be h\u00e9t g\u00f3lt a z\u00f6ld-feh\u00e9r csapat.\r\n\r\nA N\u00e9pszabads\u00e1g meg is jegyezte: \u201eMost m\u00e1r vil\u00e1goss\u00e1 v\u00e1lik tal\u00e1n, mi\u00e9rt kapott az FTC hat g\u00f3lt a szezon kezdet\u00e9n Moszkv\u00e1ban, \u00e9s n\u00e9gyet a Galatasarayt\u00f3l Isztambulban.\u201d Ugyanakkor lesz\u00f6gezte: \u201eMagyar p\u00e1ly\u00e1n r\u00e9g\u00f3ta nem l\u00e1ttunk olyan sok mozg\u00e1sos, gyors, szemf\u00fcles j\u00e1t\u00e9kot, mint az \u00fajra mag\u00e1ra tal\u00e1l\u00f3 Tichyt\u0151l \u00e9s fiatal kispesti t\u00e1rsait\u00f3l.\u201d\r\n\r\nTichy Lajos a H\u00e9tf\u0151i H\u00edrek szerint is a mez\u0151ny legjobbja volt, m\u00edg a K\u00e9pes Sport azt \u00edrta a Honv\u00e9d-f\u0151vez\u00e9rr\u0151l: \u201eCiklonokr\u00f3l olvashatunk mostan\u00e1ban. K\u00fclf\u00f6ld\u00f6n becen\u00e9vvel illetik ezeket a sz\u00e1guld\u00f3 szeleket: Cindy, Kit, Mamie, Dolly.\r\n<blockquote class=\"small-quote\">M\u00e9g meg\u00e9rj\u00fck, hogy az egyiket majd Lajosnak nevezik.<\/blockquote>\r\nA N\u00e9pszava csatlakozott Szepesihez: \u201eA k\u00f6z\u00f6ns\u00e9g \u2013 m\u00e9g a t\u00f6bbs\u00e9gben l\u00e9v\u0151 Fradi-szurkol\u00f3t\u00e1bor is! \u2013 elismer\u00e9ssel tapsolt a Honv\u00e9d ragyog\u00f3 j\u00e1t\u00e9k\u00e1nak, amely felid\u00e9zte az 1950-es \u00e9vek nagyszer\u0171 futball\u00e9lm\u00e9nyeit.\u201d\r\n\r\nA N\u00e9psport m\u00e1s oldalr\u00f3l is k\u00f6zel\u00edtett: \u201eA Bp. Honv\u00e9d kit\u0171n\u0151 teljes\u00edtm\u00e9ny\u00e9nek a rug\u00f3ja, igenis, a n\u00e1lunk az ut\u00f3bbi id\u0151ben egy kicsit len\u00e9zett lelkesed\u00e9s volt.\u201d\r\n\r\nA legszellemesebben \u2013 k\u00e9t ferencv\u00e1rosi drukker k\u00e9pzelt p\u00e1rbesz\u00e9d\u00e9vel \u2013 tal\u00e1n az Esti H\u00edrlap t\u00e1lalta a tal\u00e1lkoz\u00f3t:\r\n<blockquote>\u2013 Kinn volt\u00e1l?\r\n\r\n\u2013 Onnan j\u00f6v\u00f6k. Albert r\u00fagott k\u00e9t olyan g\u00f3lt, amilyet csak az istenek tudnak r\u00fagni.\r\n\r\n\u2013 \u00d3ri\u00e1si!\r\n\r\n\u2013 Mi az, hogy \u00f3ri\u00e1si! Eget ver\u0151 rivalg\u00e1s, a k\u00f6z\u00f6ns\u00e9g a p\u00e1ly\u00e1ra t\u00f3dul, klubz\u00e1szl\u00f3kat lenget, kend\u0151t lobogtat, dob\u00e1lja a kalapj\u00e1t, egysz\u00f3val diadalm\u00e1mor \u00e9s mennybemenetel. Felejthetetlen percek, a k\u00f6nnyem kicsordult.\r\n\r\n\u2013 Teh\u00e1t a Fl\u00f3ri kett\u0151t. No \u00e9s a Honv\u00e9d?\r\n\r\n\u2013 Ja, hogy a Honv\u00e9d? \u0150k is r\u00fagtak valami hetet... De h\u00e1t mondd, kit \u00e9rdekel az?<\/blockquote>\r\n[prefabricated_shortcode in_app=\"0\" code=\"%3Cdiv%20class%3D%22article_box_border%22%20style%3D%22background%3A%20url%28%27https%3A%2F%2F24.p3k.hu%2Fapp%2Fuploads%2Fsites%2F24%2F2021%2F05%2Fsport24-pattern.png%27%29%20no-repeat%20left%20-16px%20%23f3f3f4%3B%20border%3A%20none%3B%22%3E%0D%0A%3Cdiv%20class%3D%22article_solidheader%22%3E%0D%0A%3Ch2%20style%3D%22color%3A%20%23111115%21important%3B%20font-size%3A%2036px%3B%20font-weight%3A%20bold%3B%20margin-bottom%3A%2030px%3B%20margin-top%3A%2020px%3B%20text-align%3A%20center%3B%20line-height%3A%2036px%3B%22%3E%3Cimg%20class%3D%22aligncenter%20size-full%20wp-image-141%22%20src%3D%22https%3A%2F%2F24.p3k.hu%2Fapp%2Fuploads%2Fsites%2F24%2F2021%2F05%2Fs24-logo-dt.png%22%20alt%3D%22%22%20width%3D%22408%22%20height%3D%2290%22%20%2F%3E%3C%2Fh2%3E%0D%0A%3Ch2%20style%3D%22color%3A%20%23111115%21important%3B%20font-size%3A%2036px%3B%20font-weight%3A%20bold%3B%20margin-bottom%3A%2030px%3B%20margin-top%3A%2020px%3B%20text-align%3A%20center%3B%20line-height%3A%2040px%3B%22%3ECsatlakozz%20a%20Sport24%20k%C3%B6z%C3%B6ss%C3%A9ghez%2C%20mondd%20el%20v%C3%A9lem%C3%A9nyedet%20z%C3%A1rt%20Facebook-csoportunkban%2C%20%C3%A9s%20vegy%C3%A9l%20r%C3%A9szt%20csak%20el%C5%91fizet%C5%91knek%20el%C3%A9rhet%C5%91%20exkluz%C3%ADv%20esem%C3%A9nyeinken.%3C%2Fh2%3E%0D%0A%3C%2Fdiv%3E%0D%0A%3Cp%20style%3D%22background%3A%20%2357A600%3B%20margin-top%3A%2020px%3B%20padding%3A%2020px%3B%20text-align%3A%20center%3B%22%3E%3Ca%20style%3D%22color%3A%20%23ffffff%3B%20font-size%3A%2026px%3B%20font-weight%3A%20600%3B%22%20href%3D%22https%3A%2F%2Fwww.facebook.com%2Fgroups%2F212344460412327%22%3ECSATLAKOZOM%3C%2Fa%3E%3C%2Fp%3E%0D%0A%0D%0A%3C%2Fdiv%3E\"]","type":"rich","thumbnail_url":"https:\/\/s.24.hu\/app\/uploads\/sites\/24\/2023\/11\/screenshot_2-2-150x150.jpg","thumbnail_width":150,"thumbnail_height":150}

Bruckner Gábor

Hatvan éve: Honvéd-díszmenet a hetedik mennyországba

A Ferencváros nyolc nap híján egy éve veretlen volt az első osztályú labdarúgó-bajnokságban; 1962. november 25-én az MTK-tól kapott ki 1-0-ra, majd 22 meccsből 16-ot megnyert, hatot döntetlennel zárt.

Ám hatvan évvel ezelőtt, 1963. november 17-én beütött a krach:

<span class="highlight-block">a Honvéd 7-2-re eltángálta az FTC-t.</span>

A Népstadion nem telt meg, „csupán” 65 ezer (56 422 fizető) néző ült a lelátókon. A nagyjából 10 ezer ülés üresen hagyásának két oka volt: egyrészt a dupla program ebédidőben, déli 12-kor kezdődött, másrészt esett az eső, és a jó, meleg szobából kimozdulót pillanatokon belül – hát még kétszer másfél óra alatt! – átjárta a heves északnyugati szél.

<strong>Vető József</strong> amúgy is joggal írta korabeli aforizmájában: „A férfiak mind hősök, amíg náthát nem kapnak.”

A tévé nem közvetítette a kettős rangadók egyikét sem, 12.45-től a „Szovjetunió–Kanada” jégkorongmérkőzést adta. Az idézőjel használata azért szükséges, mert a szovjet csapat valóban a válogatott volt – a lehengerlő <strong>Alekszandrov, Almetov, Loktyev</strong> első csatársorral és a zsonglőr <strong>Anatolij Firszovval</strong> a harmadik trojkában –, Kanada képviseletében viszont egy amatőr csapat, a Windsor Bulldogs lépett a jégre.

Örült, hogy tíz alatt megúszta (9-0).

A Népstadionban <strong>Szepesi György</strong> 6-1-nél azt mondta a rádió mikrofonjába, hogy

<span class="highlight-block-small">azok, akik igazi futballt szeretnének látni, jöjjenek ki akár csak az utolsó fél órára is, mert a Honvéd úgy játszik, mint Puskás Ferenc és társai fénykorában. </span>

E felhívást a ferencvárosi szurkolók sosem bocsátották meg a legendás riporternek…

Orroltak <strong>Kispéter Mihályra</strong> is, aki 215 NB I-es mérkőzést nyomott le az FTC-ben, ám 1963-ban már a Honvéd edzője volt, és a szünetben így beszélt a kispesti játékosokhoz: „Most megmutathatják, mire képesek, 3-1-re vezetnek, és nagy lehetőségük van. Gólokkal győzhetnek le egy olyan csapatot, amely egy éve veretlen.”

A 3-1-es félidő csak „második” volt az aznapi nyitómeccs első negyvenöt perce mögött, mert a Vasas a szünetben 4-1-re vezetett az Újpest ellen. A mérkőzés különösen kezdődött, az eredményjelző táblán negyedóra múltán az állt: <strong>Lutz</strong> – öngól, <strong>Varga</strong> – öngól –, <strong>Rajna</strong> – öngól. (Lutz József és Rajna Károly a lila-fehérekhez tartozott, Varga László a piros-kékek kapuját védte, ha éppen nem ütötte be <strong>Szini József</strong> keresztbe lőtt labdáját.) Az első „rendes” gólt<strong> Bundzsák Dezső</strong>, a másodikat <strong>Kékesi Mihály</strong> szerezte, majd az angyalföldiek a maguk részéről letudták a találkozót, a fieszta után sziesztát tartottak.

A <strong>Takács – Dudás, Marosi, Kotász, Mihalecz – Tussinger, Nógrádi, Komora – Nagy György, Tichy, Katona</strong> összeállításban futballozó Honvéd

<span class="highlight-block">az első félidőben negyedóra, a másodikban tizenegy perc alatt rámolt be hármat</span>

az <strong>Aczél – Novák, Mátrai, Perecsi, Páncsics – Vilezsál, Rákosi – Fenyvesi II, Juhász, Albert, Fenyvesi dr.</strong> tizenegyet felvonultató FTC-nek. Ebben annak is része volt, hogy Mátrai Sándor 1-0-nál – hazaadás gyanánt – elgurította a labdát kapusa, Aczél László mellett, Katona Sándor pedig két lépésről az üres kapuba passzolt. Ettől a válogatott ferencvárosi törzsgárdistája megzavarodott, és újabb Honvéd-gólokban játszott szomorú szerepet, míg Katona olyannyira felvillanyozódott, hogy a Népsport azt írta róla: „Élete eddigi legjobb játékát nyújtotta.” (Az 1964-ben olimpiai bajnok balszélső 1967-ben átigazolt az FTC-hez.)

Amikor a meghökkentő 7-2-vel véget ért a mérkőzés, egészen más megvilágításba került egy előre meghirdetett program, amelyre napokig felhívta a figyelmet a sportnapilap: „Edzésbemutatót tart Mészáros József szakoktató november 22-én 13.30 órai kezdettel az Üllői úton, a Ferencváros játékosainak közreműködésével, Milyen egy élvonalbeli csapat pénteki edzése a formában tartó időszakban? címmel.”
<div class="payable-content-section"></div>
A november 17-ei rangadókról a statisztikusok kimutatták, hogy egy nap ennyi gól (14) addig egyszer sem esett a Népstadionban, és ötgólos vereséget azt megelőzően 1958. november 30-án Tatabányán szenvedett el a Ferencváros (Mátrai, Vilezsál Oszkár, Albert Flórián és Fenyvesi Máté abban a 0-5-ben is benne volt). Egyúttal emlékeztettek rá: az évad korábbi kilenc találkozóján együttvéve szedett be hét gólt a zöld-fehér csapat.

A Népszabadság meg is jegyezte: „Most már világossá válik talán, miért kapott az FTC hat gólt a szezon kezdetén Moszkvában, és négyet a Galatasaraytól Isztambulban.” Ugyanakkor leszögezte: „Magyar pályán régóta nem láttunk olyan sok mozgásos, gyors, szemfüles játékot, mint az újra magára találó Tichytől és fiatal kispesti társaitól.”

Tichy Lajos a Hétfői Hírek szerint is a mezőny legjobbja volt, míg a Képes Sport azt írta a Honvéd-fővezérről: „Ciklonokról olvashatunk mostanában. Külföldön becenévvel illetik ezeket a száguldó szeleket: Cindy, Kit, Mamie, Dolly.
<blockquote class="small-quote">Még megérjük, hogy az egyiket majd Lajosnak nevezik.</blockquote>
A Népszava csatlakozott Szepesihez: „A közönség – még a többségben lévő Fradi-szurkolótábor is! – elismeréssel tapsolt a Honvéd ragyogó játékának, amely felidézte az 1950-es évek nagyszerű futballélményeit.”

A Népsport más oldalról is közelített: „A Bp. Honvéd kitűnő teljesítményének a rugója, igenis, a nálunk az utóbbi időben egy kicsit lenézett lelkesedés volt.”

A legszellemesebben – két ferencvárosi drukker képzelt párbeszédével – talán az Esti Hírlap tálalta a találkozót:
<blockquote>– Kinn voltál?

– Onnan jövök. Albert rúgott két olyan gólt, amilyet csak az istenek tudnak rúgni.

– Óriási!

– Mi az, hogy óriási! Eget verő rivalgás, a közönség a pályára tódul, klubzászlókat lenget, kendőt lobogtat, dobálja a kalapját, egyszóval diadalmámor és mennybemenetel. Felejthetetlen percek, a könnyem kicsordult.

– Tehát a Flóri kettőt. No és a Honvéd?

– Ja, hogy a Honvéd? Ők is rúgtak valami hetet... De hát mondd, kit érdekel az?</blockquote>
[prefabricated_shortcode in_app="0" code="%3Cdiv%20class%3D%22article_box_border%22%20style%3D%22background%3A%20url%28%27https%3A%2F%2F24.p3k.hu%2Fapp%2Fuploads%2Fsites%2F24%2F2021%2F05%2Fsport24-pattern.png%27%29%20no-repeat%20left%20-16px%20%23f3f3f4%3B%20border%3A%20none%3B%22%3E%0D%0A%3Cdiv%20class%3D%22article_solidheader%22%3E%0D%0A%3Ch2%20style%3D%22color%3A%20%23111115%21important%3B%20font-size%3A%2036px%3B%20font-weight%3A%20bold%3B%20margin-bottom%3A%2030px%3B%20margin-top%3A%2020px%3B%20text-align%3A%20center%3B%20line-height%3A%2036px%3B%22%3E%3Cimg%20class%3D%22aligncenter%20size-full%20wp-image-141%22%20src%3D%22https%3A%2F%2F24.p3k.hu%2Fapp%2Fuploads%2Fsites%2F24%2F2021%2F05%2Fs24-logo-dt.png%22%20alt%3D%22%22%20width%3D%22408%22%20height%3D%2290%22%20%2F%3E%3C%2Fh2%3E%0D%0A%3Ch2%20style%3D%22color%3A%20%23111115%21important%3B%20font-size%3A%2036px%3B%20font-weight%3A%20bold%3B%20margin-bottom%3A%2030px%3B%20margin-top%3A%2020px%3B%20text-align%3A%20center%3B%20line-height%3A%2040px%3B%22%3ECsatlakozz%20a%20Sport24%20k%C3%B6z%C3%B6ss%C3%A9ghez%2C%20mondd%20el%20v%C3%A9lem%C3%A9nyedet%20z%C3%A1rt%20Facebook-csoportunkban%2C%20%C3%A9s%20vegy%C3%A9l%20r%C3%A9szt%20csak%20el%C5%91fizet%C5%91knek%20el%C3%A9rhet%C5%91%20exkluz%C3%ADv%20esem%C3%A9nyeinken.%3C%2Fh2%3E%0D%0A%3C%2Fdiv%3E%0D%0A%3Cp%20style%3D%22background%3A%20%2357A600%3B%20margin-top%3A%2020px%3B%20padding%3A%2020px%3B%20text-align%3A%20center%3B%22%3E%3Ca%20style%3D%22color%3A%20%23ffffff%3B%20font-size%3A%2026px%3B%20font-weight%3A%20600%3B%22%20href%3D%22https%3A%2F%2Fwww.facebook.com%2Fgroups%2F212344460412327%22%3ECSATLAKOZOM%3C%2Fa%3E%3C%2Fp%3E%0D%0A%0D%0A%3C%2Fdiv%3E"]
