{"version":"1.0","provider_name":"Sport24","provider_url":"https:\/\/sport24.24.hu","author_name":"Bruckner G\u00e1bor","author_url":"https:\/\/sport24.24.hu\/author\/brucknerg\/","title":"Negyven \u00e9ve m\u00e1r: \u201eK\u00f6lniekkel j\u00e1tsz\u00f3 lila t\u00fcnem\u00e9ny\u201d","html":"A brill\u00edroz\u00f3 <strong>T\u00f6r\u0151csik Andr\u00e1s<\/strong> megbabon\u00e1zott h\u00e9tezer n\u00e9z\u0151t \u00e9s egy k\u00f6lni labdar\u00fag\u00f3t. <strong>Paul Steinert<\/strong> az els\u0151 g\u00f3l el\u0151tt sz\u00f3 szerint le\u00fcltette a tr\u00fckk\u00f6s center, pedig okt\u00f3ber m\u00e1sodik fel\u00e9ben m\u00e1r h\u0171v\u00f6sek az est\u00e9k, hideg \u00e9s kem\u00e9ny a talaj. (A Meteorol\u00f3giai Int\u00e9zet jelent\u00e9se szerint \u201et\u00f6bbfel\u00e9 f\u00fajt er\u0151s, id\u0151nk\u00e9nt viharos \u00e9szaki sz\u00e9l\u201d, nyilv\u00e1n ez\u00e9rt volt csak harmadh\u00e1z a Megyeri \u00faton.)\r\n\r\nAz \u00dajpest\u20131. FC K\u00f6ln KEK-p\u00e1rharc es\u00e9lyes\u00e9nek a nyugatn\u00e9met egy\u00fcttest tartott\u00e1k, amely az el\u0151z\u0151 szezonban ez\u00fcst\u00e9rmet \u00e9rdemelt ki a Bundeslig\u00e1ban, \u00e9s elh\u00f3d\u00edtotta az NSZK kup\u00e1j\u00e1t, miut\u00e1n a sz\u00f3 szerint k\u00f6lni d\u00f6nt\u0151ben 1-0-ra legy\u0151zte a v\u00e1rosi riv\u00e1lis Fortun\u00e1t. A helyi vet\u00e9lyt\u00e1rs am\u00fagy a m\u00e1sodoszt\u00e1lyban j\u00e1tszott, de a kupa negyedd\u00f6nt\u0151j\u00e9ben megism\u00e9telt m\u00e9rk\u0151z\u00e9sen kiejtette a M\u00f6nchengladbach, majd a legjobb n\u00e9gy k\u00f6z\u00f6tt 5-0-val (!) a m\u00e1sik Borussia, a Dortmund csapat\u00e1t.\r\n\r\nA M\u00fcngersdorfer stadionban rendezett cs\u00facstal\u00e1lkoz\u00f3 egyetlen g\u00f3lj\u00e1t <strong>Pierre Littbarski<\/strong> szerezte, a Kicker pedig azt \u00edrta r\u00f3la: \u201eA kicsi a legnagyobb.\u201d A sportmagazin vil\u00e1gklassziss\u00e1 nyilv\u00e1n\u00edtotta a sz\u00e9ls\u0151t, aki 1982-ben egy\u00fctt j\u00e1tszott vb-d\u00f6nt\u0151t k\u00e9t klubt\u00e1rs\u00e1val, <strong>Harald Schumacherrel<\/strong> \u00e9s <strong>Klaus Fischerre<\/strong>l, 1986-ban szint\u00e9n vb-ez\u00fcst\u00e9rmet kapott Schumacher \u00e9s az 1980-ban Eb-gy\u0151ztes <strong>Klaus Allofs<\/strong> t\u00e1rsas\u00e1g\u00e1ban, majd 1990-ben vil\u00e1gbajnok lett a Megyeri \u00faton t\u00e9v\u00fatra k\u00fcld\u00f6tt Steinerrel egyetemben.\r\n\r\nA KEK-meccset megel\u0151z\u0151en az \u00dajpest a bajnoks\u00e1gban 2-0-ra nyert az addig veretlen Gy\u0151ri ETO ellen, \u00e9s m\u00e1r akkor \u00fagy v\u00e9lte a N\u00e9psport: \u201eSajn\u00e1lhatj\u00e1k a lila-feh\u00e9r csapat szurkol\u00f3i, hogy ezt az est\u00e9t kihagyt\u00e1k, noha a t\u00e9v\u00e9n is mindent l\u00e1ttak.\u201d\r\n\r\nM\u00e9g ink\u00e1bb b\u00e1nhatt\u00e1k, ami\u00e9rt a \u201ek\u00f6lni\u201d par\u00e1d\u00e9nak nem a helysz\u00ednen tapsoltak. T\u00f6r\u0151csik a sz\u00e9d\u00edt\u0151 cselek ut\u00e1n el\u0151bb <strong>Kiss S\u00e1ndo<\/strong>r fej\u00e9re emelte a labd\u00e1t, majd <strong>Kiszny\u00e9r S\u00e1ndort<\/strong> ind\u00edtotta tan\u00e1rian, \u00e9s a remekel\u0151 lil\u00e1k a sz\u00fcnetben 2-0-ra vezettek. A t\u00e1ncos T\u00f6r\u0151r\u0151l a tollal finom peng\u00e9s <strong>Szab\u00f3 Feren<\/strong>c ekk\u00e9ppen fogalmazott a N\u00e9pszabads\u00e1gban:\r\n<blockquote>Az \u00fajpestiek els\u0151 sz\u00e1m\u00fa j\u00e1t\u00e9kosa k\u00e9t olyan g\u00f3lpasszt adott, amelyet a legrangosabb j\u00e9gkorongbajnoks\u00e1gokban csupa nagybet\u0171vel jegyezn\u00e9nek. Milyen j\u00f3 volna, ha egyszer konzerv\u00e1lni tudn\u00e1 form\u00e1j\u00e1t, s akkor \u00edgy kezd\u0151dne a v\u00e1logatott \u00f6ssze\u00e1ll\u00edt\u00e1sa: T\u00f6r\u0151csik. Majd k\u00f6vetkezne a kapus meg a t\u00f6bbi...<\/blockquote>\r\nEgy \u00f3ra m\u00falt\u00e1n, Kiss \u00fajabb g\u00f3lj\u00e1val m\u00e1r 3-0 volt az \u00e1ll\u00e1s. Az \u00e1llhatatos Steiner sz\u00e9p\u00edtett ugyan, \u00e1m a K\u00f6lner Stadt-Anzeiger \u00edgy \u00edrt a nyugatn\u00e9metekr\u0151l: \u201eHa Schumacher nem v\u00e9d olyan kiv\u00e1l\u00f3an, akkor az els\u0151 hatvan percben ak\u00e1r f\u00e9l tucat g\u00f3lt is kaphattak volna.\u201d\r\n\r\nhttps:\/\/www.youtube.com\/watch?v=P8AQ-jQpZSU\r\n\r\nA tal\u00e1lkoz\u00f3 az 1966-os \u00dajpest\u2013K\u00f6ln V\u00e1s\u00e1rv\u00e1rosok Kup\u00e1ja-m\u00e9rk\u0151z\u00e9sre eml\u00e9keztetett. Hi\u00e1ba j\u00e1tszott akkor is h\u00e1rom vb-ez\u00fcst\u00e9rmes \u2013 <strong>Wolfgang Weber, Hannes L\u00f6hr<\/strong> \u00e9s az 1974-ben vil\u00e1gbajnokk\u00e1 el\u0151l\u00e9p\u0151 <strong>Wolfgang Overath<\/strong> \u2013 a vend\u00e9gcsapatban, a <strong>Szentmih\u00e1lyi \u2013 K\u00e1poszta, Csord\u00e1s, Nosk\u00f3, S\u00f3v\u00e1ri \u2013 Solymosi, G\u00f6r\u00f6cs \u2013 Kuharszki, Bene, Dunai II, Z\u00e1mb\u00f3<\/strong> \u00f6sszet\u00e9tel\u0171 lil\u00e1k nagyszer\u0171 j\u00e1t\u00e9kkal 4-0-ra nyertek.\r\n\r\nTizenh\u00e9t esztend\u0151vel k\u00e9s\u0151bb <strong>Szendrei \u2013 Kozma, Kov\u00e1cs J\u00f3zsef, Sarl\u00f3s, T\u00f3th J\u00f3zsef \u2013 Kardos, Steidl,<\/strong> Kiszny\u00e9r \u2013 Kiss S\u00e1ndor, T\u00f6r\u0151csik, <strong>Fekete<\/strong> volt az \u00f6ssze\u00e1ll\u00edt\u00e1s, a dupl\u00e1z\u00f3 Kiss pedig azt mes\u00e9lte: \u201eEngem a vezet\u0151s\u00e9g majdnem minden \u00e9vad v\u00e9g\u00e9n el akart cser\u00e9lni egy-egy m\u00e1sik j\u00e1t\u00e9kos\u00e9rt. <strong>Temesv\u00e1ri Mikl\u00f3<\/strong>s edz\u0151 volt az, aki ragaszkodott hozz\u00e1m.\u201d\r\n<div class=\"payable-content-section\"><\/div>\r\nFekete L\u00e1szl\u00f3 el is igazolt a Megyeri \u00fatr\u00f3l, miut\u00e1n t\u00e9rds\u00e9r\u00fcl\u00e9se csak lassan j\u00f6tt rendbe, \u00e9s az \u00fajpesti klubvezet\u00e9s k\u00f6ny\u00f6rtelen\u00fcl lemondott r\u00f3la. Egy \u00e9vet az NB II-ben j\u00e1tszott, a Vol\u00e1nt visszaseg\u00edtette az \u00e9lvonalba. Azt\u00e1n 1983 nyar\u00e1n nemhogy hazah\u00edvt\u00e1k \u00dajpestre, de megtett\u00e9k csapatkapit\u00e1nynak.\r\n\r\nEz\u00fattal helyesen cselekedtek, mert\r\n\r\n<span class=\"highlight-block\">a csat\u00e1r f\u0151szerepet alak\u00edtott november 2-\u00e1n, a KEK-visszav\u00e1g\u00f3 napj\u00e1n, <\/span>\r\n\r\namikor a Minisztertan\u00e1cs kinevezte az Orsz\u00e1gos Testnevel\u00e9si \u00e9s Sporthivatal k\u00e9t eln\u00f6khelyettes\u00e9t, <strong>Aj\u00e1n Tam\u00e1st<\/strong> \u00e9s <strong>Schmitt P\u00e1lt<\/strong>. Noha az id\u0151 k\u00f6zben k\u00f6lni edz\u0151v\u00e9 \u00f6reged\u0151 L\u00f6hr azt mondta, hogy \u201eaz 1-3 ellen\u00e9re sem lehet k\u00e9ts\u00e9ges a tov\u00e1bbjut\u00e1sunk\u201d, Szab\u00f3 koll\u00e9g\u00e1m megint sz\u00e1rnyalhatott, \u00e9s az \u00fajabb alkalmat sem mulasztotta el, mert azt jelentette az NSZK-b\u00f3l: \u201eK\u00f6lniekkel j\u00e1tsz\u00f3 lila t\u00fcnem\u00e9ny.\u201d\r\n\r\n<img class=\"aligncenter size-full wp-image-10494\" src=\"https:\/\/sport24.24.hu\/app\/uploads\/sites\/24\/2023\/10\/nemzetisport_1983_11__pages15-15.png\" alt=\"\" width=\"1597\" height=\"1085\" \/>\r\n\r\nA bemond\u00e1s nem teljesen fedte a val\u00f3s\u00e1got, mivel \u00f6ng\u00f3lj\u00e1ra rendes g\u00f3llal v\u00e1laszolt <strong>Gerd Strack<\/strong>, azt\u00e1n Littbarski k\u00fcld\u00f6tt a kapuba egy legur\u00edtott szabadr\u00fag\u00e1st, majd Klaus Allofs a m\u00e1sodik f\u00e9lid\u0151 harmadik perc\u00e9ben be\u00e1ll\u00edtotta az \u00fajpesti eredm\u00e9nyt, pontosabban annak ford\u00edtottj\u00e1t (3-1). N\u00e9gy perccel k\u00e9s\u0151bb Littbarski kettesben maradt Szendrei J\u00f3zseffel, de a hol \u201eFernandelnek\u201d, hol \u201eCs\u00e1mpinak\u201d bec\u00e9zett v\u00e1logatott kapus brav\u00farosan mentett.\r\n\r\n\u00c1m nem lehetett fell\u00e9legezni: a 65. percben Sarl\u00f3s Andr\u00e1s elbuktatta Fischert, mire <strong>Svein Inge Thime<\/strong> norv\u00e9g j\u00e1t\u00e9kvezet\u0151 \u2013 civilben sport\u00fajs\u00e1g\u00edr\u00f3 \u2013 m\u00e1sodik s\u00e1rga lappal ki\u00e1ll\u00edtotta a v\u00e9d\u0151t. \u00dagy tetszett, elsz\u00e1llt minden rem\u00e9ny.\r\n\r\nH\u00e1rom perccel ezut\u00e1n azonban Kardos J\u00f3zsef el\u0151ret\u00f6rt, be\u00edvelt, \u00e9s Fekete \u201eGoly\u00f3\u201d pomp\u00e1s vet\u0151d\u00e9ses fejessel lepte meg Schumachert (3-2). A sz\u00e9p\u00edt\u00e9s annyit tett, hogy a k\u00f6lnieknek legal\u00e1bb k\u00e9t g\u00f3lt kellett m\u00e9g szerezni\u00fck a tov\u00e1bbjut\u00e1shoz, de Klaus Allofs r\u00e9v\u00e9n csak egyet \u00e9rtek el (4-2).\r\n\r\n<span class=\"highlight-block\">Az \u00fajpesti \u00f6r\u00f6m \u00f3ri\u00e1si, az eredm\u00e9ny \u00e9rt\u00e9ke nagy volt, hiszen a K\u00f6ln akkoriban t\u00f6bbsz\u00f6r is bombaform\u00e1ban mozgott: <\/span>\r\n\r\na KEK els\u0151 fordul\u00f3j\u00e1ban a Wacker Innsbruckot 7-1-re, a bajnoks\u00e1gban az Eintracht Frankfurtot 7-0-ra verte, a kett\u0151 k\u00f6z\u00f6tt pedig a Bundeslig\u00e1ban 2-0-ra legy\u0151zte a Bayern M\u00fcnchent. Igaz, a lila sokk ut\u00e1n csak egy meccset nyert az \u0151sszel, \u00e9s v\u00e9g\u00fcl a hatodik helyen z\u00e1rta az \u00e9vadot.\r\n\r\nAz \u00dajpest negyedik lett a Honv\u00e9d, a Gy\u0151r \u00e9s a Videoton m\u00f6g\u00f6tt. A KEK-ben a legjobb nyolcig jutott, a negyedd\u00f6nt\u0151ben az itthoni 2-0 ut\u00e1n sz\u00e1zh\u00fasz perces k\u00fczdelemben 3-0-ra kikapott a c\u00edmv\u00e9d\u0151 \u2013 az 1983-as d\u00f6nt\u0151ben a Real Madridot legy\u0151z\u0151 \u2013 Aberdeent\u0151l.\r\n\r\nDe t\u00e9nyez\u0151, s\u0151t sz\u00ednfolt volt, az biztos.\r\n\r\n[prefabricated_shortcode in_app=\"0\" code=\"%3Cdiv%20class%3D%22article_box_border%22%20style%3D%22background%3A%20url%28%27https%3A%2F%2F24.p3k.hu%2Fapp%2Fuploads%2Fsites%2F24%2F2021%2F05%2Fsport24-pattern.png%27%29%20no-repeat%20left%20-16px%20%23f3f3f4%3B%20border%3A%20none%3B%22%3E%0D%0A%3Cdiv%20class%3D%22article_solidheader%22%3E%0D%0A%3Ch2%20style%3D%22color%3A%20%23111115%21important%3B%20font-size%3A%2036px%3B%20font-weight%3A%20bold%3B%20margin-bottom%3A%2030px%3B%20margin-top%3A%2020px%3B%20text-align%3A%20center%3B%20line-height%3A%2036px%3B%22%3E%3Cimg%20class%3D%22aligncenter%20size-full%20wp-image-141%22%20src%3D%22https%3A%2F%2F24.p3k.hu%2Fapp%2Fuploads%2Fsites%2F24%2F2021%2F05%2Fs24-logo-dt.png%22%20alt%3D%22%22%20width%3D%22408%22%20height%3D%2290%22%20%2F%3E%3C%2Fh2%3E%0D%0A%3Ch2%20style%3D%22color%3A%20%23111115%21important%3B%20font-size%3A%2036px%3B%20font-weight%3A%20bold%3B%20margin-bottom%3A%2030px%3B%20margin-top%3A%2020px%3B%20text-align%3A%20center%3B%20line-height%3A%2040px%3B%22%3ECsatlakozz%20a%20Sport24%20k%C3%B6z%C3%B6ss%C3%A9ghez%2C%20mondd%20el%20v%C3%A9lem%C3%A9nyedet%20z%C3%A1rt%20Facebook-csoportunkban%2C%20%C3%A9s%20vegy%C3%A9l%20r%C3%A9szt%20csak%20el%C5%91fizet%C5%91knek%20el%C3%A9rhet%C5%91%20exkluz%C3%ADv%20esem%C3%A9nyeinken.%3C%2Fh2%3E%0D%0A%3C%2Fdiv%3E%0D%0A%3Cp%20style%3D%22background%3A%20%2357A600%3B%20margin-top%3A%2020px%3B%20padding%3A%2020px%3B%20text-align%3A%20center%3B%22%3E%3Ca%20style%3D%22color%3A%20%23ffffff%3B%20font-size%3A%2026px%3B%20font-weight%3A%20600%3B%22%20href%3D%22https%3A%2F%2Fwww.facebook.com%2Fgroups%2F212344460412327%22%3ECSATLAKOZOM%3C%2Fa%3E%3C%2Fp%3E%0D%0A%0D%0A%3C%2Fdiv%3E\"]","type":"rich","thumbnail_url":"https:\/\/s.24.hu\/app\/uploads\/sites\/24\/2023\/10\/00arcanum_-150x150.jpg","thumbnail_width":150,"thumbnail_height":150}

Bruckner Gábor

Negyven éve már: „Kölniekkel játszó lila tünemény”

A brillírozó <strong>Törőcsik András</strong> megbabonázott hétezer nézőt és egy kölni labdarúgót. <strong>Paul Steinert</strong> az első gól előtt szó szerint leültette a trükkös center, pedig október második felében már hűvösek az esték, hideg és kemény a talaj. (A Meteorológiai Intézet jelentése szerint „többfelé fújt erős, időnként viharos északi szél”, nyilván ezért volt csak harmadház a Megyeri úton.)

Az Újpest–1. FC Köln KEK-párharc esélyesének a nyugatnémet együttest tartották, amely az előző szezonban ezüstérmet érdemelt ki a Bundesligában, és elhódította az NSZK kupáját, miután a szó szerint kölni döntőben 1-0-ra legyőzte a városi rivális Fortunát. A helyi vetélytárs amúgy a másodosztályban játszott, de a kupa negyeddöntőjében megismételt mérkőzésen kiejtette a Mönchengladbach, majd a legjobb négy között 5-0-val (!) a másik Borussia, a Dortmund csapatát.

A Müngersdorfer stadionban rendezett csúcstalálkozó egyetlen gólját <strong>Pierre Littbarski</strong> szerezte, a Kicker pedig azt írta róla: „A kicsi a legnagyobb.” A sportmagazin világklasszissá nyilvánította a szélsőt, aki 1982-ben együtt játszott vb-döntőt két klubtársával, <strong>Harald Schumacherrel</strong> és <strong>Klaus Fischerre</strong>l, 1986-ban szintén vb-ezüstérmet kapott Schumacher és az 1980-ban Eb-győztes <strong>Klaus Allofs</strong> társaságában, majd 1990-ben világbajnok lett a Megyeri úton tévútra küldött Steinerrel egyetemben.

A KEK-meccset megelőzően az Újpest a bajnokságban 2-0-ra nyert az addig veretlen Győri ETO ellen, és már akkor úgy vélte a Népsport: „Sajnálhatják a lila-fehér csapat szurkolói, hogy ezt az estét kihagyták, noha a tévén is mindent láttak.”

Még inkább bánhatták, amiért a „kölni” parádénak nem a helyszínen tapsoltak. Törőcsik a szédítő cselek után előbb <strong>Kiss Sándo</strong>r fejére emelte a labdát, majd <strong>Kisznyér Sándort</strong> indította tanárian, és a remekelő lilák a szünetben 2-0-ra vezettek. A táncos Törőről a tollal finom pengés <strong>Szabó Feren</strong>c ekképpen fogalmazott a Népszabadságban:
<blockquote>Az újpestiek első számú játékosa két olyan gólpasszt adott, amelyet a legrangosabb jégkorongbajnokságokban csupa nagybetűvel jegyeznének. Milyen jó volna, ha egyszer konzerválni tudná formáját, s akkor így kezdődne a válogatott összeállítása: Törőcsik. Majd következne a kapus meg a többi...</blockquote>
Egy óra múltán, Kiss újabb góljával már 3-0 volt az állás. Az állhatatos Steiner szépített ugyan, ám a Kölner Stadt-Anzeiger így írt a nyugatnémetekről: „Ha Schumacher nem véd olyan kiválóan, akkor az első hatvan percben akár fél tucat gólt is kaphattak volna.”

https://www.youtube.com/watch?v=P8AQ-jQpZSU

A találkozó az 1966-os Újpest–Köln Vásárvárosok Kupája-mérkőzésre emlékeztetett. Hiába játszott akkor is három vb-ezüstérmes – <strong>Wolfgang Weber, Hannes Löhr</strong> és az 1974-ben világbajnokká előlépő <strong>Wolfgang Overath</strong> – a vendégcsapatban, a <strong>Szentmihályi – Káposzta, Csordás, Noskó, Sóvári – Solymosi, Göröcs – Kuharszki, Bene, Dunai II, Zámbó</strong> összetételű lilák nagyszerű játékkal 4-0-ra nyertek.

Tizenhét esztendővel később <strong>Szendrei – Kozma, Kovács József, Sarlós, Tóth József – Kardos, Steidl,</strong> Kisznyér – Kiss Sándor, Törőcsik, <strong>Fekete</strong> volt az összeállítás, a duplázó Kiss pedig azt mesélte: „Engem a vezetőség majdnem minden évad végén el akart cserélni egy-egy másik játékosért. <strong>Temesvári Mikló</strong>s edző volt az, aki ragaszkodott hozzám.”
<div class="payable-content-section"></div>
Fekete László el is igazolt a Megyeri útról, miután térdsérülése csak lassan jött rendbe, és az újpesti klubvezetés könyörtelenül lemondott róla. Egy évet az NB II-ben játszott, a Volánt visszasegítette az élvonalba. Aztán 1983 nyarán nemhogy hazahívták Újpestre, de megtették csapatkapitánynak.

Ezúttal helyesen cselekedtek, mert

<span class="highlight-block">a csatár főszerepet alakított november 2-án, a KEK-visszavágó napján, </span>

amikor a Minisztertanács kinevezte az Országos Testnevelési és Sporthivatal két elnökhelyettesét, <strong>Aján Tamást</strong> és <strong>Schmitt Pált</strong>. Noha az idő közben kölni edzővé öregedő Löhr azt mondta, hogy „az 1-3 ellenére sem lehet kétséges a továbbjutásunk”, Szabó kollégám megint szárnyalhatott, és az újabb alkalmat sem mulasztotta el, mert azt jelentette az NSZK-ból: „Kölniekkel játszó lila tünemény.”

<img class="aligncenter size-full wp-image-10494" src="https://sport24.24.hu/app/uploads/sites/24/2023/10/nemzetisport_1983_11__pages15-15.png" alt="" width="1597" height="1085" />

A bemondás nem teljesen fedte a valóságot, mivel öngóljára rendes góllal válaszolt <strong>Gerd Strack</strong>, aztán Littbarski küldött a kapuba egy legurított szabadrúgást, majd Klaus Allofs a második félidő harmadik percében beállította az újpesti eredményt, pontosabban annak fordítottját (3-1). Négy perccel később Littbarski kettesben maradt Szendrei Józseffel, de a hol „Fernandelnek”, hol „Csámpinak” becézett válogatott kapus bravúrosan mentett.

Ám nem lehetett fellélegezni: a 65. percben Sarlós András elbuktatta Fischert, mire <strong>Svein Inge Thime</strong> norvég játékvezető – civilben sportújságíró – második sárga lappal kiállította a védőt. Úgy tetszett, elszállt minden remény.

Három perccel ezután azonban Kardos József előretört, beívelt, és Fekete „Golyó” pompás vetődéses fejessel lepte meg Schumachert (3-2). A szépítés annyit tett, hogy a kölnieknek legalább két gólt kellett még szerezniük a továbbjutáshoz, de Klaus Allofs révén csak egyet értek el (4-2).

<span class="highlight-block">Az újpesti öröm óriási, az eredmény értéke nagy volt, hiszen a Köln akkoriban többször is bombaformában mozgott: </span>

a KEK első fordulójában a Wacker Innsbruckot 7-1-re, a bajnokságban az Eintracht Frankfurtot 7-0-ra verte, a kettő között pedig a Bundesligában 2-0-ra legyőzte a Bayern Münchent. Igaz, a lila sokk után csak egy meccset nyert az ősszel, és végül a hatodik helyen zárta az évadot.

Az Újpest negyedik lett a Honvéd, a Győr és a Videoton mögött. A KEK-ben a legjobb nyolcig jutott, a negyeddöntőben az itthoni 2-0 után százhúsz perces küzdelemben 3-0-ra kikapott a címvédő – az 1983-as döntőben a Real Madridot legyőző – Aberdeentől.

De tényező, sőt színfolt volt, az biztos.

[prefabricated_shortcode in_app="0" code="%3Cdiv%20class%3D%22article_box_border%22%20style%3D%22background%3A%20url%28%27https%3A%2F%2F24.p3k.hu%2Fapp%2Fuploads%2Fsites%2F24%2F2021%2F05%2Fsport24-pattern.png%27%29%20no-repeat%20left%20-16px%20%23f3f3f4%3B%20border%3A%20none%3B%22%3E%0D%0A%3Cdiv%20class%3D%22article_solidheader%22%3E%0D%0A%3Ch2%20style%3D%22color%3A%20%23111115%21important%3B%20font-size%3A%2036px%3B%20font-weight%3A%20bold%3B%20margin-bottom%3A%2030px%3B%20margin-top%3A%2020px%3B%20text-align%3A%20center%3B%20line-height%3A%2036px%3B%22%3E%3Cimg%20class%3D%22aligncenter%20size-full%20wp-image-141%22%20src%3D%22https%3A%2F%2F24.p3k.hu%2Fapp%2Fuploads%2Fsites%2F24%2F2021%2F05%2Fs24-logo-dt.png%22%20alt%3D%22%22%20width%3D%22408%22%20height%3D%2290%22%20%2F%3E%3C%2Fh2%3E%0D%0A%3Ch2%20style%3D%22color%3A%20%23111115%21important%3B%20font-size%3A%2036px%3B%20font-weight%3A%20bold%3B%20margin-bottom%3A%2030px%3B%20margin-top%3A%2020px%3B%20text-align%3A%20center%3B%20line-height%3A%2040px%3B%22%3ECsatlakozz%20a%20Sport24%20k%C3%B6z%C3%B6ss%C3%A9ghez%2C%20mondd%20el%20v%C3%A9lem%C3%A9nyedet%20z%C3%A1rt%20Facebook-csoportunkban%2C%20%C3%A9s%20vegy%C3%A9l%20r%C3%A9szt%20csak%20el%C5%91fizet%C5%91knek%20el%C3%A9rhet%C5%91%20exkluz%C3%ADv%20esem%C3%A9nyeinken.%3C%2Fh2%3E%0D%0A%3C%2Fdiv%3E%0D%0A%3Cp%20style%3D%22background%3A%20%2357A600%3B%20margin-top%3A%2020px%3B%20padding%3A%2020px%3B%20text-align%3A%20center%3B%22%3E%3Ca%20style%3D%22color%3A%20%23ffffff%3B%20font-size%3A%2026px%3B%20font-weight%3A%20600%3B%22%20href%3D%22https%3A%2F%2Fwww.facebook.com%2Fgroups%2F212344460412327%22%3ECSATLAKOZOM%3C%2Fa%3E%3C%2Fp%3E%0D%0A%0D%0A%3C%2Fdiv%3E"]
