{"version":"1.0","provider_name":"Sport24","provider_url":"https:\/\/sport24.24.hu","author_name":"Dajka Bal\u00e1zs","author_url":"https:\/\/sport24.24.hu\/author\/dajkab\/","title":"Val\u00f3j\u00e1ban semmi meglep\u0151 nincs abban, hogy a Juve kiv\u00e1gta a csapatkapit\u00e1ny\u00e1t","html":"A Juve sosem volt sz\u00edvbajos, ha saj\u00e1t klublegend\u00e1ir\u00f3l volt sz\u00f3. <strong>Alessandro Del Pier\u00f3t<\/strong> p\u00e9ld\u00e1ul utols\u00f3 szezonja elej\u00e9n egy r\u00e9szv\u00e9nyeseknek tartott el\u0151ad\u00e1son \u201er\u00fagta ki\u201d <strong>Andrea Agnelli<\/strong> eln\u00f6k, de <strong>Gigi Buffonnal<\/strong> is k\u00f6z\u00f6lt\u00e9k h\u00e1rom \u00e9ve, hogy maradhat a csapatn\u00e1l \u2013 a fizet\u00e9se t\u00f6red\u00e9k\u00e9\u00e9rt \u00e9s m\u00e1sodik sz\u00e1m\u00fa kapusk\u00e9nt. Bonucci preszt\u00edzse \u00e9s reput\u00e1ci\u00f3ja a k\u00e9t eml\u00edtett j\u00e1t\u00e9koshoz k\u00e9pest kismiska, de nemcsak<a href=\"https:\/\/rangado.24.hu\/nemzetkozi_foci\/2023\/07\/14\/juventus-leonardo-bonucci-kikerult-a-keretbol\/\"> ez\u00e9rt j\u00e1rt \u00fagy, ahogy<\/a>.\r\n\r\nAk\u00e1rhogy n\u00e9zz\u00fck, a k\u00f6z\u00e9ph\u00e1tv\u00e9d ideje \u2013 a legmagasabb szinten legal\u00e1bbis biztosan \u2013 lej\u00e1rt. S\u0151t, nem is most ny\u00e1ron d\u00f6bbent r\u00e1 a futballvil\u00e1g, hogy a 2020-as (de 2021-ben tartott) Eur\u00f3pa-bajnoki c\u00edm ut\u00e1n sz\u00e9lsebesen vissza kellett volna vonulnia. Tulajdonk\u00e9ppen m\u00e1r az is csoda, hogy a tavalyi szezont a klub k\u00f6tel\u00e9k\u00e9ben t\u00f6lt\u00f6tte, b\u00e1r s\u00e9r\u00fcl\u00e9s miatt szinte az eg\u00e9sz id\u00e9nyt kihagyta.\r\n\r\n<span class=\"highlight-block-small\">\u00c9s m\u00e9g azok voltak a jobb id\u0151szakok, amikor nem l\u00e9pett p\u00e1ly\u00e1ra.\u00a0<\/span>\r\n<h2>Egy nagyon nem olasz k\u00f6z\u00e9ph\u00e1tv\u00e9d<\/h2>\r\nBonuccit a valaha volt legnagyobb v\u00e9d\u0151k k\u00f6z\u00f6tt emlegetn\u00e9nk, ha harminc \u00e9vvel kor\u00e1bban sz\u00fcletik. Sajnos azonban a s\u00f6pr\u00f6get\u0151re (liber\u00f3ra) \u00e9p\u00edt\u0151 catenacci\u00f3nak, majd ut\u00f3dj\u00e1nak, a vegyes z\u00f3n\u00e1s v\u00e9dekez\u00e9snek a 90-es \u00e9vekre bealkonyult. S\u0151t, egy id\u0151re a h\u00e1romv\u00e9d\u0151s rendszert is elengedte a nemzetk\u00f6zi futball, \u00edgy a k\u00f6z\u00e9ph\u00e1tv\u00e9dek szerepk\u00f6re, illetve k\u00edv\u00e1natos k\u00e9szs\u00e9gk\u00e9szlete is alaposan megv\u00e1ltozott.\r\n\r\nAmikor az ortodox catenacci\u00f3b\u00f3l \u2013 <strong>Gigi Radice<\/strong> \u00e9s <strong>Giovanni Trapattoni<\/strong> munk\u00e1ss\u00e1g\u00e1nak k\u00f6sz\u00f6nhet\u0151en \u2013 kifejl\u0151d\u00f6tt az Il gioco all\u2019Italiana (az Olasz J\u00e1t\u00e9krendszer), a s\u00f6pr\u00f6get\u0151k egy \u00faj gener\u00e1ci\u00f3ja l\u00e1tta meg a napvil\u00e1got. Ezek a k\u00f6z\u00e9ph\u00e1tv\u00e9dek m\u00e1r nemcsak a v\u00e9delem m\u00f6g\u00f6tt j\u00e1r\u0151r\u00f6z\u0151, szabadon (azaz dedik\u00e1lt ember n\u00e9lk\u00fcl) v\u00e9dekez\u0151 j\u00e1t\u00e9kosok voltak, hanem labdaszerz\u00e9s ut\u00e1n a k\u00f6z\u00e9pp\u00e1ly\u00e1ra fell\u00e9p\u0151, a t\u00e1mad\u00e1sokat ak\u00e1r r\u00f6vid, ak\u00e1r hossz\u00fa passzokkal elind\u00edt\u00f3 m\u00e9lys\u00e9gi ir\u00e1ny\u00edt\u00f3k lettek bel\u0151l\u00fck.\r\n\r\n<span class=\"highlight-block-small\">Ennek az archet\u00edpusnak a t\u00f6k\u00e9letes megtestes\u00edt\u0151je volt Leonardo Bonucci.<\/span>\r\n\r\nA j\u00e1t\u00e9kos legf\u0151bb \u2013 s\u0151t, tal\u00e1n egyetlen \u2013 er\u0151ss\u00e9ge kiv\u00e1l\u00f3 r\u00fag\u00f3technik\u00e1ja volt, a v\u00e9d\u0151kt\u0151l elv\u00e1rt tov\u00e1bbi k\u00e9szs\u00e9gnek azonban nagyon is h\u00edj\u00e1n volt: nem volt gyors (hagyjuk az eufemizmust: tet\u0171lass\u00fa volt), a ritmus\u00e9rz\u00e9ke sem volt az igazi, egy az egyben pedig eg\u00e9szen elborzaszt\u00f3 statisztik\u00e1kat produk\u00e1lt. Volt olyan szezon, amikor p\u00e1rharcai mind\u00f6ssze 30 sz\u00e1zal\u00e9k\u00e1t nyerte meg a 16-oson bel\u00fcl, ami d\u00f6bbenetes statisztikai adat.\r\n\r\nHogy lehetett m\u00e9gis a zsin\u00f3rban kilenc bajnoki c\u00edmet nyer\u0151 \u00e9s k\u00e9t BL-d\u00f6nt\u0151t j\u00e1tsz\u00f3 Juventus oszlopos tagja? Nagyon egyszer\u0171: el\u0151sz\u00f6r is <strong>Antonio Conte<\/strong>, majd <strong>Max Allegri<\/strong> is legt\u00f6bbsz\u00f6r h\u00e1romv\u00e9d\u0151s rendszerben j\u00e1tszatta a Juventust, amelynek k\u00f6zep\u00e9n Bonuccinak nem kellett sok p\u00e1rharcot v\u00edvnia. M\u00e1sodszor: olyan t\u00e1rsak j\u00e1tszottak mellette <strong>Giorgio Chiellini<\/strong> \u00e9s <strong>Andrea Barzagli<\/strong> szem\u00e9ly\u00e9ben, akik a Bonuccib\u00f3l hi\u00e1nyz\u00f3 k\u00e9szs\u00e9gek felkent nagyk\u00f6vetei voltak: gyorsak, er\u0151szakosak, kem\u00e9nyek, egy az egyben verhetetlenek, fejp\u00e1rbajokat csak s\u00e1toros \u00fcnnepeken vesz\u00edt\u0151, igazi olasz v\u00e9d\u0151k.\r\n<div class=\"payable-content-section\"><\/div>\r\n<h2>Nem az edz\u0151 kedvence<\/h2>\r\nIgazs\u00e1gtalan vagyok, ha nem \u00edrom Bonucci jav\u00e1ra, hogy v\u00e9ns\u00e9g\u00e9re (vagyis 30 k\u00f6rny\u00e9k\u00e9n) eg\u00e9szen j\u00f3l r\u00e1\u00e9rzett a n\u00e9gyv\u00e9d\u0151s rendszerre is, a legut\u00f3bbi Eur\u00f3pa-bajnoks\u00e1gon, vagy a kor\u00e1bbi BL-szezonban is kimondottan j\u00f3l j\u00e1tszott Chiellini mellett, de ilyenkor az\u00e9rt gyakrabban jelentkeztek a hi\u00e1nyoss\u00e1gai, f\u0151leg a p\u00e1rharcokban.\r\n\r\nAllegri pontosan l\u00e1tta ezt m\u00e1r akkor is, amikor Bonucci m\u00e9g a legjobb korban volt.\r\n\r\n<span class=\"highlight-block-small\">Ahogy a 2015-ben elbukott BL-d\u00f6nt\u0151t <strong>Arturo Vidalon<\/strong>, \u00fagy a 2017-es vesztes fin\u00e1l\u00e9t Bonuccin verte el \u2013 jegyezz\u00fck meg: egyik d\u00f6nt\u00e9se sem volt alaptalan \u2013, \u00e9s a chilei k\u00f6z\u00e9pp\u00e1ly\u00e1s ut\u00e1n az olasz v\u00e9d\u0151 is hirtelen a kapun k\u00edv\u00fcl tal\u00e1lta mag\u00e1t.<\/span>\r\n\r\nA Milanhoz val\u00f3 szerz\u0151d\u00e9se torin\u00f3i szempontb\u00f3l valami fergeteges volt: a csetl\u0151-botl\u00f3, b\u00e9n\u00e1z\u00f3 h\u00e1tv\u00e9d rettenetes szezont futott Mil\u00e1n\u00f3ban, amit a Juve elleni Olasz Kupa-d\u00f6nt\u0151vel tet\u0151z\u00f6tt be. Bonucci p\u00e1lyafut\u00e1s\u00e1nak egyik legkellemetlenebb meccs\u00e9n a Juventus a f\u00f6ldbe d\u00f6ng\u00f6lte ellenfel\u00e9t.\r\n\r\nhttps:\/\/www.youtube.com\/watch?v=qd3RlX1u2m4&amp;t=29s\r\n\r\nAnn\u00e1l \u00e9rthetetlenebb volt, hogy a 42 milli\u00f3 eur\u00f3\u00e9rt eladott v\u00e9d\u0151t egy \u00e9vvel k\u00e9s\u0151bb 35-\u00e9rt visszav\u00e1s\u00e1rolta a Juve (val\u00f3sz\u00edn\u0171leg szerepet j\u00e1tszott a transzferben, hogy a torin\u00f3iak k\u00e9ts\u00e9gbeesetten pr\u00f3b\u00e1ltak megszabadulni <strong>Gonzalo Higua\u00ednt\u00f3l,<\/strong> akit a Milan vett k\u00f6lcs\u00f6n), k\u00fcl\u00f6n\u00f6s tekintettel arra, hogy Allegri kifejezetten haragtart\u00f3 t\u00edpus. Bonucci meg \u00f6ssze-vissza besz\u00e9lt a nyilatkozataiban, amikor a Milanhoz igazolt, \u00e9s a szurkol\u00f3kn\u00e1l sem csap\u00f3dott le j\u00f3l, hogy a piros-feket\u00e9kn\u00e9l is csapatkapit\u00e1ny lett.\r\n<h2>Furcsa id\u0151z\u00edt\u00e9s \u2013 de nem oktalan<\/h2>\r\nFelmer\u00fclhet a k\u00e9rd\u00e9s, hogy ha m\u00e1r Max Allegri ir\u00e1ny\u00edt\u00e1sa alatt a catenaccio legs\u00f6t\u00e9tebb napjait id\u00e9z\u0151, kiz\u00e1r\u00f3lag a v\u00e9dekez\u00e9sre f\u00f3kusz\u00e1l\u00f3, r\u00e1ad\u00e1sul h\u00e1romv\u00e9d\u0151s fel\u00e1ll\u00e1sban j\u00e1tszik a Juventus, akkor mi\u00e9rt kell kiadni a v\u00e9d\u0151 \u00fatj\u00e1t. Nem lehet, hogy pont az\u00e9rt nem m\u0171k\u00f6dtek tavaly a labdakihozatalok, mert nem volt egy j\u00f3l passzol\u00f3 v\u00e9d\u0151 a csapatban? Mi lesz a t\u00f6rt\u00e9nete sor\u00e1n kiz\u00e1r\u00f3lag olasz csapatkapit\u00e1nyokkal oper\u00e1l\u00f3 klub hierarchi\u00e1j\u00e1val? Ki lesz az \u00f6lt\u00f6z\u0151 vez\u00e9re a nagyhang\u00fa, a vez\u00e9rattit\u0171d\u00f6t abszol\u00fat mag\u00e1\u00e9nak vall\u00f3 Bonucci n\u00e9lk\u00fcl?\r\n\r\nA fenti k\u00e9rd\u00e9sekre adhat\u00f3 v\u00e1laszok mind azt mutatj\u00e1k, hogy a j\u00e1t\u00e9kos elk\u00fcld\u00e9se nagyon is megalapozott. El\u0151sz\u00f6r is: a Juve tavaly 50 milli\u00f3 eur\u00f3t fizetett a Torin\u00f3nak Gleison <strong>Bremer\u00e9rt<\/strong>, aki szint\u00e9n a v\u00e9delem k\u00f6zep\u00e9n \u00e9rzi j\u00f3l mag\u00e1t, cser\u00e9be egy sz\u00f6rnyeteg a 16-oson bel\u00fcl, lehetetlen lefutni, lebirk\u00f3zni, lefejelni, \u00edgy \u00e9sszer\u0171 kompromisszumnak t\u0171nik, hogy cser\u00e9be s\u00edr a labda a l\u00e1b\u00e1n. Bonucci egy\u00e9bk\u00e9nt is rettenetes volt azon a t\u00edz meccsen, amin p\u00e1ly\u00e1ra l\u00e9pett, egy pillanatra sem k\u00e9rd\u00e9s, hogy a csapat jobb Bremerrel a v\u00e9delem k\u00f6zep\u00e9n.\r\n\r\n<span class=\"highlight-block-small\">M\u00e1sr\u00e9szt \u2013 b\u00e1r cseppet sem m\u00e1sodlagos m\u00f3don, hiszen ez most a legfontosabb szempont Torin\u00f3ban \u2013 a v\u00e9d\u0151 irgalmatlan sokat keres: a csapat harmadik legjobban fizetett j\u00e1t\u00e9kosak\u00e9nt \u00e9vi hatmilli\u00f3 eur\u00f3t tesz zsebre.<\/span>\r\n\r\nEz jelen pillanatban nem megengedhet\u0151, hiszen az olasz sz\u00f6vets\u00e9g \u00e9s az UEFA \u00e1ltal is sanyargatott klub a BL-p\u00e9nzek n\u00e9lk\u00fcl egy\u00e9bk\u00e9nt is el\u00e9g nagy bajban van, \u00e9s az idei \u00e1tigazol\u00e1si piacon ennek megfelel\u0151en \u00fagy mozog, mintha az lenne az egyetlen c\u00e9lja, hogy a kiad\u00e1sait cs\u00f6kkentse.\r\n\r\nA h\u00e1rom \u00e9vvel ezel\u0151tt a fizet\u00e9sekre m\u00e9g \u00e9vi 230 milli\u00f3 eur\u00f3t k\u00f6lt\u0151 Juve tavaly m\u00e1r csak 150-et volt k\u00e9nytelen kiutalni, \u00e1m ha igazak a h\u00edrek a piack\u00e9pes j\u00e1t\u00e9kosok \u00e9rt\u00e9kes\u00edt\u00e9s\u00e9r\u0151l, ez az \u00f6sszeg m\u00e9g lejjebb mehet. \u00c9s amikor a klub a legnagyobb \u00e9rt\u00e9keit, <strong>Dusan Vlahovicot<\/strong>, <strong>Federico Chies\u00e1t<\/strong> vagy Bremert aj\u00e1nlgatja a Premier League-be, m\u00e1r nem is olyan meglep\u0151, hogy a 36 \u00e9ves, s\u00e9r\u00fcl\u00e9keny k\u00f6z\u00e9ph\u00e1tv\u00e9dj\u00e9re nem tart ig\u00e9nyt a klub.","type":"rich","thumbnail_url":"https:\/\/s.24.hu\/app\/uploads\/sites\/24\/2023\/07\/075_cinquetti-atalanta230507_npzkn-150x150.jpg","thumbnail_width":150,"thumbnail_height":150}

Dajka Balázs

Valójában semmi meglepő nincs abban, hogy a Juve kivágta a csapatkapitányát

A Juve sosem volt szívbajos, ha saját klublegendáiról volt szó. <strong>Alessandro Del Pierót</strong> például utolsó szezonja elején egy részvényeseknek tartott előadáson „rúgta ki” <strong>Andrea Agnelli</strong> elnök, de <strong>Gigi Buffonnal</strong> is közölték három éve, hogy maradhat a csapatnál – a fizetése töredékéért és második számú kapusként. Bonucci presztízse és reputációja a két említett játékoshoz képest kismiska, de nemcsak<a href="https://rangado.24.hu/nemzetkozi_foci/2023/07/14/juventus-leonardo-bonucci-kikerult-a-keretbol/"> ezért járt úgy, ahogy</a>.

Akárhogy nézzük, a középhátvéd ideje – a legmagasabb szinten legalábbis biztosan – lejárt. Sőt, nem is most nyáron döbbent rá a futballvilág, hogy a 2020-as (de 2021-ben tartott) Európa-bajnoki cím után szélsebesen vissza kellett volna vonulnia. Tulajdonképpen már az is csoda, hogy a tavalyi szezont a klub kötelékében töltötte, bár sérülés miatt szinte az egész idényt kihagyta.

<span class="highlight-block-small">És még azok voltak a jobb időszakok, amikor nem lépett pályára. </span>
<h2>Egy nagyon nem olasz középhátvéd</h2>
Bonuccit a valaha volt legnagyobb védők között emlegetnénk, ha harminc évvel korábban születik. Sajnos azonban a söprögetőre (liberóra) építő catenacciónak, majd utódjának, a vegyes zónás védekezésnek a 90-es évekre bealkonyult. Sőt, egy időre a háromvédős rendszert is elengedte a nemzetközi futball, így a középhátvédek szerepköre, illetve kívánatos készségkészlete is alaposan megváltozott.

Amikor az ortodox catenaccióból – <strong>Gigi Radice</strong> és <strong>Giovanni Trapattoni</strong> munkásságának köszönhetően – kifejlődött az Il gioco all’Italiana (az Olasz Játékrendszer), a söprögetők egy új generációja látta meg a napvilágot. Ezek a középhátvédek már nemcsak a védelem mögött járőröző, szabadon (azaz dedikált ember nélkül) védekező játékosok voltak, hanem labdaszerzés után a középpályára fellépő, a támadásokat akár rövid, akár hosszú passzokkal elindító mélységi irányítók lettek belőlük.

<span class="highlight-block-small">Ennek az archetípusnak a tökéletes megtestesítője volt Leonardo Bonucci.</span>

A játékos legfőbb – sőt, talán egyetlen – erőssége kiváló rúgótechnikája volt, a védőktől elvárt további készségnek azonban nagyon is híján volt: nem volt gyors (hagyjuk az eufemizmust: tetűlassú volt), a ritmusérzéke sem volt az igazi, egy az egyben pedig egészen elborzasztó statisztikákat produkált. Volt olyan szezon, amikor párharcai mindössze 30 százalékát nyerte meg a 16-oson belül, ami döbbenetes statisztikai adat.

Hogy lehetett mégis a zsinórban kilenc bajnoki címet nyerő és két BL-döntőt játszó Juventus oszlopos tagja? Nagyon egyszerű: először is <strong>Antonio Conte</strong>, majd <strong>Max Allegri</strong> is legtöbbször háromvédős rendszerben játszatta a Juventust, amelynek közepén Bonuccinak nem kellett sok párharcot vívnia. Másodszor: olyan társak játszottak mellette <strong>Giorgio Chiellini</strong> és <strong>Andrea Barzagli</strong> személyében, akik a Bonucciból hiányzó készségek felkent nagykövetei voltak: gyorsak, erőszakosak, kemények, egy az egyben verhetetlenek, fejpárbajokat csak sátoros ünnepeken veszítő, igazi olasz védők.
<div class="payable-content-section"></div>
<h2>Nem az edző kedvence</h2>
Igazságtalan vagyok, ha nem írom Bonucci javára, hogy vénségére (vagyis 30 környékén) egészen jól ráérzett a négyvédős rendszerre is, a legutóbbi Európa-bajnokságon, vagy a korábbi BL-szezonban is kimondottan jól játszott Chiellini mellett, de ilyenkor azért gyakrabban jelentkeztek a hiányosságai, főleg a párharcokban.

Allegri pontosan látta ezt már akkor is, amikor Bonucci még a legjobb korban volt.

<span class="highlight-block-small">Ahogy a 2015-ben elbukott BL-döntőt <strong>Arturo Vidalon</strong>, úgy a 2017-es vesztes finálét Bonuccin verte el – jegyezzük meg: egyik döntése sem volt alaptalan –, és a chilei középpályás után az olasz védő is hirtelen a kapun kívül találta magát.</span>

A Milanhoz való szerződése torinói szempontból valami fergeteges volt: a csetlő-botló, bénázó hátvéd rettenetes szezont futott Milánóban, amit a Juve elleni Olasz Kupa-döntővel tetőzött be. Bonucci pályafutásának egyik legkellemetlenebb meccsén a Juventus a földbe döngölte ellenfelét.

https://www.youtube.com/watch?v=qd3RlX1u2m4&amp;t=29s

Annál érthetetlenebb volt, hogy a 42 millió euróért eladott védőt egy évvel később 35-ért visszavásárolta a Juve (valószínűleg szerepet játszott a transzferben, hogy a torinóiak kétségbeesetten próbáltak megszabadulni <strong>Gonzalo Higuaíntól,</strong> akit a Milan vett kölcsön), különös tekintettel arra, hogy Allegri kifejezetten haragtartó típus. Bonucci meg össze-vissza beszélt a nyilatkozataiban, amikor a Milanhoz igazolt, és a szurkolóknál sem csapódott le jól, hogy a piros-feketéknél is csapatkapitány lett.
<h2>Furcsa időzítés – de nem oktalan</h2>
Felmerülhet a kérdés, hogy ha már Max Allegri irányítása alatt a catenaccio legsötétebb napjait idéző, kizárólag a védekezésre fókuszáló, ráadásul háromvédős felállásban játszik a Juventus, akkor miért kell kiadni a védő útját. Nem lehet, hogy pont azért nem működtek tavaly a labdakihozatalok, mert nem volt egy jól passzoló védő a csapatban? Mi lesz a története során kizárólag olasz csapatkapitányokkal operáló klub hierarchiájával? Ki lesz az öltöző vezére a nagyhangú, a vezérattitűdöt abszolút magáénak valló Bonucci nélkül?

A fenti kérdésekre adható válaszok mind azt mutatják, hogy a játékos elküldése nagyon is megalapozott. Először is: a Juve tavaly 50 millió eurót fizetett a Torinónak Gleison <strong>Bremerért</strong>, aki szintén a védelem közepén érzi jól magát, cserébe egy szörnyeteg a 16-oson belül, lehetetlen lefutni, lebirkózni, lefejelni, így ésszerű kompromisszumnak tűnik, hogy cserébe sír a labda a lábán. Bonucci egyébként is rettenetes volt azon a tíz meccsen, amin pályára lépett, egy pillanatra sem kérdés, hogy a csapat jobb Bremerrel a védelem közepén.

<span class="highlight-block-small">Másrészt – bár cseppet sem másodlagos módon, hiszen ez most a legfontosabb szempont Torinóban – a védő irgalmatlan sokat keres: a csapat harmadik legjobban fizetett játékosaként évi hatmillió eurót tesz zsebre.</span>

Ez jelen pillanatban nem megengedhető, hiszen az olasz szövetség és az UEFA által is sanyargatott klub a BL-pénzek nélkül egyébként is elég nagy bajban van, és az idei átigazolási piacon ennek megfelelően úgy mozog, mintha az lenne az egyetlen célja, hogy a kiadásait csökkentse.

A három évvel ezelőtt a fizetésekre még évi 230 millió eurót költő Juve tavaly már csak 150-et volt kénytelen kiutalni, ám ha igazak a hírek a piacképes játékosok értékesítéséről, ez az összeg még lejjebb mehet. És amikor a klub a legnagyobb értékeit, <strong>Dusan Vlahovicot</strong>, <strong>Federico Chiesát</strong> vagy Bremert ajánlgatja a Premier League-be, már nem is olyan meglepő, hogy a 36 éves, sérülékeny középhátvédjére nem tart igényt a klub.
