{"version":"1.0","provider_name":"Sport24","provider_url":"https:\/\/sport24.24.hu","author_name":"Fut\u00f3 Csaba","author_url":"https:\/\/sport24.24.hu\/author\/futocs\/","title":"Sza\u00fad-Ar\u00e1bia megjelen\u00e9s\u00e9vel a topfoci v\u00e9g\u00e9rv\u00e9nyesen az \u00d6b\u00f6l menti monarchi\u00e1k j\u00e1t\u00e9kszere lett","html":"Valami beteljes\u00fclt, amikor legut\u00f3bb <strong>Ilkay G\u00fcndogan<\/strong> a magasba emelte a Bajnokok Lig\u00e1ja-serleget, \u00e9s ezzel a Manchester City elh\u00f3d\u00edtotta t\u00f6rt\u00e9nete els\u0151 eur\u00f3pai tr\u00f3fe\u00e1j\u00e1t: az \u00d6b\u00f6l menti orsz\u00e1gok v\u00e9g\u00e9rv\u00e9nyesen \u00e1tvett\u00e9k a hatalmat az eur\u00f3pai foci felett.\r\n\r\nA Manchester City tulajdonosa, bizonyos <strong>Mansz\u00far bin Zajed al-Nahjan<\/strong> t\u00f6bb mint 10 \u00e9v ut\u00e1n tette \u00fajra tisztelet\u00e9t labdar\u00fag\u00f3 stadionban. A szomsz\u00e9dban, Katarban alig f\u00e9l \u00e9ve vil\u00e1gbajnoks\u00e1got rendeztek. A BL-d\u00f6nt\u0151 ut\u00e1n napokkal pedig Sza\u00fad-Ar\u00e1bia nemzeti t\u0151kealapja (PIF) a k\u00f6zponti ir\u00e1ny\u00edt\u00e1sa al\u00e1 vonta az orsz\u00e1g n\u00e9gy legnagyobb klubj\u00e1t, felv\u00e1s\u00e1rolta \u00e9s \u00f6sszeolvasztotta a vil\u00e1g legnagyobb golftorn\u00e1j\u00e1t (PGA-LIV), majd a Newcastle United egyenget\u00e9se \u00e9s <strong>Cristiano Ronaldo<\/strong> szerz\u0151dtet\u00e9se ut\u00e1n elkezdett megint j\u00e1t\u00e9kosokat venni. Sokat.\r\n\r\n<span class=\"highlight-block-small\">Ott tartunk, hogy soha senki nem hatott \u00edgy a top eur\u00f3pai labdar\u00fag\u00e1sra \u2013 Eur\u00f3p\u00e1n k\u00edv\u00fclr\u0151l.<\/span>\r\n\r\nHogy ez mi\u00e9rt alakult \u00edgy, annak t\u00f6bb oka van. Az orsz\u00e1gok m\u00f6g\u00f6tti sz\u00e1nd\u00e9kot sokan a sportmos\u00e1sban tal\u00e1lj\u00e1k meg, ami <a href=\"https:\/\/sport24.24.hu\/foci\/2022\/11\/02\/katar-labdarugo-vilagbajnoksag-2022-sportmosas\/\">val\u00f3s t\u00e9nyez\u0151<\/a>, de k\u00f6zel sem adja ki a teljes k\u00e9pet. Az \u00d6b\u00f6l menti orsz\u00e1gok t\u00f6rekv\u00e9seit nem puszt\u00e1n arculati, hanem nemzetgazdas\u00e1gi okok is meghat\u00e1rozz\u00e1k.\r\n\r\nKatar, Sza\u00fad-Ar\u00e1bia \u00e9s az Egyes\u00fclt Arab Emir\u00e1tusok is olyan k\u0151olaj- \u00e9s f\u00f6ldg\u00e1zk\u00e9szlet felett rendelkeznek, amely bel\u00e1that\u00f3 id\u0151n bel\u00fcl el fog apadni. Ezt felismerve az elm\u00falt \u00e9vtizedben azt m\u00e9rt\u00e9k fel, hogy a hatalmas t\u0151k\u00e9j\u00fcket hogyan tudj\u00e1k \u00fagy diverzifik\u00e1lni, hogy az a t\u00e1voli j\u00f6v\u0151ben is j\u00f6vedelmez\u0151 legyen. Katar hatalmas beruh\u00e1z\u00e1sokat hajtott v\u00e9gre a nyugat-eur\u00f3pai ingatlan- \u00e9s luxusszektorokban, Sza\u00fad-Ar\u00e1bia pedig jelenleg is d\u00f6bbenetes forr\u00e1sokat ford\u00edt egy \u00faj megav\u00e1ros \u00e9p\u00edt\u00e9s\u00e9re (Neom), amellyel nagyobb kontrollt szeretne gyakorolni a v\u00f6r\u00f6s-tengeri kereskedelem felett.\r\n\r\nEgy futballklub felv\u00e1s\u00e1rl\u00e1sa sz\u00e1mukra legitim\u00e1ci\u00f3s eszk\u00f6z. Az orsz\u00e1gok azt akarj\u00e1k felmutatni, hogy b\u00e1rhol is legyenek a vil\u00e1gon, komolyan kell venni \u0151ket, egy\u00fattal m\u00e9lt\u00f3k arra, hogy le\u00fcljenek b\u00e1rkivel t\u00e1rgyalni.\r\n<div class=\"payable-content-section\"><\/div>\r\nM\u00e1sr\u00e9szt, ahogy arra a neves futballszak\u00edr\u00f3, <strong>Simon Kuper<\/strong> is r\u00e1mutatott, a klubv\u00e1s\u00e1rl\u00e1s egyszer\u0171en csak <a href=\"https:\/\/www.ft.com\/content\/d7accc1d-7437-444f-879d-5a27f940eb47\">j\u00f3 m\u00f3ka<\/a>. Ha egy klub sikeres, irigykedhetnek r\u00e1 a szomsz\u00e9djai. A foci ma tulajdonk\u00e9ppen milli\u00e1rdosok \u00fari huncuts\u00e1ga, amit megk\u00f6nny\u00edtett, hogy a versenyt\u00e1rsak is lemorzsol\u00f3dtak: az orosz <strong>Roman Abramovics<\/strong> az ukr\u00e1n h\u00e1bor\u00fa miatt h\u00e1tt\u00e9rbe h\u00faz\u00f3dott, K\u00edna visszavett a megalom\u00e1n terveib\u0151l, az Egyes\u00fclt \u00c1llamok pedig csak lok\u00e1lis szinten \u00e9p\u00edti a bajnoks\u00e1g\u00e1t.\r\n\r\nA szurkol\u00f3k k\u00f6r\u00e9ben megoszlanak a v\u00e9lem\u00e9nyek, hogy ez mennyire viszi j\u00f3 ir\u00e1nyba a labdar\u00fag\u00e1st. Sokaknak az\u00e9rt vannak ellen\u00e9rz\u00e9sei, mert az \u00faj tulajdonosok p\u00e9nze elfedi, hogy a haz\u00e1jukban sz\u00f6rny\u0171 k\u00f6r\u00fclm\u00e9nyek k\u00f6z\u00f6tt kezelik a n\u0151ket, a bev\u00e1ndorl\u00f3 munkaer\u0151t vagy az LMBTQ+ kisebbs\u00e9geket. A f\u00e9ktelen k\u00f6ltekez\u00e9seknek az az \u00fczenete, hogy van az a p\u00e9nz, ami\u00e9rt a foci is megvehet\u0151.\r\n\r\n<span class=\"highlight-block-small\">Ugyanakkor k\u00e1r lenne tagadni, hogy az \u00d6b\u00f6l menti orsz\u00e1gok p\u00e9nze \u00e9rdekesebb\u00e9 tette a focit.<\/span>\r\n\r\n[caption id=\"attachment_9363\" align=\"aligncenter\" width=\"2547\"]<img class=\"size-full wp-image-9363\" src=\"https:\/\/sport24.24.hu\/app\/uploads\/sites\/24\/2023\/06\/000_33j27x7.jpg\" alt=\"\" width=\"2547\" height=\"1698\" \/> Mohamed bin Zayed al-Nahyan sejk az Egyes\u00fclt Arab Em\u00edrs\u00e9gek eln\u00f6ke \u00e9s Mansz\u00far bin Zajed al-Nahjan a Manchester City em\u00edrs\u00e9gi tulajdonosa az Inter Milan \u00e9s a Manchester City k\u00f6z\u00f6tti Bajnokok Lig\u00e1ja d\u00f6nt\u0151 labdar\u00fag\u00f3-m\u00e9rk\u0151z\u00e9sen az isztambuli Atat\u00fcrk Olimpiai Stadionban 2023. j\u00fanius 10-\u00e9n.[\/caption]\r\n\r\nA dilemm\u00e1t az okozza, hogy a Manchester City 30 \u00e9v feletti szurkol\u00f3i eml\u00e9keznek azokra az id\u0151kre, amikor a csapat m\u00e9g a harmadoszt\u00e1lyban teng\u0151d\u00f6tt, \u00e9s ban\u00e1nokkal a kez\u00fckben skand\u00e1lt\u00e1k, hogy \u201eitt sem vagyunk!\u201d, ma viszont a vil\u00e1g egyik legmen\u0151bb klubjak\u00e9nt tekintenek r\u00e1juk. A Paris Saint-Germainn\u00e9l sem felejtik, amikor a csapat h\u00e9tk\u00f6znapjait nem az eredm\u00e9nyek, hanem a szurkol\u00f3t\u00e1boron bel\u00fcli \u00f6sszez\u00f6rd\u00fcl\u00e9sek <a href=\"https:\/\/www.facebook.com\/photo.php?fbid=700061122119869&amp;set=pb.100063479637263.-2207520000.&amp;type=3\">hat\u00e1rozt\u00e1k meg<\/a>. A Newcastle-n\u00e9l nem is kell messzire menni, el\u00e9g csak bemondani a kor\u00e1bbi tulajdonos <strong>Mike Ashley<\/strong> nev\u00e9t, \u00e9s sokan ink\u00e1bb <a href=\"https:\/\/www.skysports.com\/football\/news\/11678\/12439332\/newcastle-ask-fans-to-not-wear-arab-style-clothing-to-matches-following-saudi-backed-takeover\">be\u00f6lt\u00f6znek arab dishdash\u00e1ba<\/a>.\r\n\r\nA k\u00f6ltekez\u00e9s meghozta az eredm\u00e9nyeit. Az \u00d6b\u00f6l mentiek l\u00e9nyeg\u00e9ben ugyanazt csin\u00e1lj\u00e1k, amit a Chelsea tett 20 \u00e9vvel ezel\u0151tt, amikor <strong>Roman Abramovics<\/strong> \u00e9rkez\u00e9s\u00e9vel szinte \u00e9vr\u0151l \u00e9vre lerabolta a piacot, \u00e9s mag\u00e1hoz vonzotta a legjobb j\u00e1t\u00e9kosokat. Az eredm\u00e9ny?\r\n\r\n<span class=\"highlight-block-small\">A Premier League elm\u00falt 19 bajnoki c\u00edm\u00e9b\u0151l 12-t a Manchester City \u00e9s a Chelsea nyert meg.<\/span>\r\n\r\n1999 \u00f3ta mind\u00f6ssze k\u00e9t klub nyerte meg a BEK\/BL-t t\u00f6rt\u00e9nete sor\u00e1n el\u0151sz\u00f6r \u2013 ki lehet tal\u00e1lni, melyik volt az a kett\u0151. Mindezt az olajp\u00e9nz tette lehet\u0151v\u00e9, \u00e9s a nyom\u00e1ban \u00e9rkez\u0151 sz\u00fcrke\u00e1llom\u00e1ny, j\u00e1t\u00e9kosmin\u0151s\u00e9g, szak\u00e9rtelem \u00e9s innov\u00e1ci\u00f3.\r\n\r\nNem neh\u00e9z megj\u00f3solni, hogy az \u00d6b\u00f6l menti p\u00e9nz fogja megszabni a holnap focij\u00e1t is. Katar jelenleg is t\u00e1rgyal arr\u00f3l, hogy felv\u00e1s\u00e1rolja a Manchester Unitedet, \u00e9s \u00e9pp Anglia leggazdagabb ember\u00e9vel, <strong>Sir Jim Ratcliffe-fel<\/strong> \u00e1ll versenyben, hogy \u00e1tvegye a <strong>Glazer <\/strong>csal\u00e1d \u00f6r\u00f6ks\u00e9g\u00e9t. Sza\u00fad-Ar\u00e1bia \u00e9pp a 2030-as vil\u00e1gbajnoks\u00e1g k\u00f6z\u00f6s rendez\u00e9si jog\u00e1ra p\u00e1ly\u00e1zik G\u00f6r\u00f6gorsz\u00e1ggal \u00e9s Egyiptommal.\r\n\r\nAm\u00edg a nagyok meleg\u00edtenek, addig is furcs\u00e1n alakul a ny\u00e1r. Sza\u00fad-Ar\u00e1bia nemhogy r\u00e1kapcsolt, de m\u00e1r az elsz\u00edv\u00f3 erej\u00e9t is megmutatta a legnagyobbakkal szemben: a pletyk\u00e1k szerint \u00e9pp a Manchester Cityt\u0151l akarj\u00e1k elhozni <strong>Riyad Mahrezt<\/strong> \u00e9s <strong>Bernardo Silv\u00e1t<\/strong>, mik\u00f6zben m\u00e1r meg\u00e9rkezett <strong>Karim Benzema<\/strong>, <strong>Edouard Mendy<\/strong> <a href=\"https:\/\/rangado.24.hu\/nemzetkozi_foci\/2023\/06\/24\/ruben-neves-wolves-al-hilal-atigazolas\/\">vagy <strong>Ruben Neves<\/strong><\/a>. Egyesek szerint ez a dolgok term\u00e9szetes rendje, mert a sza\u00fadi a t\u00e9rs\u00e9g meghat\u00e1roz\u00f3 ereje: \u00f6v\u00e9k a legnagyobb brutt\u00f3 hazai term\u00e9k (GDP). K\u00e9tszer annyi, mint az Emir\u00e1tusok\u00e9.\r\n\r\n[caption id=\"attachment_9367\" align=\"alignnone\" width=\"3184\"]<img class=\"size-full wp-image-9367\" src=\"https:\/\/sport24.24.hu\/app\/uploads\/sites\/24\/2023\/06\/cristiano-ronaldo.jpg\" alt=\"\" width=\"3184\" height=\"2071\" \/> Cristiano Ronaldo megszerz\u00e9se ind\u00edtotta el a sza\u00fadi lig\u00e1t most jellemz\u0151 j\u00e1t\u00e9koshull\u00e1mot.[\/caption]\r\n\r\nA sza\u00fadi szkander azt is mag\u00e1val hozta, hogy a j\u00e1t\u00e9kost\u00e1rgyal\u00e1sok term\u00e9szete is v\u00e1ltozni l\u00e1tszik. Ha eddig nem sz\u00fartak volna szemet az elsz\u00e1llt \u00e1tigazol\u00e1si \u00e1rak, az \u00fajonnan befoly\u00f3 p\u00e9nz most tov\u00e1bb infl\u00e1lja a piacot, mert a szerepl\u0151k magasabb transzfer\u00e1rakra \u00e9s b\u00e9rekre hajtanak. Ennek els\u0151 jeleit m\u00e1r l\u00e1tjuk: a Manchester United egyik kiszemeltj\u00e9t, <strong>Rasmus Hojlundot<\/strong> m\u00falt h\u00e9ten m\u00e9g 45 milli\u00f3 eur\u00f3s \u00e1ron akarta eladni az Atalanta. Mostanra viszont ez az \u00e1r megdupl\u00e1z\u00f3dott.\r\n\r\nA besz\u00e1mol\u00f3k szerint a piacot akkora sokk \u00e9rte, hogy k\u00e1osz uralkodik: egyesek kiv\u00e1rnak, m\u00e1sok moh\u00f3n t\u00fal\u00e1raznak. Ahogy a sportgazdas\u00e1gi szak\u00fajs\u00e1g\u00edr\u00f3 <strong>Miguel Delaney<\/strong> <a href=\"https:\/\/www.msn.com\/en-gb\/sport\/football\/saudi-arabia-money-has-turned-transfers-into-chaos-will-it-last\/ar-AA1cSeLL?li=BBQfQii&amp;srcref=rss\">fogalmazott<\/a>: \u201eami tegnap 40 volt, az most 70\u201d. (Batmanr\u0151l nem tett eml\u00edt\u00e9st.) Ironikus lenne, ha pont emiatt senki nem menne sehova, de ahogy telni fognak a napok, es\u00e9lyesen mozg\u00e1sba fog lend\u00fclni a piac.\r\n\r\nA City viszont m\u00e1r most mozg\u00e1sban van, \u00e9s minden es\u00e9lye megvan, hogy a k\u00f6vetkez\u0151 \u00e9vek meghat\u00e1roz\u00f3 dinaszti\u00e1j\u00e1v\u00e1 v\u00e1ljon. <strong>Pep Guardiola<\/strong> csapata legut\u00f3bb egy t\u00f6rt\u00e9nelmi mesterh\u00e1rmassal beh\u00fazta a bajnoks\u00e1got, az FA kup\u00e1t \u00e9s a Bajnokok Lig\u00e1j\u00e1t. Az ut\u00f3bbi ut\u00e1n Guardiola <a href=\"https:\/\/www.besoccer.com\/new\/pep-be-careful-real-madrid-we-are-on-our-way-1261035\">azt nyilatkozta<\/a> a Real Madrid 14 BL-tr\u00f3fe\u00e1j\u00e1r\u00f3l, hogy\r\n<blockquote>\u00faton vagyunk. Ha egy kicsit megcs\u00fasznak, utol fogjuk \u00e9rni \u0151ket.<\/blockquote>\r\nViccnek sz\u00e1nta, de komolyan hangzott.\r\n\r\n[central_article_recommendation title=\"Kapcsol\u00f3d\u00f3\" url=\"https:\/\/sport24.24.hu\/foci\/2023\/06\/23\/szaudi-futballprojekt-cristiano-ronaldo-karim-benzema-penz-vallas\/\" image=\"1\" lead=\"1\"]","type":"rich","thumbnail_url":"https:\/\/s.24.hu\/app\/uploads\/sites\/24\/2023\/06\/000_33kv3ad-masolat-150x150.jpg","thumbnail_width":150,"thumbnail_height":150}

Futó Csaba

Szaúd-Arábia megjelenésével a topfoci végérvényesen az Öböl menti monarchiák játékszere lett

Valami beteljesült, amikor legutóbb <strong>Ilkay Gündogan</strong> a magasba emelte a Bajnokok Ligája-serleget, és ezzel a Manchester City elhódította története első európai trófeáját: az Öböl menti országok végérvényesen átvették a hatalmat az európai foci felett.

A Manchester City tulajdonosa, bizonyos <strong>Manszúr bin Zajed al-Nahjan</strong> több mint 10 év után tette újra tiszteletét labdarúgó stadionban. A szomszédban, Katarban alig fél éve világbajnokságot rendeztek. A BL-döntő után napokkal pedig Szaúd-Arábia nemzeti tőkealapja (PIF) a központi irányítása alá vonta az ország négy legnagyobb klubját, felvásárolta és összeolvasztotta a világ legnagyobb golftornáját (PGA-LIV), majd a Newcastle United egyengetése és <strong>Cristiano Ronaldo</strong> szerződtetése után elkezdett megint játékosokat venni. Sokat.

<span class="highlight-block-small">Ott tartunk, hogy soha senki nem hatott így a top európai labdarúgásra – Európán kívülről.</span>

Hogy ez miért alakult így, annak több oka van. Az országok mögötti szándékot sokan a sportmosásban találják meg, ami <a href="https://sport24.24.hu/foci/2022/11/02/katar-labdarugo-vilagbajnoksag-2022-sportmosas/">valós tényező</a>, de közel sem adja ki a teljes képet. Az Öböl menti országok törekvéseit nem pusztán arculati, hanem nemzetgazdasági okok is meghatározzák.

Katar, Szaúd-Arábia és az Egyesült Arab Emirátusok is olyan kőolaj- és földgázkészlet felett rendelkeznek, amely belátható időn belül el fog apadni. Ezt felismerve az elmúlt évtizedben azt mérték fel, hogy a hatalmas tőkéjüket hogyan tudják úgy diverzifikálni, hogy az a távoli jövőben is jövedelmező legyen. Katar hatalmas beruházásokat hajtott végre a nyugat-európai ingatlan- és luxusszektorokban, Szaúd-Arábia pedig jelenleg is döbbenetes forrásokat fordít egy új megaváros építésére (Neom), amellyel nagyobb kontrollt szeretne gyakorolni a vörös-tengeri kereskedelem felett.

Egy futballklub felvásárlása számukra legitimációs eszköz. Az országok azt akarják felmutatni, hogy bárhol is legyenek a világon, komolyan kell venni őket, egyúttal méltók arra, hogy leüljenek bárkivel tárgyalni.
<div class="payable-content-section"></div>
Másrészt, ahogy arra a neves futballszakíró, <strong>Simon Kuper</strong> is rámutatott, a klubvásárlás egyszerűen csak <a href="https://www.ft.com/content/d7accc1d-7437-444f-879d-5a27f940eb47">jó móka</a>. Ha egy klub sikeres, irigykedhetnek rá a szomszédjai. A foci ma tulajdonképpen milliárdosok úri huncutsága, amit megkönnyített, hogy a versenytársak is lemorzsolódtak: az orosz <strong>Roman Abramovics</strong> az ukrán háború miatt háttérbe húzódott, Kína visszavett a megalomán terveiből, az Egyesült Államok pedig csak lokális szinten építi a bajnokságát.

A szurkolók körében megoszlanak a vélemények, hogy ez mennyire viszi jó irányba a labdarúgást. Sokaknak azért vannak ellenérzései, mert az új tulajdonosok pénze elfedi, hogy a hazájukban szörnyű körülmények között kezelik a nőket, a bevándorló munkaerőt vagy az LMBTQ+ kisebbségeket. A féktelen költekezéseknek az az üzenete, hogy van az a pénz, amiért a foci is megvehető.

<span class="highlight-block-small">Ugyanakkor kár lenne tagadni, hogy az Öböl menti országok pénze érdekesebbé tette a focit.</span>

[caption id="attachment_9363" align="aligncenter" width="2547"]<img class="size-full wp-image-9363" src="https://sport24.24.hu/app/uploads/sites/24/2023/06/000_33j27x7.jpg" alt="" width="2547" height="1698" /> Mohamed bin Zayed al-Nahyan sejk az Egyesült Arab Emírségek elnöke és Manszúr bin Zajed al-Nahjan a Manchester City emírségi tulajdonosa az Inter Milan és a Manchester City közötti Bajnokok Ligája döntő labdarúgó-mérkőzésen az isztambuli Atatürk Olimpiai Stadionban 2023. június 10-én.[/caption]

A dilemmát az okozza, hogy a Manchester City 30 év feletti szurkolói emlékeznek azokra az időkre, amikor a csapat még a harmadosztályban tengődött, és banánokkal a kezükben skandálták, hogy „itt sem vagyunk!”, ma viszont a világ egyik legmenőbb klubjaként tekintenek rájuk. A Paris Saint-Germainnél sem felejtik, amikor a csapat hétköznapjait nem az eredmények, hanem a szurkolótáboron belüli összezördülések <a href="https://www.facebook.com/photo.php?fbid=700061122119869&amp;set=pb.100063479637263.-2207520000.&amp;type=3">határozták meg</a>. A Newcastle-nél nem is kell messzire menni, elég csak bemondani a korábbi tulajdonos <strong>Mike Ashley</strong> nevét, és sokan inkább <a href="https://www.skysports.com/football/news/11678/12439332/newcastle-ask-fans-to-not-wear-arab-style-clothing-to-matches-following-saudi-backed-takeover">beöltöznek arab dishdashába</a>.

A költekezés meghozta az eredményeit. Az Öböl mentiek lényegében ugyanazt csinálják, amit a Chelsea tett 20 évvel ezelőtt, amikor <strong>Roman Abramovics</strong> érkezésével szinte évről évre lerabolta a piacot, és magához vonzotta a legjobb játékosokat. Az eredmény?

<span class="highlight-block-small">A Premier League elmúlt 19 bajnoki címéből 12-t a Manchester City és a Chelsea nyert meg.</span>

1999 óta mindössze két klub nyerte meg a BEK/BL-t története során először – ki lehet találni, melyik volt az a kettő. Mindezt az olajpénz tette lehetővé, és a nyomában érkező szürkeállomány, játékosminőség, szakértelem és innováció.

Nem nehéz megjósolni, hogy az Öböl menti pénz fogja megszabni a holnap fociját is. Katar jelenleg is tárgyal arról, hogy felvásárolja a Manchester Unitedet, és épp Anglia leggazdagabb emberével, <strong>Sir Jim Ratcliffe-fel</strong> áll versenyben, hogy átvegye a <strong>Glazer </strong>család örökségét. Szaúd-Arábia épp a 2030-as világbajnokság közös rendezési jogára pályázik Görögországgal és Egyiptommal.

Amíg a nagyok melegítenek, addig is furcsán alakul a nyár. Szaúd-Arábia nemhogy rákapcsolt, de már az elszívó erejét is megmutatta a legnagyobbakkal szemben: a pletykák szerint épp a Manchester Citytől akarják elhozni <strong>Riyad Mahrezt</strong> és <strong>Bernardo Silvát</strong>, miközben már megérkezett <strong>Karim Benzema</strong>, <strong>Edouard Mendy</strong> <a href="https://rangado.24.hu/nemzetkozi_foci/2023/06/24/ruben-neves-wolves-al-hilal-atigazolas/">vagy <strong>Ruben Neves</strong></a>. Egyesek szerint ez a dolgok természetes rendje, mert a szaúdi a térség meghatározó ereje: övék a legnagyobb bruttó hazai termék (GDP). Kétszer annyi, mint az Emirátusoké.

[caption id="attachment_9367" align="alignnone" width="3184"]<img class="size-full wp-image-9367" src="https://sport24.24.hu/app/uploads/sites/24/2023/06/cristiano-ronaldo.jpg" alt="" width="3184" height="2071" /> Cristiano Ronaldo megszerzése indította el a szaúdi ligát most jellemző játékoshullámot.[/caption]

A szaúdi szkander azt is magával hozta, hogy a játékostárgyalások természete is változni látszik. Ha eddig nem szúrtak volna szemet az elszállt átigazolási árak, az újonnan befolyó pénz most tovább inflálja a piacot, mert a szereplők magasabb transzferárakra és bérekre hajtanak. Ennek első jeleit már látjuk: a Manchester United egyik kiszemeltjét, <strong>Rasmus Hojlundot</strong> múlt héten még 45 millió eurós áron akarta eladni az Atalanta. Mostanra viszont ez az ár megduplázódott.

A beszámolók szerint a piacot akkora sokk érte, hogy káosz uralkodik: egyesek kivárnak, mások mohón túláraznak. Ahogy a sportgazdasági szakújságíró <strong>Miguel Delaney</strong> <a href="https://www.msn.com/en-gb/sport/football/saudi-arabia-money-has-turned-transfers-into-chaos-will-it-last/ar-AA1cSeLL?li=BBQfQii&amp;srcref=rss">fogalmazott</a>: „ami tegnap 40 volt, az most 70”. (Batmanről nem tett említést.) Ironikus lenne, ha pont emiatt senki nem menne sehova, de ahogy telni fognak a napok, esélyesen mozgásba fog lendülni a piac.

A City viszont már most mozgásban van, és minden esélye megvan, hogy a következő évek meghatározó dinasztiájává váljon. <strong>Pep Guardiola</strong> csapata legutóbb egy történelmi mesterhármassal behúzta a bajnokságot, az FA kupát és a Bajnokok Ligáját. Az utóbbi után Guardiola <a href="https://www.besoccer.com/new/pep-be-careful-real-madrid-we-are-on-our-way-1261035">azt nyilatkozta</a> a Real Madrid 14 BL-trófeájáról, hogy
<blockquote>úton vagyunk. Ha egy kicsit megcsúsznak, utol fogjuk érni őket.</blockquote>
Viccnek szánta, de komolyan hangzott.

[central_article_recommendation title="Kapcsolódó" url="https://sport24.24.hu/foci/2023/06/23/szaudi-futballprojekt-cristiano-ronaldo-karim-benzema-penz-vallas/" image="1" lead="1"]
