{"version":"1.0","provider_name":"Sport24","provider_url":"https:\/\/sport24.24.hu","author_name":"Fut\u00f3 Csaba","author_url":"https:\/\/sport24.24.hu\/author\/futocs\/","title":"Ki ez a 20 \u00e9ves spanyol j\u00e1t\u00e9kos, aki\u00e9rt sorban \u00e1llnak Eur\u00f3pa topklubjai?","html":"Nem most \u00e9li a legszebb napjait a spanyol labdar\u00fag\u00f3-bajnoks\u00e1g, mert noha a Real Madrid ism\u00e9t bizony\u00edtotta, hogy a vil\u00e1g egyik legjobb csapata \u00e9s a Liverpool ut\u00e1n a Chelsea-t kiejtve bejutott a legjobb n\u00e9gy k\u00f6z\u00e9 a Bajnokok Lig\u00e1j\u00e1ban, mag\u00e1n a La Lig\u00e1n \u00e9rezni n\u00e9mi min\u0151s\u00e9gi visszaes\u00e9st \u2013 \u00e9s nemcsak az\u00e9rt, mert most nincsenek olyan klasszisok a lig\u00e1ban, mint a cs\u00facson l\u00e9v\u0151 <strong>Lionel Messi<\/strong> vagy <strong>Cristiano Ronaldo<\/strong>. Ebb\u0151l kifoly\u00f3lag a k\u00f6z\u00e9pmez\u0151ny csapataira is kevesebb figyelem ir\u00e1nyul, \u00edgy alighanem csak a spanyol foci fanatikusainak mond valamit <strong>Gabriel Veiga<\/strong> neve, aki a Celta Vig\u00f3ban j\u00e1tszik.\r\n\r\nPedig a 21. \u00e9let\u00e9v\u00e9t m\u00e9g csak m\u00e1jusban bet\u00f6lt\u0151 k\u00f6z\u00e9pp\u00e1ly\u00e1s olyan szezont fut, hogy a Real Madriddal \u00e9s az angliai topcsapatokkal hozz\u00e1k h\u00edrbe h\u00e9tr\u0151l h\u00e9tre, noha az \u0151sszel m\u00e9g csak a kispadr\u00f3l rakosgatta be \u2013 a novemberben azt\u00e1n menesztett \u2013 <strong>Eduardo Coudet<\/strong>. Az argentin edz\u0151n\u00e9l, majd ut\u00f3dj\u00e1n\u00e1l, a portug\u00e1l<strong> Carlos Carvalhaln\u00e1l<\/strong> is azt\u00e1n\r\n\r\n<span class=\"highlight-block-small\">a kihagyhatatlan kateg\u00f3ria lett, a hetedik fordul\u00f3 \u00f3ta csak k\u00e9t meccsen nem kezdett \u2013 egyszer eltilt\u00e1s, egyszer pedig s\u00e9r\u00fcl\u00e9s miatt nem j\u00e1tszott \u2013, mik\u00f6zben voltak el\u00e9gedetlenked\u0151 hangok, ami\u00e9rt az \u00faj spanyol kapit\u00e1ny, <strong>Luis de la Fuente<\/strong> nem v\u00e1logatta be a legut\u00f3bbi Eb-selejtez\u0151s meccsekre.<\/span>\r\n\r\nA Celta Vigo 2007-ben csak a 18. helyen v\u00e9gzett a spanyol \u00e9lvonalban, \u00edgy kiesett, majd nem sokkal k\u00e9s\u0151bb a m\u00e1sodoszt\u00e1lyban is a bennmarad\u00e1s\u00e9rt kellett k\u00fczdenie, mik\u00f6zben a klub a cs\u0151d sz\u00e9l\u00e9n egyens\u00falyozott. A kritikus pillanatban a vezet\u0151s\u00e9g nem tehetett m\u00e1st, mint a saj\u00e1t ut\u00e1np\u00f3tl\u00e1sa fel\u00e9 fordult, hogy a fiatal tehets\u00e9gek fel\u00e9p\u00edt\u00e9s\u00e9vel, majd \u00e9rt\u00e9kes\u00edt\u00e9s\u00e9vel maradjon \u00e9letben \u2013 bej\u00f6tt.\r\n\r\nA gal\u00edciai csapat 2012-ben jutott vissza az \u00e9lvonalba \u00e9s az\u00f3ta rendre a vonal felett tudott maradni. S\u0151t, miut\u00e1n 2016-ban a hatodik helyen v\u00e9gzett a csapat \u00e9s elindulhatott a k\u00f6vetkez\u0151 szezonban az Eur\u00f3pa Lig\u00e1ban, ahol m\u00e1r meg sem \u00e1llt az el\u0151d\u00f6nt\u0151ig, \u00e9s csak 2-1-es \u00f6sszes\u00edt\u00e9ssel bukott el a sorozatot azt\u00e1n meg is nyer\u0151 Manchester Uniteddel szemben. Az ugyan egy kiemelked\u0151 id\u00e9ny volt, ugyanakkor figyelemrem\u00e9lt\u00f3 labdar\u00fag\u00f3k az\u00f3ta is fel-felbukkannak a klubn\u00e1l. A k\u00f6zelm\u00faltban olyan j\u00e1t\u00e9kosok j\u00f6ttek ki a Celta akad\u00e9mi\u00e1j\u00e1r\u00f3l, mint <strong>Iago Aspas<\/strong>, a tavaly ny\u00e1ron a Real Sociedadhoz igazol\u00f3 <strong>Brais M\u00e9ndez<\/strong>, vagy \u00e9pp a spanyol v\u00e1logatottban g\u00f3llal deb\u00fct\u00e1l\u00f3 <strong>Joselu<\/strong>. \u00c9s ezt a sort folytatja Gabri Veiga is.\r\n<div class=\"payable-content-section\"><\/div>\r\nA fiatal k\u00f6z\u00e9pp\u00e1ly\u00e1s eleinte a kos\u00e1rlabd\u00e1ba volt szerelmes, de azt\u00e1n egy id\u0151 ut\u00e1n r\u00e1j\u00f6tt, jobban szereti r\u00fagni, mintsem pattogtatni a labd\u00e1t. A gal\u00edciai O Porrin\u00f3 sz\u00fcl\u00f6ttjek\u00e9nt azt\u00e1n beker\u00fclt a tartom\u00e1ny kiemelt klubja, a Celta Vigo ut\u00e1np\u00f3tl\u00e1srendszer\u00e9be, b\u00e1r eleinte nem ny\u00fajtott olyan teljes\u00edtm\u00e9ny, hogy kit\u0171nt volna. 2019-t\u0151l kezdve kezdett el komolyabb j\u00e1t\u00e9kperceket kapni a harmadoszt\u00e1lyban szerepl\u0151 tartal\u00e9kok k\u00f6z\u00f6tt, majd ezzel p\u00e1rhuzamosan jutott neki n\u00e9mi epiz\u00f3dszerep az \u00e9lvonalban is \u2013 2020 szeptember\u00e9ben deb\u00fct\u00e1lt a La Lig\u00e1ban.\r\n\r\n<img class=\"alignnone size-full wp-image-8575\" src=\"https:\/\/sport24.24.hu\/app\/uploads\/sites\/24\/2023\/04\/gabriel-veiga.jpg\" alt=\"\" width=\"3000\" height=\"2000\" \/>\r\n\r\nGabri Veiga alapvet\u0151en egy t\u00e1mad\u00f3 szellemis\u00e9g\u0171 k\u00f6z\u00e9pp\u00e1ly\u00e1s, aki eredend\u0151en a csat\u00e1r(ok) m\u00f6g\u00f6tt, vagy valamelyik sz\u00e9len szerepelt. Hogy benne van a j\u00e1t\u00e9k\u00e1ban a g\u00f3l, azt megmutatta m\u00e1r a legut\u00f3bbi harmadoszt\u00e1ly\u00fa szezonban is, amikor kilencszer volt eredm\u00e9nyes \u00e9s kiosztott egy g\u00f3lpasszt is. Ezzel siker\u00fclt is felt\u0171n\u00e9st keltenie, ugyanakkor majdnem elv\u00e1gta mag\u00e1t a Celt\u00e1n\u00e1l, nem akart ugyanis hosszabb\u00edtani, ami miatt nem is nagyon er\u0151ltett\u00e9k a j\u00e1t\u00e9k\u00e1t az els\u0151 csapatban. Ennek k\u00f6vetkezm\u00e9nye, hogy az el\u0151z\u0151 szezonban alig t\u00f6bb mint 100 percet kapott csak h\u00e9t bajnoki tal\u00e1lkoz\u00f3n.\r\n\r\nNy\u00e1ron azt\u00e1n csak siker\u00fclt megegyeznie a klubbal, al\u00e1 is \u00edrt egyb\u0151l 2026-ig. Miut\u00e1n elh\u00e1rult minden akad\u00e1ly, az id\u0151z\u00edtett bomba m\u0171k\u00f6d\u00e9sbe l\u00e9pett, a most fut\u00f3 szezon elej\u00e9n m\u00e1r rendre be\u00e1llt cserek\u00e9nt, majd, ahogy m\u00e1r eml\u00edtett\u00fck, kihagyhatatlann\u00e1 v\u00e1lt az els\u0151 csapat kezd\u0151j\u00e9b\u0151l a remek fizikai adotts\u00e1gokkal rendelkez\u0151, 185 centim\u00e9ter magas j\u00e1t\u00e9kos.\r\n\r\n<span class=\"highlight-block-small\">Id\u0151vel visszavontabb szerepk\u00f6rbe ker\u00fclt, berakt\u00e1k a t\u00e1mad\u00f3 k\u00f6z\u00e9pp\u00e1ly\u00e1sok \u00e9s a v\u00e9d\u0151k k\u00f6z\u00e9 a p\u00e1lya k\u00f6zep\u00e9re. A v\u00e1ltoztat\u00e1s hozta el azt\u00e1n alighanem az \u00e1tt\u00f6r\u00e9st sz\u00e1m\u00e1ra, ugyanis nem egy a j\u00e1t\u00e9kot sok passzal \u00e9s elmozg\u00e1ssal ir\u00e1ny\u00edt\u00f3, tipikus spanyol k\u00f6z\u00e9pp\u00e1ly\u00e1s v\u00e1lt bel\u0151le, sokkal ink\u00e1bb egy lend\u00fcletes, a labd\u00e1t el\u0151szeretettel cipel\u0151 box-to-box j\u00e1t\u00e9kos. Egy amolyan <strong>Jude Bellingham<\/strong>-kl\u00f3n.<\/span>\r\n\r\nPersze sok ter\u00fcleten kell m\u00e9g fejl\u0151dnie ahhoz, hogy hasonl\u00f3 sz\u00e1mokat produk\u00e1ljon, mint a Borussia Dortmund klasszisa, aki t\u00f6bb progressz\u00edv labdacipel\u00e9ssel \u00e9s passzal jelentkezik, \u00e9s az angol j\u00e1t\u00e9kost a t\u00e1rsak is t\u00f6bbet keresik, mint Veig\u00e1t \u2013 b\u00e1r ebben persze az is benne van, hogy Dortmundban majdhogynem csap\u00e1gyasra j\u00e1tszatj\u00e1k Bellinghamet.\r\n\r\nGabri Veiga ugyanakkor van, amiben a sokkal ismertebb posztt\u00e1rsa f\u00f6l\u00e9 n\u0151: kilenc g\u00f3lt szerzett eddig (Bellingham n\u00e9gyet), \u00e9s mindkettej\u00fcknek n\u00e9gy-n\u00e9gy asszisztja van, azaz csapata t\u00f6bb g\u00f3lj\u00e1ban v\u00e1llalt eddig r\u00e9szt. Ha m\u00e1r g\u00f3lok, akkor egy mutat\u00f3ban a komplett spanyol bajnoks\u00e1gb\u00f3l is kiemelkedik, m\u00e9ghozz\u00e1 azzal, hogy 5,6-os xG-re tizenegyesek n\u00e9lk\u00fcl is szerzett kilenc g\u00f3lt, ezen a t\u00e9ren az \u0151 plusz-m\u00ednusz mutat\u00f3ja a legjobb a spanyol \u00e9lvonalban (+3,5). 50 l\u00f6v\u00e9s\u00e9vel a m\u00e1sodik, 22 kaput tal\u00e1l\u00f3 k\u00eds\u00e9rlet\u00e9vel pedig az els\u0151 a k\u00f6z\u00e9pp\u00e1ly\u00e1sok k\u00fcl\u00f6nverseny\u00e9ben a La Lig\u00e1ban.\r\n<blockquote class=\"twitter-tweet\">\r\n<p dir=\"ltr\" lang=\"en\">Gabri Veiga I know u got sumn for me <a href=\"https:\/\/t.co\/C7XGNXKzDV\">pic.twitter.com\/C7XGNXKzDV<\/a><\/p>\r\n\u2014 nik #GraciasAguero (@shinsunik) <a href=\"https:\/\/twitter.com\/shinsunik\/status\/1646780403427180545?ref_src=twsrc%5Etfw\">April 14, 2023<\/a><\/blockquote>\r\n<script async src=\"https:\/\/platform.twitter.com\/widgets.js\" charset=\"utf-8\"><\/script>\r\n\r\nA fentiek ut\u00e1n nem lenne v\u00e1ratlan, ha m\u00e9g egy g\u00f3lt valahogy \u00f6sszehozna. A The Analyst <a href=\"https:\/\/theanalyst.com\/eu\/2023\/03\/laliga-young-stars-players-to-watch-2022-23\/\">cikke<\/a> szerint a 2008-2009-es szezon kezdete \u00f3ta az eur\u00f3pai toplig\u00e1kban mind\u00f6ssze \u00f6t olyan alkalom volt, hogy egy k\u00f6z\u00e9ps\u0151\/v\u00e9dekez\u0151 k\u00f6z\u00e9pp\u00e1ly\u00e1s legal\u00e1bb t\u00edz, nem b\u00fcntet\u0151b\u0151l szerzett g\u00f3llal z\u00e1rta volna a szezont:\r\n<ul>\r\n \t<li><strong>Xavi<\/strong> (2011-12),<\/li>\r\n \t<li><strong>Cesc F\u00e0bregas<\/strong> (2012-13)<\/li>\r\n \t<li><strong>James Rodr\u00edguez<\/strong> (2014-15),<\/li>\r\n \t<li><strong>Isco<\/strong> (2016-17) \u00e9s<\/li>\r\n \t<li><strong>Marcos Llorente<\/strong> (2020-21).<\/li>\r\n<\/ul>\r\nEbbe az elitt\u00e1rsas\u00e1gba csatlakozhat be Gabri Veiga, \u00e9s \u00edgy tal\u00e1n jobban \u00e9rthet\u0151 az is, hogy mi\u00e9rt \u00e1llnak sorban az eur\u00f3pai topcsapatok a j\u00e1t\u00e9kjog\u00e1nak megszerz\u00e9s\u00e9\u00e9rt. R\u00e1ad\u00e1sul am\u00edg Bellinghamet 150 milli\u00f3 eur\u00f3\u00e9rt lehet csak mozd\u00edtani Dortmundb\u00f3l, addig a spanyol j\u00e1t\u00e9kos kiv\u00e1s\u00e1rl\u00e1si \u00e1ra 40 milli\u00f3 \u2013 alig f\u00e9l \u00e9v alatt n\u0151tt 26-szoros\u00e1ra a piaci \u00e9rt\u00e9ke.\r\n\r\nVannak azonban, akik m\u00e9g \u00f3vatoss\u00e1gra intik. A vezet\u0151s\u00e9g szerint nem elad\u00f3, a klubikon, Aspas szerint is m\u00e9g egy \u00e9vet maradnia kellene a Celt\u00e1n\u00e1l, m\u00e1r csak amiatt is, mert a k\u00f6vetkez\u0151 lesz a klub t\u00f6rt\u00e9net\u00e9nek centen\u00e1riumi szezonja, amit k\u00e1r lenne kihagyni. A Marca r\u00e1di\u00f3ad\u00e1s\u00e1ban nyilatkoz\u00f3 spanyol fociszak\u00e9rt\u0151, <strong>Miguel Quintana<\/strong> pedig azt hozta fel, hogy Veiga m\u00e9g csak p\u00e1r h\u00f3napja j\u00e1tszik ilyen kiemelked\u0151 szinten, egy nagy ugr\u00e1s a karrierj\u00e9ben pedig ak\u00e1r t\u00f6r\u00e9st is okozhat, ha esetleg nem robbanna be hirtelen \u00faj csapat\u00e1n\u00e1l.\r\n<blockquote>Ak\u00e1rhogy is d\u00f6ntesz, Gabri, biztosan helyes lesz. Ez a te \u00e9leted, a te karriered. De minden szeretetemmel \u00e9s csod\u00e1latommal egy\u00fctt, maradj m\u00e9g egy \u00e9vet! Ne m\u00e1sok miatt, ne miattunk. Magad miatt maradj m\u00e9g egy \u00e9vet<\/blockquote>\r\n\u2013 <a href=\"https:\/\/www.marca.com\/radio\/opinion\/2023\/03\/23\/641c591622601d11528b4573.html\">mondta<\/a> Quintana.\r\n\r\nSok olyan p\u00e9ld\u00e1t l\u00e1ttunk m\u00e1r, hogy az egyszezonos csodafocist\u00e1k elt\u0171ntek a s\u00fcllyeszt\u0151ben. Gabriel Veig\u00e1ban ugyanakkor megvan az a potenci\u00e1l, hogy m\u00e9g sokszor tal\u00e1lkozzunk a nev\u00e9vel a k\u00f6zelj\u00f6v\u0151ben.","type":"rich","thumbnail_url":"https:\/\/s.24.hu\/app\/uploads\/sites\/24\/2023\/04\/gabri-veiga-150x150.jpg","thumbnail_width":150,"thumbnail_height":150}

Futó Csaba

Ki ez a 20 éves spanyol játékos, akiért sorban állnak Európa topklubjai?

Nem most éli a legszebb napjait a spanyol labdarúgó-bajnokság, mert noha a Real Madrid ismét bizonyította, hogy a világ egyik legjobb csapata és a Liverpool után a Chelsea-t kiejtve bejutott a legjobb négy közé a Bajnokok Ligájában, magán a La Ligán érezni némi minőségi visszaesést – és nemcsak azért, mert most nincsenek olyan klasszisok a ligában, mint a csúcson lévő <strong>Lionel Messi</strong> vagy <strong>Cristiano Ronaldo</strong>. Ebből kifolyólag a középmezőny csapataira is kevesebb figyelem irányul, így alighanem csak a spanyol foci fanatikusainak mond valamit <strong>Gabriel Veiga</strong> neve, aki a Celta Vigóban játszik.

Pedig a 21. életévét még csak májusban betöltő középpályás olyan szezont fut, hogy a Real Madriddal és az angliai topcsapatokkal hozzák hírbe hétről hétre, noha az ősszel még csak a kispadról rakosgatta be – a novemberben aztán menesztett – <strong>Eduardo Coudet</strong>. Az argentin edzőnél, majd utódjánál, a portugál<strong> Carlos Carvalhalnál</strong> is aztán

<span class="highlight-block-small">a kihagyhatatlan kategória lett, a hetedik forduló óta csak két meccsen nem kezdett – egyszer eltiltás, egyszer pedig sérülés miatt nem játszott –, miközben voltak elégedetlenkedő hangok, amiért az új spanyol kapitány, <strong>Luis de la Fuente</strong> nem válogatta be a legutóbbi Eb-selejtezős meccsekre.</span>

A Celta Vigo 2007-ben csak a 18. helyen végzett a spanyol élvonalban, így kiesett, majd nem sokkal később a másodosztályban is a bennmaradásért kellett küzdenie, miközben a klub a csőd szélén egyensúlyozott. A kritikus pillanatban a vezetőség nem tehetett mást, mint a saját utánpótlása felé fordult, hogy a fiatal tehetségek felépítésével, majd értékesítésével maradjon életben – bejött.

A galíciai csapat 2012-ben jutott vissza az élvonalba és azóta rendre a vonal felett tudott maradni. Sőt, miután 2016-ban a hatodik helyen végzett a csapat és elindulhatott a következő szezonban az Európa Ligában, ahol már meg sem állt az elődöntőig, és csak 2-1-es összesítéssel bukott el a sorozatot aztán meg is nyerő Manchester Uniteddel szemben. Az ugyan egy kiemelkedő idény volt, ugyanakkor figyelemreméltó labdarúgók azóta is fel-felbukkannak a klubnál. A közelmúltban olyan játékosok jöttek ki a Celta akadémiájáról, mint <strong>Iago Aspas</strong>, a tavaly nyáron a Real Sociedadhoz igazoló <strong>Brais Méndez</strong>, vagy épp a spanyol válogatottban góllal debütáló <strong>Joselu</strong>. És ezt a sort folytatja Gabri Veiga is.
<div class="payable-content-section"></div>
A fiatal középpályás eleinte a kosárlabdába volt szerelmes, de aztán egy idő után rájött, jobban szereti rúgni, mintsem pattogtatni a labdát. A galíciai O Porrinó szülöttjeként aztán bekerült a tartomány kiemelt klubja, a Celta Vigo utánpótlásrendszerébe, bár eleinte nem nyújtott olyan teljesítmény, hogy kitűnt volna. 2019-től kezdve kezdett el komolyabb játékperceket kapni a harmadosztályban szereplő tartalékok között, majd ezzel párhuzamosan jutott neki némi epizódszerep az élvonalban is – 2020 szeptemberében debütált a La Ligában.

<img class="alignnone size-full wp-image-8575" src="https://sport24.24.hu/app/uploads/sites/24/2023/04/gabriel-veiga.jpg" alt="" width="3000" height="2000" />

Gabri Veiga alapvetően egy támadó szellemiségű középpályás, aki eredendően a csatár(ok) mögött, vagy valamelyik szélen szerepelt. Hogy benne van a játékában a gól, azt megmutatta már a legutóbbi harmadosztályú szezonban is, amikor kilencszer volt eredményes és kiosztott egy gólpasszt is. Ezzel sikerült is feltűnést keltenie, ugyanakkor majdnem elvágta magát a Celtánál, nem akart ugyanis hosszabbítani, ami miatt nem is nagyon erőltették a játékát az első csapatban. Ennek következménye, hogy az előző szezonban alig több mint 100 percet kapott csak hét bajnoki találkozón.

Nyáron aztán csak sikerült megegyeznie a klubbal, alá is írt egyből 2026-ig. Miután elhárult minden akadály, az időzített bomba működésbe lépett, a most futó szezon elején már rendre beállt csereként, majd, ahogy már említettük, kihagyhatatlanná vált az első csapat kezdőjéből a remek fizikai adottságokkal rendelkező, 185 centiméter magas játékos.

<span class="highlight-block-small">Idővel visszavontabb szerepkörbe került, berakták a támadó középpályások és a védők közé a pálya közepére. A változtatás hozta el aztán alighanem az áttörést számára, ugyanis nem egy a játékot sok passzal és elmozgással irányító, tipikus spanyol középpályás vált belőle, sokkal inkább egy lendületes, a labdát előszeretettel cipelő box-to-box játékos. Egy amolyan <strong>Jude Bellingham</strong>-klón.</span>

Persze sok területen kell még fejlődnie ahhoz, hogy hasonló számokat produkáljon, mint a Borussia Dortmund klasszisa, aki több progresszív labdacipeléssel és passzal jelentkezik, és az angol játékost a társak is többet keresik, mint Veigát – bár ebben persze az is benne van, hogy Dortmundban majdhogynem csapágyasra játszatják Bellinghamet.

Gabri Veiga ugyanakkor van, amiben a sokkal ismertebb poszttársa fölé nő: kilenc gólt szerzett eddig (Bellingham négyet), és mindkettejüknek négy-négy asszisztja van, azaz csapata több góljában vállalt eddig részt. Ha már gólok, akkor egy mutatóban a komplett spanyol bajnokságból is kiemelkedik, méghozzá azzal, hogy 5,6-os xG-re tizenegyesek nélkül is szerzett kilenc gólt, ezen a téren az ő plusz-mínusz mutatója a legjobb a spanyol élvonalban (+3,5). 50 lövésével a második, 22 kaput találó kísérletével pedig az első a középpályások különversenyében a La Ligában.
<blockquote class="twitter-tweet">
<p dir="ltr" lang="en">Gabri Veiga I know u got sumn for me <a href="https://t.co/C7XGNXKzDV">pic.twitter.com/C7XGNXKzDV</a></p>
— nik #GraciasAguero (@shinsunik) <a href="https://twitter.com/shinsunik/status/1646780403427180545?ref_src=twsrc%5Etfw">April 14, 2023</a></blockquote>
<script async src="https://platform.twitter.com/widgets.js" charset="utf-8"></script>

A fentiek után nem lenne váratlan, ha még egy gólt valahogy összehozna. A The Analyst <a href="https://theanalyst.com/eu/2023/03/laliga-young-stars-players-to-watch-2022-23/">cikke</a> szerint a 2008-2009-es szezon kezdete óta az európai topligákban mindössze öt olyan alkalom volt, hogy egy középső/védekező középpályás legalább tíz, nem büntetőből szerzett góllal zárta volna a szezont:
<ul>
 	<li><strong>Xavi</strong> (2011-12),</li>
 	<li><strong>Cesc Fàbregas</strong> (2012-13)</li>
 	<li><strong>James Rodríguez</strong> (2014-15),</li>
 	<li><strong>Isco</strong> (2016-17) és</li>
 	<li><strong>Marcos Llorente</strong> (2020-21).</li>
</ul>
Ebbe az elittársaságba csatlakozhat be Gabri Veiga, és így talán jobban érthető az is, hogy miért állnak sorban az európai topcsapatok a játékjogának megszerzéséért. Ráadásul amíg Bellinghamet 150 millió euróért lehet csak mozdítani Dortmundból, addig a spanyol játékos kivásárlási ára 40 millió – alig fél év alatt nőtt 26-szorosára a piaci értéke.

Vannak azonban, akik még óvatosságra intik. A vezetőség szerint nem eladó, a klubikon, Aspas szerint is még egy évet maradnia kellene a Celtánál, már csak amiatt is, mert a következő lesz a klub történetének centenáriumi szezonja, amit kár lenne kihagyni. A Marca rádióadásában nyilatkozó spanyol fociszakértő, <strong>Miguel Quintana</strong> pedig azt hozta fel, hogy Veiga még csak pár hónapja játszik ilyen kiemelkedő szinten, egy nagy ugrás a karrierjében pedig akár törést is okozhat, ha esetleg nem robbanna be hirtelen új csapatánál.
<blockquote>Akárhogy is döntesz, Gabri, biztosan helyes lesz. Ez a te életed, a te karriered. De minden szeretetemmel és csodálatommal együtt, maradj még egy évet! Ne mások miatt, ne miattunk. Magad miatt maradj még egy évet</blockquote>
– <a href="https://www.marca.com/radio/opinion/2023/03/23/641c591622601d11528b4573.html">mondta</a> Quintana.

Sok olyan példát láttunk már, hogy az egyszezonos csodafocisták eltűntek a süllyesztőben. Gabriel Veigában ugyanakkor megvan az a potenciál, hogy még sokszor találkozzunk a nevével a közeljövőben.
