{"version":"1.0","provider_name":"Sport24","provider_url":"https:\/\/sport24.24.hu","author_name":"Bruckner G\u00e1bor","author_url":"https:\/\/sport24.24.hu\/author\/brucknerg\/","title":"A Premier League nyom\u00e1ba eredne a brazil klubfutball","html":"Igen, igaz, hogy az IFFHS v\u00e9lem\u00e9nye alapj\u00e1n 2022 legjobb nemzeti bajnoks\u00e1ga a brazil Serie A, de az els\u0151sorban kontinent\u00e1lis eredm\u00e9nyess\u00e9gre alapozott sorrend\u00e1ll\u00edt\u00e1s semmik\u00e9ppen nem ad lehet\u0151s\u00e9get az eur\u00f3pai hatalmass\u00e1gokkal t\u00f6rt\u00e9n\u0151 \u00f6sszevet\u00e9sre, m\u00e1rpedig a brazil klubok \u00e9s lehets\u00e9ges befektet\u0151ik vizeken t\u00fali l\u00e9pt\u00e9kben gondolkodnak.\r\n\r\nA helyzet persze nem lenne brazilos \u2013 \u00e9s alapvet\u0151en ingathatna meg minket a hit\u00fcnkben, miszerint a brazilok a szappanoper\u00e1kat nem kital\u00e1lj\u00e1k, hanem \u00e9lik \u2013, ha ez egyszer\u0171en menne; p\u00e9ld\u00e1ul lenne egy egys\u00e9ges liga, amely befektet\u0151kkel t\u00e1rgyalna, \u00e9s gyorsan d\u00f6nt\u00e9st hozna.\r\n\r\n<span class=\"highlight-block-small\">Nyugi, Braz\u00edlia els\u0151 h\u00e1rom oszt\u00e1ly\u00e1nak klubjai jelen pillanatban azonos bajnoki rendszerben j\u00e1tszanak, de szervezetileg k\u00e9t lig\u00e1ba csoportosulnak, \u00e9s a k\u00e9t liga m\u00e1s-m\u00e1s p\u00e9nzeloszt\u00e1si ar\u00e1nyokat k\u00e9pzel el, m\u00e1s-m\u00e1s c\u00e9ggel is t\u00e1rgyal a p\u00e9nz\u00fcgyi lehet\u0151s\u00e9gek b\u0151v\u00edt\u00e9s\u00e9r\u0151l.<\/span>\r\n\r\nAz egyik nagy csoport \u2013 \u00e9s a n\u00e9pesebb is egyben \u2013 az LFF (Liga Forte Futebol, Er\u0151s Futball Liga) 26 A-, B- meg C-oszt\u00e1ly\u00fa klubot sz\u00e1ml\u00e1l, \u00e9s m\u00e1r az el\u0151szerz\u0151d\u00e9sn\u00e9l tart a Serengeti Asset Management nev\u0171 amerikai befektet\u0151jel\u00f6lttel, amely k\u00f6zel 1 milli\u00e1rd doll\u00e1r\u00e9rt v\u00e1s\u00e1roln\u00e1 be mag\u00e1t 20 sz\u00e1zal\u00e9k erej\u00e9ig. Ez a szervez\u0151d\u00e9s az egalit\u00e1riusok csoportja, azaz a p\u00e9nzeloszt\u00e1st kisebb differenci\u00e1kkal k\u00e9pzeli el: 45 sz\u00e1zal\u00e9kot egyenl\u0151en, 30 sz\u00e1zal\u00e9kot a bajnoks\u00e1gban el\u00e9rt eredm\u00e9nyeket figyelembe v\u00e9ve, 25 sz\u00e1zal\u00e9kot pedig a klubok kereskedelmi \u00e9rt\u00e9ke alapj\u00e1n juttatna. Ennek megfelel\u0151en a csoportosul\u00e1s nem b\u0151velkedik az igazi nagy\u00e1gy\u00fakban, hiszen azok \u00e9rdeke a t\u00e1gabbra ny\u00edl\u00f3 oll\u00f3.\r\n\r\n[caption id=\"attachment_7945\" align=\"alignnone\" width=\"1024\"]<img class=\"size-full wp-image-7945\" src=\"https:\/\/sport24.24.hu\/app\/uploads\/sites\/24\/2023\/02\/palmeiras-flamengo.jpg\" alt=\"\" width=\"1024\" height=\"683\" \/> A Palmeiras \u00e9s a Flamengo tal\u00e1lkozott egym\u00e1ssal a Szuperkupa-meccsen.[\/caption]\r\n\r\nInk\u00e1bb \u0151ket k\u00e9pviseli a LIBRA (Brazil Liga), amelyet az \u00f6t nagy Sao Paul\u00f3-i klub \u00e9s a Flamengo hozott l\u00e9tre, s jelenleg 18 csapatot t\u00f6m\u00f6r\u00edt. A Corinthiansszal, a Flameng\u00f3val, a Palmeirasszal, a Sao Paulo FC-vel nyugodtan h\u00edvhatjuk a t\u00e1rsas\u00e1got az el\u0151jogokra is apell\u00e1l\u00f3 \u201earisztokrat\u00e1knak\u201d. \u0150k a bev\u00e9teleknek csak 40 sz\u00e1zal\u00e9k\u00e1t osztan\u00e1k el azonos m\u00e9rt\u00e9kben, majd 30-30 sz\u00e1zal\u00e9kot a helyez\u00e9sekre alapozva, illetve a kereskedelmi vagy n\u00e9pszer\u0171s\u00e9gi sz\u00e1mok ar\u00e1ny\u00e1ban. A LIBRA az Egyes\u00fclt Arab Em\u00edrs\u00e9gek korm\u00e1ny\u00e1hoz k\u00f6thet\u0151 Mubadala befektet\u00e9si alappal folytat t\u00e1rgyal\u00e1sokat egy 900 milli\u00f3 doll\u00e1ros befektet\u00e9sr\u0151l.\r\n\r\nA k\u00fcl\u00f6nbs\u00e9gek els\u0151 olvasatra nem t\u0171nnek \u00e1thidalhatatlanoknak, \u00e9s mindk\u00e9t esetben hajt\u00f3er\u0151 a k\u00f6zeled\u00e9sre meg a k\u00f6z\u00f6s \u00e1ll\u00e1spont kialak\u00edt\u00e1s\u00e1ra n\u00e9zve, hogy a befektet\u0151k a meg\u00e1llapod\u00e1st elfogad\u00f3 klubok sz\u00e1m\u00e1hoz k\u00f6tik a kontraktusok v\u00e9gleges\u00edt\u00e9s\u00e9t, azaz ak\u00e1r mindkett\u0151 k\u00fatba is eshet, a kett\u0151 egy\u00fctt viszont aligha j\u00f6het l\u00e9tre.\r\n\r\n<span class=\"highlight-block\">\u00c1prilis v\u00e9g\u00e9ig d\u00f6nt\u00e9snek kell sz\u00fcletnie, vagy \u00fajabb p\u00e9nz\u00fcgyi lehet\u0151s\u00e9gek ut\u00e1n kell kutatni, <\/span>\r\n\r\nugyanakkor a klubok sz\u00e1m\u00e1ra legfontosabb bev\u00e9teli forr\u00e1s, a telev\u00edzi\u00f3s k\u00f6zvet\u00edt\u00e9sek ut\u00e1n j\u00e1r\u00f3 p\u00e9nz 2024 v\u00e9g\u00e9ig garant\u00e1lt a Glob\u00f3val \u00e9l\u0151 szerz\u0151d\u00e9s alapj\u00e1n, \u00edgy ak\u00e1r mindent \u00fajra is gondolhatnak a szerepl\u0151k.\r\n<div class=\"payable-content-section\"><\/div>\r\nAmi mindenk\u00e9ppen hatalmas v\u00e1ltoz\u00e1s lenne, az a szeg\u00e9ny \u00e9s gazdag kluboknak k\u00edn\u00e1lt p\u00e9nz\u00fcgyi kond\u00edci\u00f3k kiegyenl\u00edt\u0151d\u00e9se. 2019-ben a Globo sz\u00e1mai alapj\u00e1n a bajnoki 1. \u00e9s 20. helyezett k\u00f6z\u00f6tt a k\u00f6zvet\u00edt\u00e9si p\u00e9nzekben 9,5-szeres volt az elt\u00e9r\u00e9s, a most megfogalmazott tervezetek \u00e9s \u00e1ll\u00e1spontok egyik\u00e9ben sem lenne nagyobb, mint 4-szeres.\r\n\r\nErr\u0151l az LFF-hez elk\u00f6telezett Internacional eln\u00f6ke, <strong>Alessandro Barcellos<\/strong>, azt mondja:\r\n<blockquote>A futballvil\u00e1g nagy lig\u00e1i azt mutatj\u00e1k, hogy a bev\u00e9teleket kiegyenl\u00edtetten \u00e9s \u00e9rdem szerint kiosztva a bajnoks\u00e1g \u00e9lesebb\u00e9 v\u00e1lik, ami vonz\u00f3bb\u00e1 teszi a term\u00e9ket. A vonz\u00f3bb term\u00e9kkel n\u0151nek a nemzeti \u00e9s nemzetk\u00f6zi m\u00e9diabev\u00e9telek.<\/blockquote>\r\nA vil\u00e1g h\u00e1rom leger\u0151sebb bajnoks\u00e1ga k\u00f6z\u00f6tt szeretn\u00e9 l\u00e1tni a brazilt. A LIBRA-val t\u00e1rgyal\u00f3 p\u00e9nz\u00fcgyi alap vezet\u0151s\u00e9g\u00e9ben a Premier League ut\u00e1ni m\u00e1sodik poz\u00edci\u00f3 el\u00e9r\u00e9s\u00e9t tervezik, igaz, \u00e9vtizedek alatt.\r\n\r\n[caption id=\"attachment_7941\" align=\"aligncenter\" width=\"1333\"]<img class=\"size-full wp-image-7941\" src=\"https:\/\/sport24.24.hu\/app\/uploads\/sites\/24\/2023\/02\/000_328m9ca.jpg\" alt=\"\" width=\"1333\" height=\"865\" \/> Alessandro Barcellos, Mano Menezes \u00e9s Emilio Papaleo az Internacional \u00faj edz\u0151j\u00e9nek tavaly \u00e1prilis bemutat\u00e1s\u00e1n[\/caption]\r\n\r\nA nagyszab\u00e1s\u00fa tervek l\u00e9teznek. De mi\u00e9rt most \u00fct\u00f6tte fel a fej\u00e9t a hossz\u00fat\u00e1v\u00fa gazdas\u00e1gi alap\u00fa gondolkod\u00e1s a futballtehets\u00e9gsejkek orsz\u00e1g\u00e1ban, ahol, ha lesz\u00farunk egy botot, r\u00f6gt\u00f6n kiemelked\u0151en \u00edg\u00e9retes labdam\u0171v\u00e9sz-pal\u00e1nt\u00e1k n\u00e9zik kapuf\u00e1nak, akiket egyb\u0151l el lehet adni?\r\n\r\nAz ok, hogy\r\n\r\n<span class=\"highlight-block-small\">egy 2021 nyar\u00e1n elfogadott t\u00f6rv\u00e9ny k\u00fcl\u00f6nleges st\u00e1tusz\u00fa gazdas\u00e1gi t\u00e1rsas\u00e1gok l\u00e9trej\u00f6tt\u00e9t tette lehet\u0151v\u00e9 a futballban. <\/span>\r\n\r\nAz addig civil egyes\u00fcleti \u00e1llapotban verg\u0151d\u0151 klubok \u00e1lland\u00f3 ad\u00f3ss\u00e1g el\u0151li menek\u00fcl\u00e9s\u00e9b\u0151l kiutat mutatott a tartoz\u00e1sok kedvez\u0151 \u00fctemez\u00e9s\u00e9vel, egyszersmind optim\u00e1lis ad\u00f3z\u00e1si felt\u00e9telekkel tette cs\u00e1b\u00edt\u00f3v\u00e1 a p\u00e9nzemberek sz\u00e1m\u00e1ra a futballbefektet\u00e9seket. A v\u00edzbe dobott pezsg\u0151tabletta hat\u00e1s\u00e1t \u00e9rte el a jogszab\u00e1lyv\u00e1ltoz\u00e1s. A leggazdagabb brazilok mellett megjelentek a nemzetk\u00f6zi m\u00e1gn\u00e1sok: <strong>John Textor<\/strong>, a Lyon tulajdonosa \u00e9s a Crystal Palace r\u00e9szv\u00e9nyese a Botafog\u00f3ba, az amerikai 777 Partners a Vasco csapat\u00e1ba, a City Group a Bahia egy\u00fcttes\u00e9be fektet be, \u00e9s rem\u00e9l term\u00e9szetesen el\u0151bb vagy ut\u00f3bb nyeres\u00e9get. <strong>Ronaldo<\/strong> a Cruzeir\u00f3t vette meg, \u00e9s juttatta vissza els\u0151 \u00e9v\u00e9ben a Serie A-ba, az Atletico MG brazil tulajdonosa \u00faj, saj\u00e1t stadiont \u00e9p\u00edtett. (Ezen klubok \u2013 az utols\u00f3 kiv\u00e9tel\u00e9vel \u2013 mind az \u201earisztokrat\u00e1k\u201d k\u00f6z\u00e9 tartoznak.)\r\n\r\n[caption id=\"attachment_7946\" align=\"alignnone\" width=\"1024\"]<img class=\"size-full wp-image-7946\" src=\"https:\/\/sport24.24.hu\/app\/uploads\/sites\/24\/2023\/02\/suarez.jpg\" alt=\"\" width=\"1024\" height=\"767\" \/> A Gremio nagy fog\u00e1sa volt Luis Su\u00e1rez.[\/caption]\r\n\r\nA brazil futball elindult valamerre, s az ir\u00e1nyt a n\u00e9h\u00e1ny napja az els\u0151oszt\u00e1ly\u00fa csapatok \u00e1ltal elfogadott szab\u00e1lyv\u00e1ltoz\u00e1s is megmutatja: mostant\u00f3l egy meccsre m\u00e1r nem \u00f6t, hanem h\u00e9t k\u00fclf\u00f6ldit lehet nevezni. A brazil futball is nemzetk\u00f6ziv\u00e9 lesz. A kontinens versenysorozatait ezek a v\u00e1ltoz\u00e1sok degrad\u00e1lhatj\u00e1k, hiszen a l\u00e1tv\u00e1nyos \u00fctemben izmosod\u00f3 brazil csapatok m\u00e1r \u00edgy is \u00e9vek \u00f3ta uralj\u00e1k D\u00e9l-Amerik\u00e1t: a Libertadores Kupa el\u0151z\u0151 h\u00e1rom d\u00f6nt\u0151j\u00e9ben csak brazil egy\u00fcttes l\u00e9phetett p\u00e1ly\u00e1ra.\r\n\r\nHajlamos az ember a futball jelentette \u00e9lm\u00e9ny hat\u00e1sa alatt sok mindenr\u0151l megfeledkezni. Egy l\u00e1tv\u00e1nyos, v\u00e1ratlanul megh\u00fazott csel pillanat\u00e1ban p\u00e9ld\u00e1ul esz\u00fcnkbe se jut a p\u00e9nz. Braz\u00edli\u00e1ban most azt vett\u00e9k a fej\u00fckbe, hogy\r\n\r\n<span class=\"highlight-block\">jobb lenne, ha a vil\u00e1g legkiv\u00e1l\u00f3bbjai, k\u00f6zt\u00fck a saj\u00e1t klasszisaik m\u00e9gis ink\u00e1bb n\u00e1luk cselezgetn\u00e9nek.<\/span>\r\n\r\nHa m\u00e1s\u00e9rt nem, h\u00e1t a p\u00e9nz miatt.\r\n\r\n[prefabricated_shortcode in_app=\"0\" code=\"%3Cdiv%20class%3D%22article_box_border%22%20style%3D%22background%3A%20url%28%27https%3A%2F%2F24.p3k.hu%2Fapp%2Fuploads%2Fsites%2F24%2F2021%2F05%2Fsport24-pattern.png%27%29%20no-repeat%20left%20-16px%20%23f3f3f4%3B%20border%3A%20none%3B%22%3E%0D%0A%3Cdiv%20class%3D%22article_solidheader%22%3E%0D%0A%3Ch2%20style%3D%22color%3A%20%23111115%21important%3B%20font-size%3A%2036px%3B%20font-weight%3A%20bold%3B%20margin-bottom%3A%2030px%3B%20margin-top%3A%2020px%3B%20text-align%3A%20center%3B%20line-height%3A%2036px%3B%22%3E%3Cimg%20class%3D%22aligncenter%20size-full%20wp-image-141%22%20src%3D%22https%3A%2F%2F24.p3k.hu%2Fapp%2Fuploads%2Fsites%2F24%2F2021%2F05%2Fs24-logo-dt.png%22%20alt%3D%22%22%20width%3D%22408%22%20height%3D%2290%22%20%2F%3E%3C%2Fh2%3E%0D%0A%3Ch2%20style%3D%22color%3A%20%23111115%21important%3B%20font-size%3A%2036px%3B%20font-weight%3A%20bold%3B%20margin-bottom%3A%2030px%3B%20margin-top%3A%2020px%3B%20text-align%3A%20center%3B%20line-height%3A%2040px%3B%22%3ECsatlakozz%20a%20Sport24%20k%C3%B6z%C3%B6ss%C3%A9ghez%2C%20mondd%20el%20v%C3%A9lem%C3%A9nyedet%20z%C3%A1rt%20Facebook-csoportunkban%2C%20%C3%A9s%20vegy%C3%A9l%20r%C3%A9szt%20csak%20el%C5%91fizet%C5%91knek%20el%C3%A9rhet%C5%91%20exkluz%C3%ADv%20esem%C3%A9nyeinken.%3C%2Fh2%3E%0D%0A%3C%2Fdiv%3E%0D%0A%3Cp%20style%3D%22background%3A%20%2357A600%3B%20margin-top%3A%2020px%3B%20padding%3A%2020px%3B%20text-align%3A%20center%3B%22%3E%3Ca%20style%3D%22color%3A%20%23ffffff%3B%20font-size%3A%2026px%3B%20font-weight%3A%20600%3B%22%20href%3D%22https%3A%2F%2Fwww.facebook.com%2Fgroups%2F212344460412327%22%3ECSATLAKOZOM%3C%2Fa%3E%3C%2Fp%3E%0D%0A%0D%0A%3C%2Fdiv%3E\"]","type":"rich","thumbnail_url":"https:\/\/s.24.hu\/app\/uploads\/sites\/24\/2023\/02\/gettyimages-1244441711-masolat-150x150.jpg","thumbnail_width":150,"thumbnail_height":150}

Bruckner Gábor

A Premier League nyomába eredne a brazil klubfutball

Igen, igaz, hogy az IFFHS véleménye alapján 2022 legjobb nemzeti bajnoksága a brazil Serie A, de az elsősorban kontinentális eredményességre alapozott sorrendállítás semmiképpen nem ad lehetőséget az európai hatalmasságokkal történő összevetésre, márpedig a brazil klubok és lehetséges befektetőik vizeken túli léptékben gondolkodnak.

A helyzet persze nem lenne brazilos – és alapvetően ingathatna meg minket a hitünkben, miszerint a brazilok a szappanoperákat nem kitalálják, hanem élik –, ha ez egyszerűen menne; például lenne egy egységes liga, amely befektetőkkel tárgyalna, és gyorsan döntést hozna.

<span class="highlight-block-small">Nyugi, Brazília első három osztályának klubjai jelen pillanatban azonos bajnoki rendszerben játszanak, de szervezetileg két ligába csoportosulnak, és a két liga más-más pénzelosztási arányokat képzel el, más-más céggel is tárgyal a pénzügyi lehetőségek bővítéséről.</span>

Az egyik nagy csoport – és a népesebb is egyben – az LFF (Liga Forte Futebol, Erős Futball Liga) 26 A-, B- meg C-osztályú klubot számlál, és már az előszerződésnél tart a Serengeti Asset Management nevű amerikai befektetőjelölttel, amely közel 1 milliárd dollárért vásárolná be magát 20 százalék erejéig. Ez a szerveződés az egalitáriusok csoportja, azaz a pénzelosztást kisebb differenciákkal képzeli el: 45 százalékot egyenlően, 30 százalékot a bajnokságban elért eredményeket figyelembe véve, 25 százalékot pedig a klubok kereskedelmi értéke alapján juttatna. Ennek megfelelően a csoportosulás nem bővelkedik az igazi nagyágyúkban, hiszen azok érdeke a tágabbra nyíló olló.

[caption id="attachment_7945" align="alignnone" width="1024"]<img class="size-full wp-image-7945" src="https://sport24.24.hu/app/uploads/sites/24/2023/02/palmeiras-flamengo.jpg" alt="" width="1024" height="683" /> A Palmeiras és a Flamengo találkozott egymással a Szuperkupa-meccsen.[/caption]

Inkább őket képviseli a LIBRA (Brazil Liga), amelyet az öt nagy Sao Pauló-i klub és a Flamengo hozott létre, s jelenleg 18 csapatot tömörít. A Corinthiansszal, a Flamengóval, a Palmeirasszal, a Sao Paulo FC-vel nyugodtan hívhatjuk a társaságot az előjogokra is apelláló „arisztokratáknak”. Ők a bevételeknek csak 40 százalékát osztanák el azonos mértékben, majd 30-30 százalékot a helyezésekre alapozva, illetve a kereskedelmi vagy népszerűségi számok arányában. A LIBRA az Egyesült Arab Emírségek kormányához köthető Mubadala befektetési alappal folytat tárgyalásokat egy 900 millió dolláros befektetésről.

A különbségek első olvasatra nem tűnnek áthidalhatatlanoknak, és mindkét esetben hajtóerő a közeledésre meg a közös álláspont kialakítására nézve, hogy a befektetők a megállapodást elfogadó klubok számához kötik a kontraktusok véglegesítését, azaz akár mindkettő kútba is eshet, a kettő együtt viszont aligha jöhet létre.

<span class="highlight-block">Április végéig döntésnek kell születnie, vagy újabb pénzügyi lehetőségek után kell kutatni, </span>

ugyanakkor a klubok számára legfontosabb bevételi forrás, a televíziós közvetítések után járó pénz 2024 végéig garantált a Globóval élő szerződés alapján, így akár mindent újra is gondolhatnak a szereplők.
<div class="payable-content-section"></div>
Ami mindenképpen hatalmas változás lenne, az a szegény és gazdag kluboknak kínált pénzügyi kondíciók kiegyenlítődése. 2019-ben a Globo számai alapján a bajnoki 1. és 20. helyezett között a közvetítési pénzekben 9,5-szeres volt az eltérés, a most megfogalmazott tervezetek és álláspontok egyikében sem lenne nagyobb, mint 4-szeres.

Erről az LFF-hez elkötelezett Internacional elnöke, <strong>Alessandro Barcellos</strong>, azt mondja:
<blockquote>A futballvilág nagy ligái azt mutatják, hogy a bevételeket kiegyenlítetten és érdem szerint kiosztva a bajnokság élesebbé válik, ami vonzóbbá teszi a terméket. A vonzóbb termékkel nőnek a nemzeti és nemzetközi médiabevételek.</blockquote>
A világ három legerősebb bajnoksága között szeretné látni a brazilt. A LIBRA-val tárgyaló pénzügyi alap vezetőségében a Premier League utáni második pozíció elérését tervezik, igaz, évtizedek alatt.

[caption id="attachment_7941" align="aligncenter" width="1333"]<img class="size-full wp-image-7941" src="https://sport24.24.hu/app/uploads/sites/24/2023/02/000_328m9ca.jpg" alt="" width="1333" height="865" /> Alessandro Barcellos, Mano Menezes és Emilio Papaleo az Internacional új edzőjének tavaly április bemutatásán[/caption]

A nagyszabású tervek léteznek. De miért most ütötte fel a fejét a hosszútávú gazdasági alapú gondolkodás a futballtehetségsejkek országában, ahol, ha leszúrunk egy botot, rögtön kiemelkedően ígéretes labdaművész-palánták nézik kapufának, akiket egyből el lehet adni?

Az ok, hogy

<span class="highlight-block-small">egy 2021 nyarán elfogadott törvény különleges státuszú gazdasági társaságok létrejöttét tette lehetővé a futballban. </span>

Az addig civil egyesületi állapotban vergődő klubok állandó adósság előli meneküléséből kiutat mutatott a tartozások kedvező ütemezésével, egyszersmind optimális adózási feltételekkel tette csábítóvá a pénzemberek számára a futballbefektetéseket. A vízbe dobott pezsgőtabletta hatását érte el a jogszabályváltozás. A leggazdagabb brazilok mellett megjelentek a nemzetközi mágnások: <strong>John Textor</strong>, a Lyon tulajdonosa és a Crystal Palace részvényese a Botafogóba, az amerikai 777 Partners a Vasco csapatába, a City Group a Bahia együttesébe fektet be, és remél természetesen előbb vagy utóbb nyereséget. <strong>Ronaldo</strong> a Cruzeirót vette meg, és juttatta vissza első évében a Serie A-ba, az Atletico MG brazil tulajdonosa új, saját stadiont épített. (Ezen klubok – az utolsó kivételével – mind az „arisztokraták” közé tartoznak.)

[caption id="attachment_7946" align="alignnone" width="1024"]<img class="size-full wp-image-7946" src="https://sport24.24.hu/app/uploads/sites/24/2023/02/suarez.jpg" alt="" width="1024" height="767" /> A Gremio nagy fogása volt Luis Suárez.[/caption]

A brazil futball elindult valamerre, s az irányt a néhány napja az elsőosztályú csapatok által elfogadott szabályváltozás is megmutatja: mostantól egy meccsre már nem öt, hanem hét külföldit lehet nevezni. A brazil futball is nemzetközivé lesz. A kontinens versenysorozatait ezek a változások degradálhatják, hiszen a látványos ütemben izmosodó brazil csapatok már így is évek óta uralják Dél-Amerikát: a Libertadores Kupa előző három döntőjében csak brazil együttes léphetett pályára.

Hajlamos az ember a futball jelentette élmény hatása alatt sok mindenről megfeledkezni. Egy látványos, váratlanul meghúzott csel pillanatában például eszünkbe se jut a pénz. Brazíliában most azt vették a fejükbe, hogy

<span class="highlight-block">jobb lenne, ha a világ legkiválóbbjai, köztük a saját klasszisaik mégis inkább náluk cselezgetnének.</span>

Ha másért nem, hát a pénz miatt.

[prefabricated_shortcode in_app="0" code="%3Cdiv%20class%3D%22article_box_border%22%20style%3D%22background%3A%20url%28%27https%3A%2F%2F24.p3k.hu%2Fapp%2Fuploads%2Fsites%2F24%2F2021%2F05%2Fsport24-pattern.png%27%29%20no-repeat%20left%20-16px%20%23f3f3f4%3B%20border%3A%20none%3B%22%3E%0D%0A%3Cdiv%20class%3D%22article_solidheader%22%3E%0D%0A%3Ch2%20style%3D%22color%3A%20%23111115%21important%3B%20font-size%3A%2036px%3B%20font-weight%3A%20bold%3B%20margin-bottom%3A%2030px%3B%20margin-top%3A%2020px%3B%20text-align%3A%20center%3B%20line-height%3A%2036px%3B%22%3E%3Cimg%20class%3D%22aligncenter%20size-full%20wp-image-141%22%20src%3D%22https%3A%2F%2F24.p3k.hu%2Fapp%2Fuploads%2Fsites%2F24%2F2021%2F05%2Fs24-logo-dt.png%22%20alt%3D%22%22%20width%3D%22408%22%20height%3D%2290%22%20%2F%3E%3C%2Fh2%3E%0D%0A%3Ch2%20style%3D%22color%3A%20%23111115%21important%3B%20font-size%3A%2036px%3B%20font-weight%3A%20bold%3B%20margin-bottom%3A%2030px%3B%20margin-top%3A%2020px%3B%20text-align%3A%20center%3B%20line-height%3A%2040px%3B%22%3ECsatlakozz%20a%20Sport24%20k%C3%B6z%C3%B6ss%C3%A9ghez%2C%20mondd%20el%20v%C3%A9lem%C3%A9nyedet%20z%C3%A1rt%20Facebook-csoportunkban%2C%20%C3%A9s%20vegy%C3%A9l%20r%C3%A9szt%20csak%20el%C5%91fizet%C5%91knek%20el%C3%A9rhet%C5%91%20exkluz%C3%ADv%20esem%C3%A9nyeinken.%3C%2Fh2%3E%0D%0A%3C%2Fdiv%3E%0D%0A%3Cp%20style%3D%22background%3A%20%2357A600%3B%20margin-top%3A%2020px%3B%20padding%3A%2020px%3B%20text-align%3A%20center%3B%22%3E%3Ca%20style%3D%22color%3A%20%23ffffff%3B%20font-size%3A%2026px%3B%20font-weight%3A%20600%3B%22%20href%3D%22https%3A%2F%2Fwww.facebook.com%2Fgroups%2F212344460412327%22%3ECSATLAKOZOM%3C%2Fa%3E%3C%2Fp%3E%0D%0A%0D%0A%3C%2Fdiv%3E"]
