{"version":"1.0","provider_name":"Sport24","provider_url":"https:\/\/sport24.24.hu","author_name":"Fut\u00f3 Csaba","author_url":"https:\/\/sport24.24.hu\/author\/futocs\/","title":"H\u00e1rom \u00e9ve m\u00e9g Franciaorsz\u00e1gban sem ismert\u00e9k, most a PSG-t verte a Lens csodaedz\u0151je","html":"<strong>Thierry Henry<\/strong> kev\u00e9s dolog\u00e9rt tud lelkesedni. Amikor viszont r\u00e1tal\u00e1l valamire, akkor m\u00e9g a maszkkal letakart arc\u00e1n kereszt\u00fcl is csillognak a szemei.\r\n\r\nAmikor 2021 augusztus\u00e1ban az RC Lens idegenben megverte a Monac\u00f3t, az Amazon Prime szak\u00e9rt\u0151jek\u00e9nt hosszasan dics\u00e9rte a mellette \u00e1ll\u00f3 <strong>Franck Haise<\/strong> munk\u00e1ss\u00e1g\u00e1t. A Lens edz\u0151je megszeppenten hallgatta az \u00f6r\u00f6m\u00f3d\u00e1t.\r\n<blockquote>Ez a csapat szinte megsz\u00f3l\u00edt, egyszerre rag\u00e1lyos \u00e9s hat\u00e1sos. A Lens \u00fagy j\u00f6tt ide, hogy j\u00e1tszani akar, \u00e9s az ilyen csapatokra sz\u00fcks\u00e9g van. Nem otthon akartak j\u00e1tszani. Itt, idegenben akartak j\u00e1tszani! Fantasztikus munk\u00e1t v\u00e9geznek!<\/blockquote>\r\n\u2013 m\u00e9ltatta Henry a Lens edz\u0151j\u00e9t, aki \u00fagy \u00e1llt mellette, mint akinek b\u00e1rmelyik pillanatban kicsordulhat a k\u00f6nnye.\r\n\r\nhttps:\/\/twitter.com\/ZachLowy\/status\/1429505669955309569\r\n\r\nHaise nev\u00e9t szinte senki nem ismerte akkor, amikor felbukkant a Lens kispadj\u00e1n. Amikor kinevezt\u00e9k, a csapat m\u00e9g a m\u00e1sodoszt\u00e1lyban tany\u00e1zott \u2013 ma viszont a francia bajnoks\u00e1g m\u00e1sodik legjobb csapata, amelyik mind\u00f6ssze 4 pontra \u00e1ll a Paris Saint-Germain m\u00f6g\u00f6tt. Mindezt \u00fagy, hogy a csapat \u00e9ves b\u00fcdzs\u00e9je 43 milli\u00f3 eur\u00f3 a PSG \u00e9vi 500 milli\u00f3s k\u00f6lts\u00e9gvet\u00e9s\u00e9vel szemben.\r\n\r\n<span class=\"highlight-block-small\">A Lens-ban az a leghihetetlenebb, hogy nem egy statisztikai anom\u00e1li\u00e1r\u00f3l van sz\u00f3. Csapatok olykor elkapj\u00e1k a fonalat \u00e9s futnak egy fantasztikus szezont \u2013 de itt h\u00e1rom \u00e9ve egyre jobban teljes\u00edtenek.<\/span>\r\n<div class=\"payable-content-section\"><\/div>\r\nId\u00e9n a v\u00e1rhat\u00f3 g\u00f3l-differencia mutat\u00f3ban (amely azt mutatja, hogy a v\u00e1rhat\u00f3 g\u00f3l-modell szerint l\u0151tt \u00e9s bekapott g\u00f3ljainak mennyi a k\u00fcl\u00f6nbs\u00e9ge) a Lens Eur\u00f3pa 7. legjobb csapata, <a href=\"https:\/\/fbref.com\/en\/comps\/Big5\/Big-5-European-Leagues-Stats\">be\u00e9kel\u0151dve<\/a> a Manchester City \u00e9s a Bayern M\u00fcnchen k\u00f6z\u00e9. Az Fbref statisztikai adatb\u00e1zis oldal\u00e1n a francia bajnoks\u00e1gban szinte minden kulcsmutat\u00f3 legjobb 10 helyezettje k\u00f6z\u00f6tt szerepel egy Lens-j\u00e1t\u00e9kos. Emellett a rangad\u00f3kon is j\u00f3l szerepeltek:\r\n<ul>\r\n \t<li>megvert\u00e9k a Lyont (1-0),<\/li>\r\n \t<li>a Rennes-t (2-1),<\/li>\r\n \t<li>a Marseille-t idegenben (0-1),<\/li>\r\n \t<li>legut\u00f3bb pedig a <strong>Kylian Mbapp\u00e9val<\/strong> ki\u00e1ll\u00f3 P\u00e1rizst gy\u0151zt\u00e9k le 3-1-re.<\/li>\r\n<\/ul>\r\nHa van kulcsfigur\u00e1ja ennek a csapatnak, az a vezet\u0151edz\u0151j\u00fck. Haise nem messze Normandi\u00e1t\u00f3l n\u0151tt fel, egy olyan csal\u00e1dban, ahol m\u00e1r az \u00e9desapja is labdar\u00fag\u00f3edz\u0151 volt, \u00edgy meglehet\u0151sen hamar belek\u00f3stolt a szakm\u00e1ba. 19 \u00e9vesen m\u00e1r megszerezte az els\u0151 diplom\u00e1it, 26 \u00e9vesen pedig m\u00e1r az egyik legmagasabban jegyzett vizsg\u00e1t is lerakta. A Rennes-n\u00e9l koroszt\u00e1lyos csapatokat edzett, majd 2012-ben szinte azonnal csod\u00e1t tett a Lorient-n\u00e1l: a tartal\u00e9kcsapatot k\u00e9t \u00e9v alatt k\u00e9tszer is feljuttatta.\r\n\r\nA Lens-n\u00e1l is eredetileg a tartal\u00e9kokhoz hozt\u00e1k, \u00e1m 2020 febru\u00e1rj\u00e1ban, nem sokkal a koronav\u00edrus-j\u00e1rv\u00e1ny el\u0151tt kir\u00fagt\u00e1k a feln\u0151tt csapatt\u00f3l <strong>Philippe Montanier-t<\/strong>. A hely\u00e9re l\u00e9p\u0151 Haise k\u00e9t meccsen k\u00e9tszer is gy\u0151zni tudott, a bajnoks\u00e1g azt\u00e1n a pand\u00e9mia miatt f\u00e9lbeszakadt, ami azt jelentette, hogy a Lens feljutott az els\u0151oszt\u00e1lyba.\r\n\r\n<span class=\"highlight-block-small\">Eltelt 2 \u00e9v, mostanra pedig a Paris Saint-Germain talp\u00e1t csiklandozz\u00e1k, mik\u00f6zben Haise szerz\u0151d\u00e9s\u00e9t 2027-ig meghosszabb\u00edtott\u00e1k \u00e9s tov\u00e1bbi felel\u0151ss\u00e9ggel ruh\u00e1zt\u00e1k fel. Nevel\u0151edz\u0151nek hozt\u00e1k, \u00e1m k\u00e9s\u0151bb els\u0151 sz\u00e1m\u00fa edz\u0151 lett, most pedig m\u00e1r menedzseri feladatokat is ell\u00e1t Lens-ban.<\/span>\r\n\r\nHaise els\u0151sorban a csapatkoh\u00e9zi\u00f3ban hisz. Szerinte nincs foci emberek n\u00e9lk\u00fcl, az embereket pedig be kell vonnia a projekt r\u00e9szleteibe. Abban is hisz, hogy minden pillanatot meg kell \u00fcnnepelni. Amikor a PSG-t legut\u00f3bb megvert\u00e9k, Haise a meccs ut\u00e1n a szurkol\u00f3k egyik kedvelt rigmus\u00e1ba fogott, ahol nem f\u00e9lt odap\u00f6rk\u00f6lni egy kicsit a p\u00e1rizsiaknak (\u201eOl\u00e9l\u00e9, olala, mi t\u00f6rt\u00e9nt k\u00e9rem, h\u00e1t kit\u00f6mt\u00fck \u0151ket!\u201d).\r\n\r\nhttps:\/\/twitter.com\/T_Crepin\/status\/1609669592263323648\r\n\r\nAmikor pedig <strong>Jonathan Clauss<\/strong> a kiegyens\u00falyozott j\u00f3 teljes\u00edtm\u00e9ny\u00e9vel megk\u00f6zel\u00edtette a francia v\u00e1logatottat, <strong>Didier Deschamps<\/strong> kerethirdet\u00e9sekor k\u00f6z\u00f6s TV-n\u00e9z\u00e9st tartott, ahol azt\u00e1n egy\u00fctt \u00fcnnepelt\u00e9k, hogy a Lens \u00fajra j\u00e1t\u00e9kost adhatott a francia v\u00e1logatottnak (Haise a vide\u00f3 v\u00e9g\u00e9n pacsizik Clausszal).\r\n\r\nhttps:\/\/twitter.com\/GoalFrance\/status\/1504506438370086913\r\n\r\nB\u00e1r Haise j\u00e1t\u00e9kban nem szereti letenni a voks\u00e1t egyetlen j\u00e1t\u00e9krendszer mellett sem, az \u00e9vek alatt szorosan hozz\u00e1n\u0151tt a 3-4-1-2 \/ 3-4-3-as fel\u00e1ll\u00e1si forma, ahol a k\u00e9t sz\u00e1rnyv\u00e9d\u0151t szereti vari\u00e1lni aszerint, mit k\u00edv\u00e1n meg az adott j\u00e1t\u00e9khelyzet. Am\u00edg \u2013 az az\u00f3ta a Marseille-hez igazolt \u2013 Jonathan Clauss j\u00e1tszott jobb sz\u00e1rnyv\u00e9d\u0151ben, el\u0151fordult, hogy csak \u0151 l\u00e9pett fel magasan \u00e9s a m\u00e1sik oldali sz\u00e1rnyv\u00e9d\u0151 maradt biztos\u00edtani, de akadt olyan is, hogy <strong>Premizslav Frankwoski<\/strong> a k\u00f6z\u00e9pp\u00e1ly\u00e1ra h\u00faz\u00f3dott be \u00e9s az egyik t\u00e1mad\u00f3 l\u00e9pett ki a sz\u00e9lre labd\u00e1kat k\u00e9rni.\r\n\r\nA Lens-n\u00e1l Haise \u00fagy h\u00edvja a v\u00e9d\u0151it, mint \u201eaz els\u0151 egyens\u00falytalans\u00e1got hoz\u00f3k\u201d. Vagyis azok a j\u00e1t\u00e9kosok, akik legels\u0151k\u00e9nt tudnak zavart okozni az ellenf\u00e9l v\u00e9delm\u00e9ben \u2013 ami azt k\u00edv\u00e1nja meg, hogy a bels\u0151 h\u00e1tv\u00e9dei is tudjanak a labd\u00e1val b\u00e1nni \u00e9s kezdem\u00e9nyezni. Ak\u00e1r <strong>Jonathan Gradit<\/strong>, ak\u00e1r <strong>Danso<\/strong>, ak\u00e1r <strong>Facundo Medina<\/strong> j\u00e1tszik h\u00e1tul, tudni lehet r\u00f3luk, hogy vagy a passzj\u00e1t\u00e9kuk, vagy a labdavezet\u00e9s\u00fck r\u00e9v\u00e9n addig fognak felj\u00f6nni, am\u00edg az ellenf\u00e9lnek ki kell l\u00e9pnie r\u00e1juk, ami viszont ter\u00fclet-felad\u00e1si l\u00e1ncreakci\u00f3t okozhat az ellenf\u00e9ln\u00e9l.\r\n\r\n&nbsp;\r\n\r\nHa megn\u00e9zz\u00fck Haise csapat\u00e1t, az l\u00e1tszik, hogy b\u00e1r a j\u00e1t\u00e9k m\u00f6g\u00f6tt ott vannak a lefektetett j\u00e1t\u00e9kelvek (m\u00e9lys\u00e9gi \u00e9p\u00edtkez\u00e9s, lapos labd\u00e1k, sz\u00e9ls\u0151 elmozg\u00e1sok, f\u00e9lter\u00fcletbe visszal\u00e9p\u0151 t\u00e1mad\u00f3k, sz\u00e9less\u00e9gi j\u00e1t\u00e9k sz\u00e1rnyv\u00e9d\u0151kkel), az eg\u00e9sz m\u00e9gsem dogmatikus. Ha az ellenf\u00e9l \u00f6t emberrel t\u00e1mad le, megesett m\u00e1r, hogy a Lens ink\u00e1bb fel\u00edvelte a labd\u00e1kat a csat\u00e1rra, aki azt\u00e1n megtartotta, vagy egyb\u0151l az ellenf\u00e9l v\u00e9delme m\u00f6g\u00e9 ugrasztotta a t\u00e1mad\u00f3kat egy m\u00e9lys\u00e9gi ind\u00edt\u00e1ssal.\r\n\r\n<img class=\"alignnone size-full wp-image-7581\" src=\"https:\/\/sport24.24.hu\/app\/uploads\/sites\/24\/2023\/01\/haise.jpg\" alt=\"\" width=\"4928\" height=\"3280\" \/>\r\n\r\nA Lens amellett, hogy sz\u00e9pen \u00e9s eredm\u00e9nyesen j\u00e1tszik, Eur\u00f3pa egyik legjobb rekrut\u00e1ci\u00f3j\u00e1val dolgozik. Haise egy <a href=\"https:\/\/twitter.com\/coparenamedia\/status\/1435652726558445568\">interj\u00faban<\/a> kiemelte, hogy a scoutingcsapat el\u0151sz\u00f6r meghat\u00e1rozza, milyen embert akar, ugyanakkor nem f\u00e9lnek id\u0151nk\u00e9nt a \u201edobozon k\u00edv\u00fcl\u201d gondolkodni. Amikor p\u00e9ld\u00e1ul egy sz\u00e1rnyv\u00e9d\u0151t akartak leigazolni, akkor a jel\u00f6ltek k\u00f6z\u00f6tt szerepelt Frankowski, aki ifj\u00fas\u00e1gi labdar\u00fag\u00f3k\u00e9nt m\u00e9g ir\u00e1ny\u00edt\u00f3t j\u00e1tszott \u2013 a lehet\u0151s\u00e9g viszont, hogy a sz\u00e1rnyv\u00e9d\u0151i poszton t\u00fal m\u00e1s helyeken is bevehet\u0151, tov\u00e1bbi gondolkod\u00e1sra serkentette Haise-t \u00e9s csapat\u00e1t. Frankowskit leigazolt\u00e1k, aki az\u00f3ta mindk\u00e9t oldalon j\u00e1tszott \u00e9s id\u0151nk\u00e9nt a k\u00f6z\u00e9pp\u00e1ly\u00e1ra is felt\u0171nt, ha a j\u00e1t\u00e9khelyzet \u00fagy k\u00edv\u00e1nta.\r\n\r\nHaise elmondta azt is, hogy amikor egy j\u00e1t\u00e9kost kiszemelnek, az els\u0151 szem\u00e9lyes tal\u00e1lkoz\u00f3n mindig levet\u00edtenek egy 6-7 perces vide\u00f3t, ahol megmutatj\u00e1k, hogy milyen feladatk\u00f6r\u00f6ket v\u00e1rnak el t\u0151le. Ezt jellemz\u0151en \u00fagy prezent\u00e1lj\u00e1k, hogy fogj\u00e1k a Lens bels\u0151 anyagait, amit kieg\u00e9sz\u00edtenek azzal, amit a j\u00e1t\u00e9kos kor\u00e1bbi csapatain\u00e1l mutatott. Az Udinese-t\u0151l elhozott <strong>Seko Fofan\u00e1r\u00f3l<\/strong> p\u00e9ld\u00e1ul tudt\u00e1k, hogy milyen k\u00f6z\u00e9pp\u00e1ly\u00e1s feladatokkal szeretn\u00e9k megb\u00edzni, az anyag pedig annyira impon\u00e1lt Fofan\u00e1nak, hogy v\u00e9g\u00fcl a Lenst v\u00e1lasztotta.\r\n\r\nHaise mindig elmondja, hogy nem tal\u00e1lta fel a spanyolviaszt, de ett\u0151l m\u00e9g szeret inspir\u00e1l\u00f3dni Eur\u00f3p\u00e1ban. Szereti figyelni <strong>Pep Guardiola<\/strong> Manchester Cityj\u00e9t, <strong>Gian Piero Gasperin<\/strong>i Atalant\u00e1j\u00e1t vagy \u00e9pp <strong>Roberto De Zerbi<\/strong> munk\u00e1j\u00e1t. Ha hinni lehet az ipar\u00e1gi pletyk\u00e1knak, amikor <strong>Graham Potter<\/strong> elment a Brightont\u00f3l a Chelea-hez, a p\u00f3tl\u00e1s\u00e1ra h\u00e1rom edz\u0151 k\u00f6z\u00fcl v\u00e1lasztott a vezet\u0151s\u00e9g: ott volt <strong>Kjetil Knutsen<\/strong> a Bod\u00f6\/Glimtt\u0151l, maga Franck Haise \u00e9s a Shahtar Donyeckt\u0151l t\u00e1voz\u00f3 De Zerbi.\r\n\r\nA v\u00e1laszt\u00e1s v\u00e9g\u00fcl ut\u00f3bbira esett.\r\n\r\n<span class=\"highlight-block-small\">Ha nem is j\u00f6tt m\u00e9g el Franck Haise ideje \u2013 hamarosan fogunk m\u00e9g hallani r\u00f3la.<\/span>","type":"rich","thumbnail_url":"https:\/\/s.24.hu\/app\/uploads\/sites\/24\/2023\/01\/gettyimages-1453671581-2-150x150.jpg","thumbnail_width":150,"thumbnail_height":150}

Futó Csaba

Három éve még Franciaországban sem ismerték, most a PSG-t verte a Lens csodaedzője

<strong>Thierry Henry</strong> kevés dologért tud lelkesedni. Amikor viszont rátalál valamire, akkor még a maszkkal letakart arcán keresztül is csillognak a szemei.

Amikor 2021 augusztusában az RC Lens idegenben megverte a Monacót, az Amazon Prime szakértőjeként hosszasan dicsérte a mellette álló <strong>Franck Haise</strong> munkásságát. A Lens edzője megszeppenten hallgatta az örömódát.
<blockquote>Ez a csapat szinte megszólít, egyszerre ragályos és hatásos. A Lens úgy jött ide, hogy játszani akar, és az ilyen csapatokra szükség van. Nem otthon akartak játszani. Itt, idegenben akartak játszani! Fantasztikus munkát végeznek!</blockquote>
– méltatta Henry a Lens edzőjét, aki úgy állt mellette, mint akinek bármelyik pillanatban kicsordulhat a könnye.

https://twitter.com/ZachLowy/status/1429505669955309569

Haise nevét szinte senki nem ismerte akkor, amikor felbukkant a Lens kispadján. Amikor kinevezték, a csapat még a másodosztályban tanyázott – ma viszont a francia bajnokság második legjobb csapata, amelyik mindössze 4 pontra áll a Paris Saint-Germain mögött. Mindezt úgy, hogy a csapat éves büdzséje 43 millió euró a PSG évi 500 milliós költségvetésével szemben.

<span class="highlight-block-small">A Lens-ban az a leghihetetlenebb, hogy nem egy statisztikai anomáliáról van szó. Csapatok olykor elkapják a fonalat és futnak egy fantasztikus szezont – de itt három éve egyre jobban teljesítenek.</span>
<div class="payable-content-section"></div>
Idén a várható gól-differencia mutatóban (amely azt mutatja, hogy a várható gól-modell szerint lőtt és bekapott góljainak mennyi a különbsége) a Lens Európa 7. legjobb csapata, <a href="https://fbref.com/en/comps/Big5/Big-5-European-Leagues-Stats">beékelődve</a> a Manchester City és a Bayern München közé. Az Fbref statisztikai adatbázis oldalán a francia bajnokságban szinte minden kulcsmutató legjobb 10 helyezettje között szerepel egy Lens-játékos. Emellett a rangadókon is jól szerepeltek:
<ul>
 	<li>megverték a Lyont (1-0),</li>
 	<li>a Rennes-t (2-1),</li>
 	<li>a Marseille-t idegenben (0-1),</li>
 	<li>legutóbb pedig a <strong>Kylian Mbappéval</strong> kiálló Párizst győzték le 3-1-re.</li>
</ul>
Ha van kulcsfigurája ennek a csapatnak, az a vezetőedzőjük. Haise nem messze Normandiától nőtt fel, egy olyan családban, ahol már az édesapja is labdarúgóedző volt, így meglehetősen hamar belekóstolt a szakmába. 19 évesen már megszerezte az első diplomáit, 26 évesen pedig már az egyik legmagasabban jegyzett vizsgát is lerakta. A Rennes-nél korosztályos csapatokat edzett, majd 2012-ben szinte azonnal csodát tett a Lorient-nál: a tartalékcsapatot két év alatt kétszer is feljuttatta.

A Lens-nál is eredetileg a tartalékokhoz hozták, ám 2020 februárjában, nem sokkal a koronavírus-járvány előtt kirúgták a felnőtt csapattól <strong>Philippe Montanier-t</strong>. A helyére lépő Haise két meccsen kétszer is győzni tudott, a bajnokság aztán a pandémia miatt félbeszakadt, ami azt jelentette, hogy a Lens feljutott az elsőosztályba.

<span class="highlight-block-small">Eltelt 2 év, mostanra pedig a Paris Saint-Germain talpát csiklandozzák, miközben Haise szerződését 2027-ig meghosszabbították és további felelősséggel ruházták fel. Nevelőedzőnek hozták, ám később első számú edző lett, most pedig már menedzseri feladatokat is ellát Lens-ban.</span>

Haise elsősorban a csapatkohézióban hisz. Szerinte nincs foci emberek nélkül, az embereket pedig be kell vonnia a projekt részleteibe. Abban is hisz, hogy minden pillanatot meg kell ünnepelni. Amikor a PSG-t legutóbb megverték, Haise a meccs után a szurkolók egyik kedvelt rigmusába fogott, ahol nem félt odapörkölni egy kicsit a párizsiaknak („Olélé, olala, mi történt kérem, hát kitömtük őket!”).

https://twitter.com/T_Crepin/status/1609669592263323648

Amikor pedig <strong>Jonathan Clauss</strong> a kiegyensúlyozott jó teljesítményével megközelítette a francia válogatottat, <strong>Didier Deschamps</strong> kerethirdetésekor közös TV-nézést tartott, ahol aztán együtt ünnepelték, hogy a Lens újra játékost adhatott a francia válogatottnak (Haise a videó végén pacsizik Clausszal).

https://twitter.com/GoalFrance/status/1504506438370086913

Bár Haise játékban nem szereti letenni a voksát egyetlen játékrendszer mellett sem, az évek alatt szorosan hozzánőtt a 3-4-1-2 / 3-4-3-as felállási forma, ahol a két szárnyvédőt szereti variálni aszerint, mit kíván meg az adott játékhelyzet. Amíg – az azóta a Marseille-hez igazolt – Jonathan Clauss játszott jobb szárnyvédőben, előfordult, hogy csak ő lépett fel magasan és a másik oldali szárnyvédő maradt biztosítani, de akadt olyan is, hogy <strong>Premizslav Frankwoski</strong> a középpályára húzódott be és az egyik támadó lépett ki a szélre labdákat kérni.

A Lens-nál Haise úgy hívja a védőit, mint „az első egyensúlytalanságot hozók”. Vagyis azok a játékosok, akik legelsőként tudnak zavart okozni az ellenfél védelmében – ami azt kívánja meg, hogy a belső hátvédei is tudjanak a labdával bánni és kezdeményezni. Akár <strong>Jonathan Gradit</strong>, akár <strong>Danso</strong>, akár <strong>Facundo Medina</strong> játszik hátul, tudni lehet róluk, hogy vagy a passzjátékuk, vagy a labdavezetésük révén addig fognak feljönni, amíg az ellenfélnek ki kell lépnie rájuk, ami viszont terület-feladási láncreakciót okozhat az ellenfélnél.

&nbsp;

Ha megnézzük Haise csapatát, az látszik, hogy bár a játék mögött ott vannak a lefektetett játékelvek (mélységi építkezés, lapos labdák, szélső elmozgások, félterületbe visszalépő támadók, szélességi játék szárnyvédőkkel), az egész mégsem dogmatikus. Ha az ellenfél öt emberrel támad le, megesett már, hogy a Lens inkább felívelte a labdákat a csatárra, aki aztán megtartotta, vagy egyből az ellenfél védelme mögé ugrasztotta a támadókat egy mélységi indítással.

<img class="alignnone size-full wp-image-7581" src="https://sport24.24.hu/app/uploads/sites/24/2023/01/haise.jpg" alt="" width="4928" height="3280" />

A Lens amellett, hogy szépen és eredményesen játszik, Európa egyik legjobb rekrutációjával dolgozik. Haise egy <a href="https://twitter.com/coparenamedia/status/1435652726558445568">interjúban</a> kiemelte, hogy a scoutingcsapat először meghatározza, milyen embert akar, ugyanakkor nem félnek időnként a „dobozon kívül” gondolkodni. Amikor például egy szárnyvédőt akartak leigazolni, akkor a jelöltek között szerepelt Frankowski, aki ifjúsági labdarúgóként még irányítót játszott – a lehetőség viszont, hogy a szárnyvédői poszton túl más helyeken is bevehető, további gondolkodásra serkentette Haise-t és csapatát. Frankowskit leigazolták, aki azóta mindkét oldalon játszott és időnként a középpályára is feltűnt, ha a játékhelyzet úgy kívánta.

Haise elmondta azt is, hogy amikor egy játékost kiszemelnek, az első személyes találkozón mindig levetítenek egy 6-7 perces videót, ahol megmutatják, hogy milyen feladatköröket várnak el tőle. Ezt jellemzően úgy prezentálják, hogy fogják a Lens belső anyagait, amit kiegészítenek azzal, amit a játékos korábbi csapatainál mutatott. Az Udinese-től elhozott <strong>Seko Fofanáról</strong> például tudták, hogy milyen középpályás feladatokkal szeretnék megbízni, az anyag pedig annyira imponált Fofanának, hogy végül a Lenst választotta.

Haise mindig elmondja, hogy nem találta fel a spanyolviaszt, de ettől még szeret inspirálódni Európában. Szereti figyelni <strong>Pep Guardiola</strong> Manchester Cityjét, <strong>Gian Piero Gasperin</strong>i Atalantáját vagy épp <strong>Roberto De Zerbi</strong> munkáját. Ha hinni lehet az iparági pletykáknak, amikor <strong>Graham Potter</strong> elment a Brightontól a Chelea-hez, a pótlására három edző közül választott a vezetőség: ott volt <strong>Kjetil Knutsen</strong> a Bodö/Glimttől, maga Franck Haise és a Shahtar Donyecktől távozó De Zerbi.

A választás végül utóbbira esett.

<span class="highlight-block-small">Ha nem is jött még el Franck Haise ideje – hamarosan fogunk még hallani róla.</span>
