{"version":"1.0","provider_name":"Sport24","provider_url":"https:\/\/sport24.24.hu","author_name":"Bruckner G\u00e1bor","author_url":"https:\/\/sport24.24.hu\/author\/brucknerg\/","title":"M\u00e1t\u00e9 G\u00e1bor: Lement a f\u00fcgg\u00f6ny, felment a f\u00fcgg\u00f6ny","html":"<strong>Bukta Imre<\/strong>-ki\u00e1ll\u00edt\u00e1ssal, h\u00faslevessel \u00e9s vel\u0151scsonttal hangol\u00f3dtam a magyar id\u0151 szerint d\u00e9lut\u00e1ni vb-d\u00f6nt\u0151re. A f\u0151pinc\u00e9r l\u00e1zban \u00e9gett, minden t\u00e1voz\u00f3t\u00f3l megk\u00e9rdezte, a meccsre sietnek-e haza, \u00e9s kinek drukkol a fizet\u0151 vend\u00e9g. Sajn\u00e1lat\u00e1t fejezte ki ugyanakkor, hogy dolgoznia kell. \u00c9s val\u00f3ban egy \u00e1rva t\u00e9v\u00e9k\u00e9sz\u00fcl\u00e9ket sem fedeztem fel a vend\u00e9gl\u00e1t\u00f3ipari egys\u00e9gben.\r\n\r\nTaxival igyekezt\u00fcnk haza, hozz\u00e1tartoz\u00f3m \u00fcgyet sem vetett a vil\u00e1gesem\u00e9nyre, t\u00f6bbsz\u00f6ri felsz\u00f3l\u00edt\u00e1som ellen\u00e9re a kanap\u00e9n elny\u00falva a mobilj\u00e1n olvasgatott, m\u00edg \u00e9n elhelyezkedtem a kijel\u00f6lt \u00fcl\u0151alkalmatoss\u00e1gba, \u00e9s n\u00e9ztem. Volt mit.\r\n\r\n<span class=\"highlight-block-small\">Az \u00e1ltalam l\u00e1tott d\u00f6nt\u0151k \u2013 m\u00e1rpedig 1966 \u00f3ta mindegyiket l\u00e1ttam \u2013 egyik, ha nem a legizgalmasabb tal\u00e1lkoz\u00f3ja zajlott. <\/span>\r\n\r\nAnnak ellen\u00e9re, hogy az els\u0151 78 perc olyan argentin f\u00f6l\u00e9nyt hozott, amire nem sz\u00e1m\u00edtottam.\r\n\r\nElfogadom a tv-st\u00fadi\u00f3ban elhangzott magyar\u00e1zatot, miszerint <strong>Scaloni<\/strong> azzal, hogy<strong> Di Mar\u00ed\u00e1t<\/strong> bal sz\u00e9lre helyezte, megzavarta a francia fel\u00e1ll\u00e1st. (Megjegyzem, Di Mar\u00ed\u00e1t m\u00e1r volt szerencs\u00e9m bal oldalon pocs\u00e9kul focizni l\u00e1tni.) Nyilv\u00e1n <strong>Kound\u00e9<\/strong> k\u00e9nyszer jobbh\u00e1tv\u00e9d, jobban szeret \u00e9s tud k\u00f6z\u00e9pen j\u00e1tszani, <strong>Demb\u00e9l\u00e9<\/strong> pedig csak kereste \u00f6nmag\u00e1t. Nemcsak ezalatt, hanem az eg\u00e9sz k\u00fczdelemsorozatban. Hasznosabb volt a sz\u00e1llod\u00e1ban, ahol \u00e1ll\u00edt\u00f3lag gy\u00f6mb\u00e9res m\u00e9zes te\u00e1val szolg\u00e1lta ki betegesked\u0151 t\u00e1rsait. R\u00e1ad\u00e1sul megsim\u00edtotta Di Mar\u00eda h\u00e1t\u00e1t a 16-oson bel\u00fcl, mire az argentin csat\u00e1r azonnal \u00f6sszeesett, \u00e9s, \u00fagymond, kiharcolt egy tizenegyest. Rem\u00e9lem, <strong>Gvardiol<\/strong> l\u00e1tta az esetet, \u00e9s tanul bel\u0151le, hogyan kell elesni. <strong>Messi<\/strong> pedig nem idegeskedett <strong>Llorissal<\/strong> szemben. Mi\u00e9rt is idegeskedett volna, hiszen a francia kapus cseppet sem mestere a b\u00fcntet\u0151k h\u00e1r\u00edt\u00e1s\u00e1nak. Ez a hosszabb\u00edt\u00e1s ut\u00e1n b\u0151ven bebizonyosodott.\r\n\r\n<img class=\"alignnone size-large wp-image-7342\" src=\"https:\/\/sport24.24.hu\/app\/uploads\/sites\/24\/2022\/12\/gettyimages-1245722677-1024x682.jpg\" alt=\"\" width=\"1024\" height=\"682\" \/>\r\n\r\nT\u00e9ny, ami t\u00e9ny, a gallok passzolni sem tudtak rendesen. Arra gyanakodtam, hogy\r\n\r\n<span class=\"highlight-block\">a reter\u00e1ton t\u00f6lt\u00f6tt v\u00edrusos napjaik j\u00f3csk\u00e1n elgyeng\u00edtett\u00e9k a betegs\u00e9g\u00fckb\u0151l fel\u00e9p\u00fcl\u0151ket. <\/span>\r\n\r\n\u00c9s Demb\u00e9l\u00e9 te\u00e1i arra m\u00e1r nem voltak j\u00f3k, hogy elegend\u0151 energi\u00e1t is adjanak nekik a v\u00e9gs\u0151 k\u00fczdelemhez. K\u00e1b\u00e9 \u00fagy j\u00e1tszottak a franci\u00e1k, mint a magyar csapat Mexik\u00f3ban a szovjetek ellen. J\u00f6tt m\u00e9g egy Di Mar\u00eda-g\u00f3l, k\u00e1pr\u00e1zatos t\u00e1mad\u00e1s ut\u00e1n \u2013 Messi, <strong>\u00c1lvarez, Mac Allister<\/strong> \u2013, ut\u00f3bbi mesterien bead, \u00e9s Di Mar\u00eda g\u00f3lt l\u0151. El\u00e9g egyszer\u0171, \u00edgy le\u00edrva is.\r\n<div class=\"payable-content-section\"><\/div>\r\nDemb\u00e9l\u00e9 \u00e9s <strong>Giroud<\/strong> m\u00e1r az els\u0151 f\u00e9lid\u0151ben elhagyja a p\u00e1ly\u00e1t. Valamit nyilv\u00e1n tennie kellett a francia sz\u00f6vets\u00e9gi kapit\u00e1nynak seg\u00edt\u0151j\u00e9vel egy\u00fctt, akivel t\u00f6bbnyire elk\u00e9pedve n\u00e9zt\u00e9k, hogy sz\u00e9tfocizz\u00e1k \u0151ket a d\u00e9l-amerikaiak. Sz\u00f3val v\u00e1rni kellett 78 percet, amikor hatni kezdett a vitamin <strong>Mbapp\u00e9ra<\/strong>, \u00e9s elkezdett tehets\u00e9g\u00e9hez m\u00e9lt\u00f3n focizni. Meg sem \u00e1llt a mesterh\u00e1rmasig. K\u00e9tszer is egyenl\u00edtett Franciaorsz\u00e1g. El\u0151sz\u00f6r 2-2, majd a hosszabb\u00edt\u00e1sban 3-3 lett az \u00e1ll\u00e1s.\r\n\r\nA hosszabb\u00edt\u00e1s els\u0151 f\u00e9lidej\u00e9t m\u00e9g itthon \u00e9lveztem v\u00e9gig, de indulnom kellett a munkahelyemre, \u00edgy a mobil applik\u00e1ci\u00f3n az utc\u00e1n igyekezve k\u00f6vettem az esem\u00e9nyeket. A tizenegyesekn\u00e9l m\u00e1r a sz\u00ednh\u00e1zban voltam, ahol az esti el\u0151ad\u00e1s r\u00e9sztvev\u0151i egy\u00e9rtelm\u0171en Messi\u00e9rt szor\u00edtottak. Nem csup\u00e1n ez\u00e9rt kellett drukkolni, hanem az\u00e9rt is, hogy a tizenegyesek ne h\u00faz\u00f3djanak el a v\u00e9gtelens\u00e9gig. Legyen gy\u0151ztes m\u00e9g 7 \u00f3ra el\u0151tt, hogy kezd\u0151dhess\u00e9k az el\u0151ad\u00e1s. Ez volt a sz\u00ednh\u00e1z \u00e9s a k\u00f6z\u00f6ns\u00e9g \u00e9rdeke is. H\u00edr\u00e9t vett\u00fck ugyanis, hogy a n\u00e9z\u0151ink az el\u0151csarnokban is okostelefonjaikon ezt a p\u00e1rbajt figyelt\u00e9k, \u00e9s f\u00e9l\u0151 volt, be se j\u00f6nnek a n\u00e9z\u0151t\u00e9rre, m\u00edg v\u00e9ge nincs az eg\u00e9sznek. De h\u00e1la els\u0151sorban <strong>Emiliano Mart\u00edneznek<\/strong> 7 \u00f3ra ut\u00e1n p\u00e1r perccel felmehetett a f\u00fcgg\u00f6ny: <strong>Coman<\/strong> labd\u00e1j\u00e1t kifogta. Ezt megel\u0151z\u0151en <strong>Tchouam\u00e9ni<\/strong> mell\u00e9 l\u0151tt, megjegyzend\u0151, l\u00e1tszott rajta, hogy elb\u00e9n\u00e1zza, m\u00e1r ahogy a 16-os fel\u00e9 k\u00f6zeledett elhatalmasodott rajta a k\u00e9ts\u00e9gbees\u00e9s.\r\n\r\nAz argentinok pedig professzion\u00e1lis m\u00f3don v\u00e9gezt\u00e9k a dolgukat. (T\u00e9ny, Mbapp\u00e9 h\u00e1rom 11-est is l\u0151tt a m\u00e9rk\u0151z\u00e9s alatt \u00e9s mindh\u00e1rom l\u00f6v\u00e9se v\u00e9dhetetlen volt; nem mindennapi k\u00e9pess\u00e9g, profizmus \u00e9s idegrendszer.)\r\n\r\n<span class=\"highlight-block\">Messi, \u00fagymond, megkoron\u00e1zta p\u00e1lyafut\u00e1s\u00e1t. V\u00e9gre vil\u00e1gbajnok lett.<\/span>\r\n\r\n<img class=\"alignnone size-large wp-image-7341\" src=\"https:\/\/sport24.24.hu\/app\/uploads\/sites\/24\/2022\/12\/000_334p84k-masolat-1024x683.jpg\" alt=\"\" width=\"1024\" height=\"683\" \/>\r\n\r\nA meccs ut\u00e1ni emleget\u00e9sekben <strong>Maradona<\/strong> is gy\u0151z\u00f6tt. Mosolyog, meg tudj\u2019 isten, mit csin\u00e1l m\u00e9g az \u00e9gben.\r\n\r\nVisszat\u00e9rve foglalkozzunk idehaza azzal is, ami a labdar\u00fag\u00e1st\u00f3l teljesen f\u00fcggetlen: ir\u00e1ny \u00d3buda, Godot Kort\u00e1rs M\u0171v\u00e9szeti Int\u00e9zet, Bukta Imre.\r\n\r\n[prefabricated_shortcode in_app=\"0\" code=\"%3Cdiv%20class%3D%22article_box_border%22%20style%3D%22background%3A%20url%28%27https%3A%2F%2F24.p3k.hu%2Fapp%2Fuploads%2Fsites%2F24%2F2021%2F05%2Fsport24-pattern.png%27%29%20no-repeat%20left%20-16px%20%23f3f3f4%3B%20border%3A%20none%3B%22%3E%0D%0A%3Cdiv%20class%3D%22article_solidheader%22%3E%0D%0A%3Ch2%20style%3D%22color%3A%20%23111115%21important%3B%20font-size%3A%2036px%3B%20font-weight%3A%20bold%3B%20margin-bottom%3A%2030px%3B%20margin-top%3A%2020px%3B%20text-align%3A%20center%3B%20line-height%3A%2036px%3B%22%3E%3Cimg%20class%3D%22aligncenter%20size-full%20wp-image-141%22%20src%3D%22https%3A%2F%2F24.p3k.hu%2Fapp%2Fuploads%2Fsites%2F24%2F2021%2F05%2Fs24-logo-dt.png%22%20alt%3D%22%22%20width%3D%22408%22%20height%3D%2290%22%20%2F%3E%3C%2Fh2%3E%0D%0A%3Ch2%20style%3D%22color%3A%20%23111115%21important%3B%20font-size%3A%2036px%3B%20font-weight%3A%20bold%3B%20margin-bottom%3A%2030px%3B%20margin-top%3A%2020px%3B%20text-align%3A%20center%3B%20line-height%3A%2040px%3B%22%3ECsatlakozz%20a%20Sport24%20k%C3%B6z%C3%B6ss%C3%A9ghez%2C%20mondd%20el%20v%C3%A9lem%C3%A9nyedet%20z%C3%A1rt%20Facebook-csoportunkban%2C%20%C3%A9s%20vegy%C3%A9l%20r%C3%A9szt%20csak%20el%C5%91fizet%C5%91knek%20el%C3%A9rhet%C5%91%20exkluz%C3%ADv%20esem%C3%A9nyeinken.%3C%2Fh2%3E%0D%0A%3C%2Fdiv%3E%0D%0A%3Cp%20style%3D%22background%3A%20%2357A600%3B%20margin-top%3A%2020px%3B%20padding%3A%2020px%3B%20text-align%3A%20center%3B%22%3E%3Ca%20style%3D%22color%3A%20%23ffffff%3B%20font-size%3A%2026px%3B%20font-weight%3A%20600%3B%22%20href%3D%22https%3A%2F%2Fwww.facebook.com%2Fgroups%2F212344460412327%22%3ECSATLAKOZOM%3C%2Fa%3E%3C%2Fp%3E%0D%0A%0D%0A%3C%2Fdiv%3E\"]","type":"rich","thumbnail_url":"https:\/\/s.24.hu\/app\/uploads\/sites\/24\/2022\/12\/000_334q6bd-masolat-150x150.jpg","thumbnail_width":150,"thumbnail_height":150}

Bruckner Gábor

Máté Gábor: Lement a függöny, felment a függöny

<strong>Bukta Imre</strong>-kiállítással, húslevessel és velőscsonttal hangolódtam a magyar idő szerint délutáni vb-döntőre. A főpincér lázban égett, minden távozótól megkérdezte, a meccsre sietnek-e haza, és kinek drukkol a fizető vendég. Sajnálatát fejezte ki ugyanakkor, hogy dolgoznia kell. És valóban egy árva tévékészüléket sem fedeztem fel a vendéglátóipari egységben.

Taxival igyekeztünk haza, hozzátartozóm ügyet sem vetett a világeseményre, többszöri felszólításom ellenére a kanapén elnyúlva a mobilján olvasgatott, míg én elhelyezkedtem a kijelölt ülőalkalmatosságba, és néztem. Volt mit.

<span class="highlight-block-small">Az általam látott döntők – márpedig 1966 óta mindegyiket láttam – egyik, ha nem a legizgalmasabb találkozója zajlott. </span>

Annak ellenére, hogy az első 78 perc olyan argentin fölényt hozott, amire nem számítottam.

Elfogadom a tv-stúdióban elhangzott magyarázatot, miszerint <strong>Scaloni</strong> azzal, hogy<strong> Di Maríát</strong> bal szélre helyezte, megzavarta a francia felállást. (Megjegyzem, Di Maríát már volt szerencsém bal oldalon pocsékul focizni látni.) Nyilván <strong>Koundé</strong> kényszer jobbhátvéd, jobban szeret és tud középen játszani, <strong>Dembélé</strong> pedig csak kereste önmagát. Nemcsak ezalatt, hanem az egész küzdelemsorozatban. Hasznosabb volt a szállodában, ahol állítólag gyömbéres mézes teával szolgálta ki betegeskedő társait. Ráadásul megsimította Di María hátát a 16-oson belül, mire az argentin csatár azonnal összeesett, és, úgymond, kiharcolt egy tizenegyest. Remélem, <strong>Gvardiol</strong> látta az esetet, és tanul belőle, hogyan kell elesni. <strong>Messi</strong> pedig nem idegeskedett <strong>Llorissal</strong> szemben. Miért is idegeskedett volna, hiszen a francia kapus cseppet sem mestere a büntetők hárításának. Ez a hosszabbítás után bőven bebizonyosodott.

<img class="alignnone size-large wp-image-7342" src="https://sport24.24.hu/app/uploads/sites/24/2022/12/gettyimages-1245722677-1024x682.jpg" alt="" width="1024" height="682" />

Tény, ami tény, a gallok passzolni sem tudtak rendesen. Arra gyanakodtam, hogy

<span class="highlight-block">a reteráton töltött vírusos napjaik jócskán elgyengítették a betegségükből felépülőket. </span>

És Dembélé teái arra már nem voltak jók, hogy elegendő energiát is adjanak nekik a végső küzdelemhez. Kábé úgy játszottak a franciák, mint a magyar csapat Mexikóban a szovjetek ellen. Jött még egy Di María-gól, káprázatos támadás után – Messi, <strong>Álvarez, Mac Allister</strong> –, utóbbi mesterien bead, és Di María gólt lő. Elég egyszerű, így leírva is.
<div class="payable-content-section"></div>
Dembélé és <strong>Giroud</strong> már az első félidőben elhagyja a pályát. Valamit nyilván tennie kellett a francia szövetségi kapitánynak segítőjével együtt, akivel többnyire elképedve nézték, hogy szétfocizzák őket a dél-amerikaiak. Szóval várni kellett 78 percet, amikor hatni kezdett a vitamin <strong>Mbappéra</strong>, és elkezdett tehetségéhez méltón focizni. Meg sem állt a mesterhármasig. Kétszer is egyenlített Franciaország. Először 2-2, majd a hosszabbításban 3-3 lett az állás.

A hosszabbítás első félidejét még itthon élveztem végig, de indulnom kellett a munkahelyemre, így a mobil applikáción az utcán igyekezve követtem az eseményeket. A tizenegyeseknél már a színházban voltam, ahol az esti előadás résztvevői egyértelműen Messiért szorítottak. Nem csupán ezért kellett drukkolni, hanem azért is, hogy a tizenegyesek ne húzódjanak el a végtelenségig. Legyen győztes még 7 óra előtt, hogy kezdődhessék az előadás. Ez volt a színház és a közönség érdeke is. Hírét vettük ugyanis, hogy a nézőink az előcsarnokban is okostelefonjaikon ezt a párbajt figyelték, és félő volt, be se jönnek a nézőtérre, míg vége nincs az egésznek. De hála elsősorban <strong>Emiliano Martíneznek</strong> 7 óra után pár perccel felmehetett a függöny: <strong>Coman</strong> labdáját kifogta. Ezt megelőzően <strong>Tchouaméni</strong> mellé lőtt, megjegyzendő, látszott rajta, hogy elbénázza, már ahogy a 16-os felé közeledett elhatalmasodott rajta a kétségbeesés.

Az argentinok pedig professzionális módon végezték a dolgukat. (Tény, Mbappé három 11-est is lőtt a mérkőzés alatt és mindhárom lövése védhetetlen volt; nem mindennapi képesség, profizmus és idegrendszer.)

<span class="highlight-block">Messi, úgymond, megkoronázta pályafutását. Végre világbajnok lett.</span>

<img class="alignnone size-large wp-image-7341" src="https://sport24.24.hu/app/uploads/sites/24/2022/12/000_334p84k-masolat-1024x683.jpg" alt="" width="1024" height="683" />

A meccs utáni emlegetésekben <strong>Maradona</strong> is győzött. Mosolyog, meg tudj’ isten, mit csinál még az égben.

Visszatérve foglalkozzunk idehaza azzal is, ami a labdarúgástól teljesen független: irány Óbuda, Godot Kortárs Művészeti Intézet, Bukta Imre.

[prefabricated_shortcode in_app="0" code="%3Cdiv%20class%3D%22article_box_border%22%20style%3D%22background%3A%20url%28%27https%3A%2F%2F24.p3k.hu%2Fapp%2Fuploads%2Fsites%2F24%2F2021%2F05%2Fsport24-pattern.png%27%29%20no-repeat%20left%20-16px%20%23f3f3f4%3B%20border%3A%20none%3B%22%3E%0D%0A%3Cdiv%20class%3D%22article_solidheader%22%3E%0D%0A%3Ch2%20style%3D%22color%3A%20%23111115%21important%3B%20font-size%3A%2036px%3B%20font-weight%3A%20bold%3B%20margin-bottom%3A%2030px%3B%20margin-top%3A%2020px%3B%20text-align%3A%20center%3B%20line-height%3A%2036px%3B%22%3E%3Cimg%20class%3D%22aligncenter%20size-full%20wp-image-141%22%20src%3D%22https%3A%2F%2F24.p3k.hu%2Fapp%2Fuploads%2Fsites%2F24%2F2021%2F05%2Fs24-logo-dt.png%22%20alt%3D%22%22%20width%3D%22408%22%20height%3D%2290%22%20%2F%3E%3C%2Fh2%3E%0D%0A%3Ch2%20style%3D%22color%3A%20%23111115%21important%3B%20font-size%3A%2036px%3B%20font-weight%3A%20bold%3B%20margin-bottom%3A%2030px%3B%20margin-top%3A%2020px%3B%20text-align%3A%20center%3B%20line-height%3A%2040px%3B%22%3ECsatlakozz%20a%20Sport24%20k%C3%B6z%C3%B6ss%C3%A9ghez%2C%20mondd%20el%20v%C3%A9lem%C3%A9nyedet%20z%C3%A1rt%20Facebook-csoportunkban%2C%20%C3%A9s%20vegy%C3%A9l%20r%C3%A9szt%20csak%20el%C5%91fizet%C5%91knek%20el%C3%A9rhet%C5%91%20exkluz%C3%ADv%20esem%C3%A9nyeinken.%3C%2Fh2%3E%0D%0A%3C%2Fdiv%3E%0D%0A%3Cp%20style%3D%22background%3A%20%2357A600%3B%20margin-top%3A%2020px%3B%20padding%3A%2020px%3B%20text-align%3A%20center%3B%22%3E%3Ca%20style%3D%22color%3A%20%23ffffff%3B%20font-size%3A%2026px%3B%20font-weight%3A%20600%3B%22%20href%3D%22https%3A%2F%2Fwww.facebook.com%2Fgroups%2F212344460412327%22%3ECSATLAKOZOM%3C%2Fa%3E%3C%2Fp%3E%0D%0A%0D%0A%3C%2Fdiv%3E"]
