{"version":"1.0","provider_name":"Sport24","provider_url":"https:\/\/sport24.24.hu","author_name":"Bruckner G\u00e1bor","author_url":"https:\/\/sport24.24.hu\/author\/brucknerg\/","title":"M\u00e1t\u00e9 G\u00e1bor: Lassan lecsengek","html":"Sok \u00e9rdekess\u00e9get nem tartalmaz\u00f3 els\u0151 f\u00e9l\u00f3ra ut\u00e1n egy szab\u00e1lytalans\u00e1gnak kin\u00e9z\u0151 dolog a tizenhatoson bel\u00fcl. <strong>Livakovic<\/strong>, a tizenegyes\u00f6l\u0151 kapus \u00e9s <strong>Messi<\/strong> n\u00e9z farkasszemet. Ut\u00f3bbi bev\u00e1gja, ment\u00e1lisan rendben van, v\u00e9dhetetlen volt. \u00cdgy kell tizenegyest r\u00fagni. Drukkoltam is az argentin kapit\u00e1nynak. A csapat\u00e1nak nem, de a horv\u00e1toknak sem. Abszol\u00fat semleges maradtam; megpr\u00f3b\u00e1lom feloldani ezt az ellentmond\u00e1st:\r\n\r\n<span class=\"highlight-block\">nyerjen Messi vb-t, de \u00fagy, hogy az argentinok ne felt\u00e9tlen.<\/span>\r\n\r\nNem felejtem el nekik \u2013 persze, elfelejtem, \u00e9s ut\u00e1na kellene n\u00e9znem \u2013, hogy \u201978-ban mi t\u00f6rt\u00e9nt, hogy ment le a p\u00e1ly\u00e1r\u00f3l <strong>T\u00f6r\u0151csik<\/strong> \u00e9s <strong>Nyilasi<\/strong>. K\u00e9s\u0151bb, hogy a peruiaknak annyi g\u00f3lt l\u0151ttek, amennyi a tov\u00e1bbjut\u00e1shoz kellett. \u00c9s hogy milyen volt a politikai helyzet. \u00c9s nem felejtem el Argent\u00edn\u00e1nak a \u201986-os vb-n <strong>Maradona<\/strong> csal\u00e1s\u00e1t sem, az angolok elleni k\u00e9zilabd\u00e1t. (M\u00e9g akkor sem, ha p\u00e1r perccel k\u00e9s\u0151bb val\u00f3sz\u00edn\u0171s\u00edthet\u0151en az \u00f6sszes vil\u00e1gbajnoks\u00e1g legszebb g\u00f3lj\u00e1t l\u0151tte ez a svindler.) Mindez \u00e9pp el\u00e9g ahhoz, hogy ne szeressem Argent\u00edn\u00e1t. De Messi, az Messi.\r\n\r\nBarcelona-szimpatiz\u00e1nsk\u00e9nt, azt hiszem, az edz\u0151m\u00e9rk\u0151z\u00e9seket lesz\u00e1m\u00edtva minden meccs\u00e9t l\u00e1ttam. Csod\u00e1ltam, vagy tal\u00e1n ink\u00e1bb \u00e9lveztem azt, amit a p\u00e1ly\u00e1n m\u0171velt. M\u00e9g akkor is \u00edgy van\/volt ez, ha n\u00e9mik\u00e9pp \u0151 maga \u00fagyszint\u00e9n tehetett arr\u00f3l, hogy a Barcelona m\u00e9lyrep\u00fcl\u00e9sbe kezdett. Nem tudhatjuk, mif\u00e9le anyagi ez meg az h\u00faz\u00f3dik a t\u00f6rt\u00e9net m\u00f6g\u00f6tt. Vagy amennyit tudhatunk, arr\u00f3l jobb azt gondolni, nem is szeretn\u00e9nk enn\u00e9l t\u00f6bbet tudni. Megjegyzem tov\u00e1bb\u00e1, hogy Messi, \u00fagy t\u0171nik, feln\u0151tt csapatkapit\u00e1nyi feladataihoz, l\u00e1that\u00f3an egyben tartja a t\u00e1rsait, m\u00e9g nyilatkozik is a m\u00e9rk\u0151z\u00e9sek ut\u00e1n a kamer\u00e1k el\u0151tt, ami r\u00e9gebben egy\u00e1ltal\u00e1n nem volt szok\u00e1sa. Nem mintha k\u00fcl\u00f6n\u00f6sebb \u00e9lm\u00e9ny lenne \u0151t hallgatni, \u00e9s nem mintha b\u00e1rmi olyat mondana, amit b\u00e1rki m\u00e1s nem ugyan\u00edgy mondana. Isten, a szurkol\u00f3k \u00e9s a csal\u00e1d seg\u00edts\u00e9ge, akik szerencs\u00e9re ott vannak vele.\r\n<div class=\"payable-content-section\"><\/div>\r\nNa, de legal\u00e1bb nem a horv\u00e1tok j\u00e1tszanak majd Marokk\u00f3val vagy Franciaorsz\u00e1ggal.\r\n\r\n<span class=\"highlight-block-small\">Semmi bajom vel\u00fck, szeretem a tenger\u00fcket, ami legal\u00e1bb k\u00f6zel van, a kifogott halaikat, a nap sugarait, komplett az eg\u00e9sz vend\u00e9gl\u00e1t\u00e1st, mindent. <\/span>\r\n\r\nSzerettem <strong>Suker<\/strong> j\u00e1t\u00e9k\u00e1t annak idej\u00e9n, tudtam \u00f6r\u00fclni, hogy gazdagodott \u00e1ltaluk az eur\u00f3pai futball. De enn\u00e9l t\u00f6bb j\u00f3t nem tal\u00e1lok. Kicsit f\u00e9lek is t\u0151l\u00fck, mindegyik magasabb \u00e9s sz\u00e9lesebb n\u00e1lam, csupa nagydarab v\u00edzilabda-j\u00e1t\u00e9kos. M\u00e9rk\u0151z\u00e9seik nem gy\u00f6ny\u00f6rk\u00f6dtetnek, ha m\u00e1r a magyar v\u00e1logatott \u00e9vtizedek \u00f3ta nem vesz r\u00e9szt ezeken az esem\u00e9nyeken, legal\u00e1bb hadd \u00e9lhessek \u00e1t valami megism\u00e9telhetetlent.\r\n\r\nAz el\u0151d\u00f6nt\u0151 eml\u00e9kezetes pillanatai k\u00f6z\u00e9 tartozik m\u00e9g, hogy <strong>\u00c1lvarez<\/strong>, aki am\u00fagy f\u0151leg csere a Manchester Cityben, kiharcolt (?) egy b\u00fcntet\u0151t, k\u00e9t g\u00f3lt is l\u0151tt. J\u00f3l kitapinthat\u00f3an els\u0151rang\u00fa a j\u00e1t\u00e9kkapcsolata Messivel. Minden m\u00e1s m\u00e9rk\u0151z\u00e9sen a meccs embere lett volna ezzel a teljes\u00edtm\u00e9nnyel. \u00d6r\u00f6m volt sz\u00e1momra, hogy <strong>Dybal\u00e1t<\/strong> v\u00e9gre beengedte a p\u00e1ly\u00e1ra <strong>Scaloni<\/strong>, az albiceleste sz\u00f6vets\u00e9gi kapit\u00e1nya. Az AS Roma-fan kisebbik fiam m\u00e1r napok \u00f3ta reklam\u00e1lta hozz\u00e1m k\u00fcld\u00f6tt SMS-eiben, hogy mi\u00e9rt nem teszik be n\u00e9h\u00e1ny percre legal\u00e1bb ezt a fi\u00fat. \u00dagy t\u0171nik, 3-0-n\u00e1l ennek nem volt k\u00fcl\u00f6n\u00f6sebb kock\u00e1zata.\r\n\r\nEsem\u00e9ny az is, hogy <strong>Modric<\/strong> val\u00f3sz\u00edn\u0171leg szegre akasztja a vil\u00e1gbajnoks\u00e1gokon hordott cip\u0151j\u00e9t, m\u00e9g az argentin szurkol\u00f3k is megtapsolt\u00e1k, amikor lej\u00f6tt a p\u00e1ly\u00e1r\u00f3l. Megtudhattuk, hogy k\u00f6nnyen lehet, a horv\u00e1t kapus a Bayern M\u00fcnchent seg\u00edti majd <strong>Neuer<\/strong> s\u00edbalesete ut\u00e1n (n\u00e9met sportol\u00f3k el\u0151szeretettel s\u00e9r\u00fclnek meg s\u00falyosan s\u00edel\u00e9s k\u00f6zben; ha n\u00e9met lenn\u00e9k \u00e9s sportol\u00f3, biztos nem s\u00edeln\u00e9k). <strong>Gvardiol<\/strong> pedig hirtelen 100 milli\u00f3 eur\u00f3t \u00e9r, 60-r\u00f3l felsz\u00f6k\u00f6tt az \u00e1ra 100-ra, \u00e9s a City vetette ki r\u00e1 a h\u00e1l\u00f3j\u00e1t. Mondhatni, \u0151 a vb felfedezettje, m\u00e9g akkor is, ha\r\n\r\n<span class=\"highlight-block\">Messi a harmadik g\u00f3l el\u0151tt sz\u00e9pen megetette. <\/span>\r\n\r\nNem is egyszer.\r\n\r\n<img class=\"size-full wp-image-7212\" src=\"https:\/\/sport24.24.hu\/app\/uploads\/sites\/24\/2022\/12\/053_ar-221220qatar20008.jpg\" alt=\"\" width=\"2000\" height=\"1333\" \/>\r\n\r\n[prefabricated_shortcode in_app=\"0\" code=\"%3Cdiv%20class%3D%22article_box_border%22%20style%3D%22background%3A%20url%28%27https%3A%2F%2F24.p3k.hu%2Fapp%2Fuploads%2Fsites%2F24%2F2021%2F05%2Fsport24-pattern.png%27%29%20no-repeat%20left%20-16px%20%23f3f3f4%3B%20border%3A%20none%3B%22%3E%0D%0A%3Cdiv%20class%3D%22article_solidheader%22%3E%0D%0A%3Ch2%20style%3D%22color%3A%20%23111115%21important%3B%20font-size%3A%2036px%3B%20font-weight%3A%20bold%3B%20margin-bottom%3A%2030px%3B%20margin-top%3A%2020px%3B%20text-align%3A%20center%3B%20line-height%3A%2036px%3B%22%3E%3Cimg%20class%3D%22aligncenter%20size-full%20wp-image-141%22%20src%3D%22https%3A%2F%2F24.p3k.hu%2Fapp%2Fuploads%2Fsites%2F24%2F2021%2F05%2Fs24-logo-dt.png%22%20alt%3D%22%22%20width%3D%22408%22%20height%3D%2290%22%20%2F%3E%3C%2Fh2%3E%0D%0A%3Ch2%20style%3D%22color%3A%20%23111115%21important%3B%20font-size%3A%2036px%3B%20font-weight%3A%20bold%3B%20margin-bottom%3A%2030px%3B%20margin-top%3A%2020px%3B%20text-align%3A%20center%3B%20line-height%3A%2040px%3B%22%3ECsatlakozz%20a%20Sport24%20k%C3%B6z%C3%B6ss%C3%A9ghez%2C%20mondd%20el%20v%C3%A9lem%C3%A9nyedet%20z%C3%A1rt%20Facebook-csoportunkban%2C%20%C3%A9s%20vegy%C3%A9l%20r%C3%A9szt%20csak%20el%C5%91fizet%C5%91knek%20el%C3%A9rhet%C5%91%20exkluz%C3%ADv%20esem%C3%A9nyeinken.%3C%2Fh2%3E%0D%0A%3C%2Fdiv%3E%0D%0A%3Cp%20style%3D%22background%3A%20%2357A600%3B%20margin-top%3A%2020px%3B%20padding%3A%2020px%3B%20text-align%3A%20center%3B%22%3E%3Ca%20style%3D%22color%3A%20%23ffffff%3B%20font-size%3A%2026px%3B%20font-weight%3A%20600%3B%22%20href%3D%22https%3A%2F%2Fwww.facebook.com%2Fgroups%2F212344460412327%22%3ECSATLAKOZOM%3C%2Fa%3E%3C%2Fp%3E%0D%0A%0D%0A%3C%2Fdiv%3E\"]","type":"rich","thumbnail_url":"https:\/\/s.24.hu\/app\/uploads\/sites\/24\/2022\/12\/000_333e83t-150x150.jpg","thumbnail_width":150,"thumbnail_height":150}

Bruckner Gábor

Máté Gábor: Lassan lecsengek

Sok érdekességet nem tartalmazó első félóra után egy szabálytalanságnak kinéző dolog a tizenhatoson belül. <strong>Livakovic</strong>, a tizenegyesölő kapus és <strong>Messi</strong> néz farkasszemet. Utóbbi bevágja, mentálisan rendben van, védhetetlen volt. Így kell tizenegyest rúgni. Drukkoltam is az argentin kapitánynak. A csapatának nem, de a horvátoknak sem. Abszolút semleges maradtam; megpróbálom feloldani ezt az ellentmondást:

<span class="highlight-block">nyerjen Messi vb-t, de úgy, hogy az argentinok ne feltétlen.</span>

Nem felejtem el nekik – persze, elfelejtem, és utána kellene néznem –, hogy ’78-ban mi történt, hogy ment le a pályáról <strong>Törőcsik</strong> és <strong>Nyilasi</strong>. Később, hogy a peruiaknak annyi gólt lőttek, amennyi a továbbjutáshoz kellett. És hogy milyen volt a politikai helyzet. És nem felejtem el Argentínának a ’86-os vb-n <strong>Maradona</strong> csalását sem, az angolok elleni kézilabdát. (Még akkor sem, ha pár perccel később valószínűsíthetően az összes világbajnokság legszebb gólját lőtte ez a svindler.) Mindez épp elég ahhoz, hogy ne szeressem Argentínát. De Messi, az Messi.

Barcelona-szimpatizánsként, azt hiszem, az edzőmérkőzéseket leszámítva minden meccsét láttam. Csodáltam, vagy talán inkább élveztem azt, amit a pályán művelt. Még akkor is így van/volt ez, ha némiképp ő maga úgyszintén tehetett arról, hogy a Barcelona mélyrepülésbe kezdett. Nem tudhatjuk, miféle anyagi ez meg az húzódik a történet mögött. Vagy amennyit tudhatunk, arról jobb azt gondolni, nem is szeretnénk ennél többet tudni. Megjegyzem továbbá, hogy Messi, úgy tűnik, felnőtt csapatkapitányi feladataihoz, láthatóan egyben tartja a társait, még nyilatkozik is a mérkőzések után a kamerák előtt, ami régebben egyáltalán nem volt szokása. Nem mintha különösebb élmény lenne őt hallgatni, és nem mintha bármi olyat mondana, amit bárki más nem ugyanígy mondana. Isten, a szurkolók és a család segítsége, akik szerencsére ott vannak vele.
<div class="payable-content-section"></div>
Na, de legalább nem a horvátok játszanak majd Marokkóval vagy Franciaországgal.

<span class="highlight-block-small">Semmi bajom velük, szeretem a tengerüket, ami legalább közel van, a kifogott halaikat, a nap sugarait, komplett az egész vendéglátást, mindent. </span>

Szerettem <strong>Suker</strong> játékát annak idején, tudtam örülni, hogy gazdagodott általuk az európai futball. De ennél több jót nem találok. Kicsit félek is tőlük, mindegyik magasabb és szélesebb nálam, csupa nagydarab vízilabda-játékos. Mérkőzéseik nem gyönyörködtetnek, ha már a magyar válogatott évtizedek óta nem vesz részt ezeken az eseményeken, legalább hadd élhessek át valami megismételhetetlent.

Az elődöntő emlékezetes pillanatai közé tartozik még, hogy <strong>Álvarez</strong>, aki amúgy főleg csere a Manchester Cityben, kiharcolt (?) egy büntetőt, két gólt is lőtt. Jól kitapinthatóan elsőrangú a játékkapcsolata Messivel. Minden más mérkőzésen a meccs embere lett volna ezzel a teljesítménnyel. Öröm volt számomra, hogy <strong>Dybalát</strong> végre beengedte a pályára <strong>Scaloni</strong>, az albiceleste szövetségi kapitánya. Az AS Roma-fan kisebbik fiam már napok óta reklamálta hozzám küldött SMS-eiben, hogy miért nem teszik be néhány percre legalább ezt a fiút. Úgy tűnik, 3-0-nál ennek nem volt különösebb kockázata.

Esemény az is, hogy <strong>Modric</strong> valószínűleg szegre akasztja a világbajnokságokon hordott cipőjét, még az argentin szurkolók is megtapsolták, amikor lejött a pályáról. Megtudhattuk, hogy könnyen lehet, a horvát kapus a Bayern Münchent segíti majd <strong>Neuer</strong> síbalesete után (német sportolók előszeretettel sérülnek meg súlyosan síelés közben; ha német lennék és sportoló, biztos nem síelnék). <strong>Gvardiol</strong> pedig hirtelen 100 millió eurót ér, 60-ról felszökött az ára 100-ra, és a City vetette ki rá a hálóját. Mondhatni, ő a vb felfedezettje, még akkor is, ha

<span class="highlight-block">Messi a harmadik gól előtt szépen megetette. </span>

Nem is egyszer.

<img class="size-full wp-image-7212" src="https://sport24.24.hu/app/uploads/sites/24/2022/12/053_ar-221220qatar20008.jpg" alt="" width="2000" height="1333" />

[prefabricated_shortcode in_app="0" code="%3Cdiv%20class%3D%22article_box_border%22%20style%3D%22background%3A%20url%28%27https%3A%2F%2F24.p3k.hu%2Fapp%2Fuploads%2Fsites%2F24%2F2021%2F05%2Fsport24-pattern.png%27%29%20no-repeat%20left%20-16px%20%23f3f3f4%3B%20border%3A%20none%3B%22%3E%0D%0A%3Cdiv%20class%3D%22article_solidheader%22%3E%0D%0A%3Ch2%20style%3D%22color%3A%20%23111115%21important%3B%20font-size%3A%2036px%3B%20font-weight%3A%20bold%3B%20margin-bottom%3A%2030px%3B%20margin-top%3A%2020px%3B%20text-align%3A%20center%3B%20line-height%3A%2036px%3B%22%3E%3Cimg%20class%3D%22aligncenter%20size-full%20wp-image-141%22%20src%3D%22https%3A%2F%2F24.p3k.hu%2Fapp%2Fuploads%2Fsites%2F24%2F2021%2F05%2Fs24-logo-dt.png%22%20alt%3D%22%22%20width%3D%22408%22%20height%3D%2290%22%20%2F%3E%3C%2Fh2%3E%0D%0A%3Ch2%20style%3D%22color%3A%20%23111115%21important%3B%20font-size%3A%2036px%3B%20font-weight%3A%20bold%3B%20margin-bottom%3A%2030px%3B%20margin-top%3A%2020px%3B%20text-align%3A%20center%3B%20line-height%3A%2040px%3B%22%3ECsatlakozz%20a%20Sport24%20k%C3%B6z%C3%B6ss%C3%A9ghez%2C%20mondd%20el%20v%C3%A9lem%C3%A9nyedet%20z%C3%A1rt%20Facebook-csoportunkban%2C%20%C3%A9s%20vegy%C3%A9l%20r%C3%A9szt%20csak%20el%C5%91fizet%C5%91knek%20el%C3%A9rhet%C5%91%20exkluz%C3%ADv%20esem%C3%A9nyeinken.%3C%2Fh2%3E%0D%0A%3C%2Fdiv%3E%0D%0A%3Cp%20style%3D%22background%3A%20%2357A600%3B%20margin-top%3A%2020px%3B%20padding%3A%2020px%3B%20text-align%3A%20center%3B%22%3E%3Ca%20style%3D%22color%3A%20%23ffffff%3B%20font-size%3A%2026px%3B%20font-weight%3A%20600%3B%22%20href%3D%22https%3A%2F%2Fwww.facebook.com%2Fgroups%2F212344460412327%22%3ECSATLAKOZOM%3C%2Fa%3E%3C%2Fp%3E%0D%0A%0D%0A%3C%2Fdiv%3E"]
