{"version":"1.0","provider_name":"Sport24","provider_url":"https:\/\/sport24.24.hu","author_name":"Bruckner G\u00e1bor","author_url":"https:\/\/sport24.24.hu\/author\/brucknerg\/","title":"Ki csap le a foci-vb marokk\u00f3i gy\u00e9m\u00e1ntj\u00e1ra?","html":"Amikor az \u00e9vek \u00f3ta fel-le liftez\u0151 Hellas Verona visszajutott a Serie A-ba, az edz\u0151i p\u00e1lyafut\u00e1s\u00e1t a Geno\u00e1n\u00e1l sz\u00e9pen \u00e9p\u00edtget\u0151 <strong>Ivan Juric<\/strong> lett a csapat edz\u0151je. A horv\u00e1t szakember hozta mag\u00e1val Genov\u00e1b\u00f3l a portug\u00e1l klasszist, <strong>Miguel Velos\u00f3t<\/strong>, \u00e9s nagy er\u0151kkel neki\u00e1llt keresni egy hasonl\u00f3 attrib\u00fatumokkal rendelkez\u0151 k\u00f6z\u00e9pp\u00e1ly\u00e1st a 3-5-2-es form\u00e1ci\u00f3 k\u00f6zep\u00e9re. Az ide\u00e1lis hatost a gh\u00e1nai <strong>Emmanuel Badu<\/strong> szem\u00e9ly\u00e9ben v\u00e9lte megtal\u00e1lni, csakhogy a j\u00e1t\u00e9kos egy t\u00fcd\u0151emb\u00f3lia miatt hossz\u00fa id\u0151re kid\u0151lt, \u00edgy Juric k\u00e9nytelen volt tov\u00e1bb keresni a 6-os\u00e1t. Hogy mi vezette a Bruges-ben peremembernek sz\u00e1m\u00edt\u00f3 <strong>Sofyan Amrabathoz<\/strong>, azt csak \u0151 tudja.\r\n\r\nA k\u00e9t \u00e9vvel kor\u00e1bban rem\u00e9nytelen\u00fcl kiz\u00fag\u00f3 Hellas \u2013 els\u0151sorban a hihetetlen\u00fcl gyorsan \u00f6ssze\u00e1ll\u00f3 Veloso, Amrabat tengelynek k\u00f6sz\u00f6nhet\u0151en \u2013 a Serie A 2019-2020-as \u00e9vad\u00e1nak egyik legkellemesebb meglepet\u00e9segy\u00fcttese lett, \u00e9s h\u00fasz \u00e9ve nem l\u00e1tott magass\u00e1gokban z\u00e1rta a szezont.\r\n\r\n<span class=\"highlight-block-small\">Amrabat, b\u00e1r a Feyenoordban \u00e9s a Bruges-ben is j\u00e1tszott fontos meccseket, els\u0151 toplig\u00e1s szezonj\u00e1ban hihetetlen sz\u00e1mokat produk\u00e1lt Olaszorsz\u00e1gban, <\/span>\r\n\r\n\u00e9s szinte t\u00f6k\u00e9letes p\u00e1rt alkotott a rutinos portug\u00e1l klasszissal. M\u00e1r ekkor felt\u0171nt, hogy nemcsak iszonyatos fut\u00f3mennyis\u00e9get, \u00fctk\u00f6z\u00e9seket \u00e9s labdaszerz\u00e9seket tesz a k\u00f6z\u00f6sbe, de \u2013 ha nem is \u00fagy, mint egy klasszikus ir\u00e1ny\u00edt\u00f3 \u2013 remek\u00fcl passzol is.\r\n\r\n[caption id=\"attachment_7056\" align=\"alignnone\" width=\"2000\"]<img class=\"size-full wp-image-7056\" src=\"https:\/\/sport24.24.hu\/app\/uploads\/sites\/24\/2022\/12\/000_1ot4zi.jpg\" alt=\"\" width=\"2000\" height=\"1333\" \/> Amrabat \u00e9s a torin\u00f3iak uruguayi k\u00f6z\u00e9pp\u00e1ly\u00e1sa, Rodrigo Bentancur a Hellas Verona\u2013Juventus olasz bajnoki meccsen.[\/caption]\r\n\r\nA Hellas a t\u00e9li \u00e1tigazol\u00e1si szezonban gyorsan v\u00e9gleges\u00edtette a j\u00e1t\u00e9kos k\u00f6lcs\u00f6nszerz\u0151d\u00e9s\u00e9t (rongyos n\u00e9gymilli\u00f3 eur\u00f3\u00e9rt), majd m\u00e9g azon a h\u00e9ten el is adta Amrabatot a Fiorentin\u00e1nak (kev\u00e9sb\u00e9 rongyos 19,5 milli\u00f3\u00e9rt), \u00e1m a szezont m\u00e9g Veron\u00e1ban fejezte be.\r\n<div class=\"payable-content-section\"><\/div>\r\n<h2>A firenzei kapkod\u00e1s egyik nagy \u00e1ldozata<\/h2>\r\nA Fiorentin\u00e1n\u00e1l ekkor mutatkozott be az \u00faj amerikai tulajdonos, <strong>Rocco Comisso<\/strong>, aki l\u00e1tv\u00e1nyos j\u00e1t\u00e9kot, komoly sikereket \u00e9s nemzetk\u00f6zi kupaszerepl\u00e9st \u00edg\u00e9rt a szurkol\u00f3knak. Azt\u00e1n az els\u0151 szezonja v\u00e9g\u00e9n a lil\u00e1k v\u00e9rt izzadva, k\u00e9t fordul\u00f3val a szezon v\u00e9ge el\u0151tt biztos\u00edtott\u00e1k csak be a bennmarad\u00e1sukat. Az \u00e9v k\u00f6zben k\u00e9t edz\u0151v\u00e1lt\u00e1s is t\u00f6rt\u00e9nt, de sem <strong>Beppe Iacchini<\/strong>, sem a helyi legenda, <strong>Cesare Prandelli<\/strong> nem tudta \u00f6sszerakni a csapat j\u00e1t\u00e9k\u00e1t.\r\n\r\nAmrabat, akinek ekkor m\u00e9g mindig s\u00falyos gondjai voltak az olasz nyelvvel, nemcsak az \u00f6lt\u00f6z\u0151ben, hanem a p\u00e1ly\u00e1n sem tal\u00e1lta igaz\u00e1n a hely\u00e9t. B\u00e1r \u00edgy is a jobbak k\u00f6z\u00e9 tartozott, a korl\u00e1tjaira is f\u00e9ny der\u00fclt: nem klasszikus ir\u00e1ny\u00edt\u00f3, de nem is kimondott v\u00e9dekez\u0151 k\u00f6z\u00e9pp\u00e1ly\u00e1s, \u00edgy a legjobban akkor \u00e9rzi mag\u00e1t, ha van mellette egy ilyen, meg egy olyan j\u00e1t\u00e9kos is. Erre azonban egy \u00e9vet v\u00e1rni kellett.\r\n\r\nA k\u00f6vetkez\u0151 \u00e9vadot m\u00e1r a Spezi\u00e1val csod\u00e1s id\u00e9nyt fut\u00f3 <strong>Vincenzo Italiano<\/strong> ir\u00e1ny\u00edt\u00e1sa alatt kezdte meg a Fiorentina, \u00e9s Amrabat megkapta azt a poz\u00edci\u00f3t, amelyben ki kellett volna teljesednie. Italiano 4-3-3-as form\u00e1ci\u00f3j\u00e1ban \u00f6v\u00e9 lett a m\u00e9lys\u00e9gi ir\u00e1ny\u00edt\u00f3,a regista posztja, de valahogy nem j\u00f6tt ki bel\u0151le az a produkci\u00f3, amivel Veron\u00e1ban a liga egyik legragyog\u00f3bb k\u00f6z\u00e9pp\u00e1ly\u00e1s\u00e1v\u00e1 v\u00e1lt.\r\n\r\n<span class=\"highlight-block\">Kevesebbet volt j\u00e1t\u00e9kban, ami l\u00e1that\u00f3an zavarta, <\/span>\r\n\r\ns b\u00e1r a passzpontoss\u00e1ga javult, ez ink\u00e1bb annak volt k\u00f6sz\u00f6nhet\u0151, hogy letiltott\u00e1k a hossz\u00fa ind\u00edt\u00e1sokr\u00f3l, \u00e9s ink\u00e1bb a Fiorentina technik\u00e1s k\u00f6z\u00e9pp\u00e1ly\u00e1sait kellett keresnie a passzokkal.\r\n\r\nA Fiorentina v\u00e1llalhat\u00f3 szezont futott, noha a v\u00e9g\u00e9re alaposan kifogyott a tankb\u00f3l a benzin. A mostani id\u00e9nyben Amrabat tov\u00e1bbra is alapember, teszi a dolg\u00e1t a v\u00e9delem el\u0151tt, s\u0151t egy Konferencia Liga-meccsen m\u00e9g bels\u0151 v\u00e9d\u0151k\u00e9nt is megvillantotta tud\u00e1s\u00e1t. De ha teljesen \u0151szint\u00e9k akarunk lenni, akkor kijelenthetj\u00fck: tov\u00e1bbra is igen messze van att\u00f3l a min\u0151s\u00e9gt\u0151l, amit Veron\u00e1ban l\u00e1thattunk t\u0151le. Illetve messze volt. Azt\u00e1n elkezd\u0151d\u00f6tt a vil\u00e1gbajnoks\u00e1g.\r\n<h2>A marokk\u00f3i szerepet r\u00e1 \u00edrt\u00e1k<\/h2>\r\nA marokk\u00f3i k\u00f6z\u00e9pp\u00e1lya nagyon sokban hasonl\u00edt a veronaira. B\u00e1r csak a spanyolok ellen \u00e1llt fel h\u00e1romv\u00e9d\u0151s rendszerben, a bels\u0151 k\u00f6z\u00e9pp\u00e1lya elrendez\u00e9se 4-3-3-ban \u00e9s 3-5-2-ben is nagyon hasonl\u00f3, Amrabat szerepe pedig gyakorlatilag t\u00f6k ugyanaz. <strong>Azzedine Ounahi<\/strong> szem\u00e9ly\u00e9ben az egyik oldal\u00e1n v\u00e9rbeli nyolcas szerepel, a m\u00e1sikon pedig az a <strong>Selim Amallah<\/strong> j\u00e1tszik, aki klasszikus box-to-box k\u00f6z\u00e9pp\u00e1ly\u00e1sk\u00e9nt mindig ott bukkan fel, ahol sz\u00fcks\u00e9g van r\u00e1. Amallah az, aki megtestes\u00edti Amrabat mellett az egykori j\u00e1tsz\u00f3t\u00e1rsat, Miguel Velos\u00f3t, \u00e9s neki k\u00f6sz\u00f6nhet\u0151en tud \u00fagy kiteljesedni a k\u00f6z\u00e9pp\u00e1ly\u00e1s, ahogyan annak idej\u00e9n a Hellasban.\r\n\r\n<span class=\"highlight-block-small\">Amrabat nemcsak a legt\u00f6bbet fut\u00f3 \u00e9s \u00e1ltal\u00e1ban a legt\u00f6bbet passzol\u00f3 j\u00e1t\u00e9kosa Marokk\u00f3nak, hanem az \u00e1tmeneti j\u00e1t\u00e9k kulcsfigur\u00e1ja is. <\/span>\r\n\r\nRajta kereszt\u00fcl futnak a labdakihozatalok, amikor t\u00e1mad\u00e1sba megy \u00e1t a csapat, de m\u00e9g enn\u00e9l is fontosabb, hogy a v\u00e9delem el\u0151tt j\u00e1r\u0151r\u00f6zve a kontr\u00e1kat is k\u00e9pes megsz\u0171rni. Ennek k\u00f6sz\u00f6nhet\u0151en a kulcspasszok hi\u00e1nyoznak ugyan a j\u00e1t\u00e9k\u00e1b\u00f3l, hossz\u00fa \u00e1tad\u00e1sokkal sz\u00edvesen \u00e9s eredm\u00e9nyesen pr\u00f3b\u00e1lkozik, a k\u00f6zeli passzai pedig csaknem kilencven sz\u00e1zal\u00e9kban j\u00f3 helyre mennek.\r\n\r\n[caption id=\"attachment_7058\" align=\"alignnone\" width=\"2000\"]<img class=\"size-full wp-image-7058\" src=\"https:\/\/sport24.24.hu\/app\/uploads\/sites\/24\/2022\/12\/000_32r337r.jpg\" alt=\"\" width=\"2000\" height=\"1333\" \/> Kovacic \u00e9s Amrabat a Marokk\u00f3\u2013Horv\u00e1torsz\u00e1g vb-csoportm\u00e9rk\u0151z\u00e9sen.[\/caption]\r\n\r\nAhhoz, hogy Amrabat a vil\u00e1gbajnoks\u00e1g ut\u00e1n egy topcsapatba ker\u00fclj\u00f6n, m\u00e9g k\u00e9t dolog hi\u00e1nyzik. Az egyik, hogy a marokk\u00f3iak \u2013 akiknek eddig ellenf\u00e9l m\u00e9g nem l\u0151tt g\u00f3lt ezen a vb-n \u2013 a portug\u00e1lokat is kiejtve bejusson az el\u0151d\u00f6nt\u0151be. A m\u00e1sik pedig, hogy v\u00e9gre egyszer el\u00e9g k\u00f6zel ker\u00fclj\u00f6n a kapuhoz, \u00e9s eleresszen egyet az irt\u00f3zatos bomb\u00e1i k\u00f6z\u00fcl.\r\n\r\n[prefabricated_shortcode in_app=\"0\" code=\"%3Cdiv%20class%3D%22article_box_border%22%20style%3D%22background%3A%20url%28%27https%3A%2F%2F24.p3k.hu%2Fapp%2Fuploads%2Fsites%2F24%2F2021%2F05%2Fsport24-pattern.png%27%29%20no-repeat%20left%20-16px%20%23f3f3f4%3B%20border%3A%20none%3B%22%3E%0D%0A%3Cdiv%20class%3D%22article_solidheader%22%3E%0D%0A%3Ch2%20style%3D%22color%3A%20%23111115%21important%3B%20font-size%3A%2036px%3B%20font-weight%3A%20bold%3B%20margin-bottom%3A%2030px%3B%20margin-top%3A%2020px%3B%20text-align%3A%20center%3B%20line-height%3A%2036px%3B%22%3E%3Cimg%20class%3D%22aligncenter%20size-full%20wp-image-141%22%20src%3D%22https%3A%2F%2F24.p3k.hu%2Fapp%2Fuploads%2Fsites%2F24%2F2021%2F05%2Fs24-logo-dt.png%22%20alt%3D%22%22%20width%3D%22408%22%20height%3D%2290%22%20%2F%3E%3C%2Fh2%3E%0D%0A%3Ch2%20style%3D%22color%3A%20%23111115%21important%3B%20font-size%3A%2036px%3B%20font-weight%3A%20bold%3B%20margin-bottom%3A%2030px%3B%20margin-top%3A%2020px%3B%20text-align%3A%20center%3B%20line-height%3A%2040px%3B%22%3ECsatlakozz%20a%20Sport24%20k%C3%B6z%C3%B6ss%C3%A9ghez%2C%20mondd%20el%20v%C3%A9lem%C3%A9nyedet%20z%C3%A1rt%20Facebook-csoportunkban%2C%20%C3%A9s%20vegy%C3%A9l%20r%C3%A9szt%20csak%20el%C5%91fizet%C5%91knek%20el%C3%A9rhet%C5%91%20exkluz%C3%ADv%20esem%C3%A9nyeinken.%3C%2Fh2%3E%0D%0A%3C%2Fdiv%3E%0D%0A%3Cp%20style%3D%22background%3A%20%2357A600%3B%20margin-top%3A%2020px%3B%20padding%3A%2020px%3B%20text-align%3A%20center%3B%22%3E%3Ca%20style%3D%22color%3A%20%23ffffff%3B%20font-size%3A%2026px%3B%20font-weight%3A%20600%3B%22%20href%3D%22https%3A%2F%2Fwww.facebook.com%2Fgroups%2F212344460412327%22%3ECSATLAKOZOM%3C%2Fa%3E%3C%2Fp%3E%0D%0A%0D%0A%3C%2Fdiv%3E\"]","type":"rich","thumbnail_url":"https:\/\/s.24.hu\/app\/uploads\/sites\/24\/2022\/12\/gettyimages-1447414472-150x150.jpg","thumbnail_width":150,"thumbnail_height":150}

Bruckner Gábor

Ki csap le a foci-vb marokkói gyémántjára?

Amikor az évek óta fel-le liftező Hellas Verona visszajutott a Serie A-ba, az edzői pályafutását a Genoánál szépen építgető <strong>Ivan Juric</strong> lett a csapat edzője. A horvát szakember hozta magával Genovából a portugál klasszist, <strong>Miguel Velosót</strong>, és nagy erőkkel nekiállt keresni egy hasonló attribútumokkal rendelkező középpályást a 3-5-2-es formáció közepére. Az ideális hatost a ghánai <strong>Emmanuel Badu</strong> személyében vélte megtalálni, csakhogy a játékos egy tüdőembólia miatt hosszú időre kidőlt, így Juric kénytelen volt tovább keresni a 6-osát. Hogy mi vezette a Bruges-ben peremembernek számító <strong>Sofyan Amrabathoz</strong>, azt csak ő tudja.

A két évvel korábban reménytelenül kizúgó Hellas – elsősorban a hihetetlenül gyorsan összeálló Veloso, Amrabat tengelynek köszönhetően – a Serie A 2019-2020-as évadának egyik legkellemesebb meglepetésegyüttese lett, és húsz éve nem látott magasságokban zárta a szezont.

<span class="highlight-block-small">Amrabat, bár a Feyenoordban és a Bruges-ben is játszott fontos meccseket, első topligás szezonjában hihetetlen számokat produkált Olaszországban, </span>

és szinte tökéletes párt alkotott a rutinos portugál klasszissal. Már ekkor feltűnt, hogy nemcsak iszonyatos futómennyiséget, ütközéseket és labdaszerzéseket tesz a közösbe, de – ha nem is úgy, mint egy klasszikus irányító – remekül passzol is.

[caption id="attachment_7056" align="alignnone" width="2000"]<img class="size-full wp-image-7056" src="https://sport24.24.hu/app/uploads/sites/24/2022/12/000_1ot4zi.jpg" alt="" width="2000" height="1333" /> Amrabat és a torinóiak uruguayi középpályása, Rodrigo Bentancur a Hellas Verona–Juventus olasz bajnoki meccsen.[/caption]

A Hellas a téli átigazolási szezonban gyorsan véglegesítette a játékos kölcsönszerződését (rongyos négymillió euróért), majd még azon a héten el is adta Amrabatot a Fiorentinának (kevésbé rongyos 19,5 millióért), ám a szezont még Veronában fejezte be.
<div class="payable-content-section"></div>
<h2>A firenzei kapkodás egyik nagy áldozata</h2>
A Fiorentinánál ekkor mutatkozott be az új amerikai tulajdonos, <strong>Rocco Comisso</strong>, aki látványos játékot, komoly sikereket és nemzetközi kupaszereplést ígért a szurkolóknak. Aztán az első szezonja végén a lilák vért izzadva, két fordulóval a szezon vége előtt biztosították csak be a bennmaradásukat. Az év közben két edzőváltás is történt, de sem <strong>Beppe Iacchini</strong>, sem a helyi legenda, <strong>Cesare Prandelli</strong> nem tudta összerakni a csapat játékát.

Amrabat, akinek ekkor még mindig súlyos gondjai voltak az olasz nyelvvel, nemcsak az öltözőben, hanem a pályán sem találta igazán a helyét. Bár így is a jobbak közé tartozott, a korlátjaira is fény derült: nem klasszikus irányító, de nem is kimondott védekező középpályás, így a legjobban akkor érzi magát, ha van mellette egy ilyen, meg egy olyan játékos is. Erre azonban egy évet várni kellett.

A következő évadot már a Speziával csodás idényt futó <strong>Vincenzo Italiano</strong> irányítása alatt kezdte meg a Fiorentina, és Amrabat megkapta azt a pozíciót, amelyben ki kellett volna teljesednie. Italiano 4-3-3-as formációjában övé lett a mélységi irányító,a regista posztja, de valahogy nem jött ki belőle az a produkció, amivel Veronában a liga egyik legragyogóbb középpályásává vált.

<span class="highlight-block">Kevesebbet volt játékban, ami láthatóan zavarta, </span>

s bár a passzpontossága javult, ez inkább annak volt köszönhető, hogy letiltották a hosszú indításokról, és inkább a Fiorentina technikás középpályásait kellett keresnie a passzokkal.

A Fiorentina vállalható szezont futott, noha a végére alaposan kifogyott a tankból a benzin. A mostani idényben Amrabat továbbra is alapember, teszi a dolgát a védelem előtt, sőt egy Konferencia Liga-meccsen még belső védőként is megvillantotta tudását. De ha teljesen őszinték akarunk lenni, akkor kijelenthetjük: továbbra is igen messze van attól a minőségtől, amit Veronában láthattunk tőle. Illetve messze volt. Aztán elkezdődött a világbajnokság.
<h2>A marokkói szerepet rá írták</h2>
A marokkói középpálya nagyon sokban hasonlít a veronaira. Bár csak a spanyolok ellen állt fel háromvédős rendszerben, a belső középpálya elrendezése 4-3-3-ban és 3-5-2-ben is nagyon hasonló, Amrabat szerepe pedig gyakorlatilag tök ugyanaz. <strong>Azzedine Ounahi</strong> személyében az egyik oldalán vérbeli nyolcas szerepel, a másikon pedig az a <strong>Selim Amallah</strong> játszik, aki klasszikus box-to-box középpályásként mindig ott bukkan fel, ahol szükség van rá. Amallah az, aki megtestesíti Amrabat mellett az egykori játszótársat, Miguel Velosót, és neki köszönhetően tud úgy kiteljesedni a középpályás, ahogyan annak idején a Hellasban.

<span class="highlight-block-small">Amrabat nemcsak a legtöbbet futó és általában a legtöbbet passzoló játékosa Marokkónak, hanem az átmeneti játék kulcsfigurája is. </span>

Rajta keresztül futnak a labdakihozatalok, amikor támadásba megy át a csapat, de még ennél is fontosabb, hogy a védelem előtt járőrözve a kontrákat is képes megszűrni. Ennek köszönhetően a kulcspasszok hiányoznak ugyan a játékából, hosszú átadásokkal szívesen és eredményesen próbálkozik, a közeli passzai pedig csaknem kilencven százalékban jó helyre mennek.

[caption id="attachment_7058" align="alignnone" width="2000"]<img class="size-full wp-image-7058" src="https://sport24.24.hu/app/uploads/sites/24/2022/12/000_32r337r.jpg" alt="" width="2000" height="1333" /> Kovacic és Amrabat a Marokkó–Horvátország vb-csoportmérkőzésen.[/caption]

Ahhoz, hogy Amrabat a világbajnokság után egy topcsapatba kerüljön, még két dolog hiányzik. Az egyik, hogy a marokkóiak – akiknek eddig ellenfél még nem lőtt gólt ezen a vb-n – a portugálokat is kiejtve bejusson az elődöntőbe. A másik pedig, hogy végre egyszer elég közel kerüljön a kapuhoz, és eleresszen egyet az irtózatos bombái közül.

[prefabricated_shortcode in_app="0" code="%3Cdiv%20class%3D%22article_box_border%22%20style%3D%22background%3A%20url%28%27https%3A%2F%2F24.p3k.hu%2Fapp%2Fuploads%2Fsites%2F24%2F2021%2F05%2Fsport24-pattern.png%27%29%20no-repeat%20left%20-16px%20%23f3f3f4%3B%20border%3A%20none%3B%22%3E%0D%0A%3Cdiv%20class%3D%22article_solidheader%22%3E%0D%0A%3Ch2%20style%3D%22color%3A%20%23111115%21important%3B%20font-size%3A%2036px%3B%20font-weight%3A%20bold%3B%20margin-bottom%3A%2030px%3B%20margin-top%3A%2020px%3B%20text-align%3A%20center%3B%20line-height%3A%2036px%3B%22%3E%3Cimg%20class%3D%22aligncenter%20size-full%20wp-image-141%22%20src%3D%22https%3A%2F%2F24.p3k.hu%2Fapp%2Fuploads%2Fsites%2F24%2F2021%2F05%2Fs24-logo-dt.png%22%20alt%3D%22%22%20width%3D%22408%22%20height%3D%2290%22%20%2F%3E%3C%2Fh2%3E%0D%0A%3Ch2%20style%3D%22color%3A%20%23111115%21important%3B%20font-size%3A%2036px%3B%20font-weight%3A%20bold%3B%20margin-bottom%3A%2030px%3B%20margin-top%3A%2020px%3B%20text-align%3A%20center%3B%20line-height%3A%2040px%3B%22%3ECsatlakozz%20a%20Sport24%20k%C3%B6z%C3%B6ss%C3%A9ghez%2C%20mondd%20el%20v%C3%A9lem%C3%A9nyedet%20z%C3%A1rt%20Facebook-csoportunkban%2C%20%C3%A9s%20vegy%C3%A9l%20r%C3%A9szt%20csak%20el%C5%91fizet%C5%91knek%20el%C3%A9rhet%C5%91%20exkluz%C3%ADv%20esem%C3%A9nyeinken.%3C%2Fh2%3E%0D%0A%3C%2Fdiv%3E%0D%0A%3Cp%20style%3D%22background%3A%20%2357A600%3B%20margin-top%3A%2020px%3B%20padding%3A%2020px%3B%20text-align%3A%20center%3B%22%3E%3Ca%20style%3D%22color%3A%20%23ffffff%3B%20font-size%3A%2026px%3B%20font-weight%3A%20600%3B%22%20href%3D%22https%3A%2F%2Fwww.facebook.com%2Fgroups%2F212344460412327%22%3ECSATLAKOZOM%3C%2Fa%3E%3C%2Fp%3E%0D%0A%0D%0A%3C%2Fdiv%3E"]
