{"version":"1.0","provider_name":"Sport24","provider_url":"https:\/\/sport24.24.hu","author_name":"Bruckner G\u00e1bor","author_url":"https:\/\/sport24.24.hu\/author\/brucknerg\/","title":"Eddig ez a vb sem a k\u00f6z\u00e9pcsat\u00e1rokr\u00f3l sz\u00f3l","html":"A vb kezdete el\u0151tt a The Analyst twitterbejegyz\u00e9s\u00e9ben \u00edrt arr\u00f3l, vajon h\u00e1ny g\u00f3lra lesz sz\u00fcks\u00e9g ahhoz, hogy valaki g\u00f3lkir\u00e1ly lehessen a torna v\u00e9g\u00e9n. A vizsg\u00e1lt 15 vil\u00e1gbajnoks\u00e1gb\u00f3l 11 esetben (73,33 sz\u00e1zal\u00e9k) hat g\u00f3l el\u00e9g volt ahhoz, hogy valaki elnyerje a c\u00edmet.\r\n\r\n[caption id=\"attachment_6956\" align=\"alignnone\" width=\"2310\"]<img class=\"size-full wp-image-6956\" src=\"https:\/\/sport24.24.hu\/app\/uploads\/sites\/24\/2022\/12\/golok.png\" alt=\"\" width=\"2310\" height=\"1590\" \/> A k\u00e9t g\u00f3ln\u00e1l t\u00f6bbet szerz\u0151 j\u00e1t\u00e9kosok list\u00e1ja.[\/caption]\r\n\r\nAz eddig lej\u00e1tszott meccsek alapj\u00e1n a g\u00f3lkir\u00e1lyok csat\u00e1j\u00e1ban a vas\u00e1rnapi dupl\u00e1j\u00e1nak k\u00f6sz\u00f6nhet\u0151n <strong>Mbapp\u00e9<\/strong> n\u00e9mileg megl\u00e9pett vet\u00e9lyt\u00e1rsait\u00f3l. A list\u00e1b\u00f3l nyolcan m\u00e1r b\u00facs\u00faztak a k\u00fczdelmekt\u0151l, m\u00edg heten lej\u00e1tszott\u00e1k nyolcadd\u00f6nt\u0151s m\u00e9rk\u0151z\u00e9seiket, \u00edgy legk\u00f6zelebb a negyedd\u00f6nt\u0151ben lesz lehet\u0151s\u00e9g\u00fck g\u00f3ljaik sz\u00e1m\u00e1nak n\u00f6vel\u00e9s\u00e9re. A spanyolok kedden j\u00e1tszanak Marokk\u00f3val, azon a meccsen <strong>Morat\u00e1nak<\/strong> lesz m\u00e9g es\u00e9lye felz\u00e1rk\u00f3zni a franci\u00e1k sz\u00e9ls\u0151je m\u00f6g\u00e9, de ebben a k\u00f6rben tudj\u00e1k n\u00f6velni g\u00f3ljaik sz\u00e1m\u00e1t a brazil, a portug\u00e1l vagy \u00e9ppen a jap\u00e1n j\u00e1t\u00e9kosok is. A list\u00e1n egy\u00e9bk\u00e9nt k\u00e9t-k\u00e9t argentin, n\u00e9met, angol, francia \u00e9s spanyol t\u00e1mad\u00f3 szerepel, m\u00edg a t\u00f6bbi nemzet egyszer k\u00e9pviselteti mag\u00e1t.\r\n\r\nA fenti n\u00e9vsorban nyolc olyan j\u00e1t\u00e9kos neve szerepel, aki legal\u00e1bb h\u00e1rom g\u00f3lt szerzett.\r\n\r\n<span class=\"highlight-block-small\">K\u00f6z\u00fcl\u00fck igazi k\u00f6z\u00e9pcsat\u00e1rnak csak Morata \u00e9s Giroud tekinthet\u0151, \u00e9s kettej\u00fck k\u00f6z\u00fcl a francia sz\u00e1m\u00edt \u00e1lland\u00f3 kezd\u0151nek saj\u00e1t csapat\u00e1ban.<\/span>\r\n\r\nN\u00e9mi j\u00f3indulattal <strong>Gakp\u00f3t<\/strong> lehetne m\u00e9g k\u00f6z\u00e9pcsat\u00e1rk\u00e9nt megnevezni, de az \u0151 j\u00e1t\u00e9kst\u00edlusa messze van Morata, Giroud vagy <strong>F\u00fcllkrug<\/strong> st\u00edlus\u00e1t\u00f3l, illetve klubcsapat\u00e1ban, a PSV-ben is ink\u00e1bb a sz\u00e9len kap helyet.\r\n\r\n[caption id=\"attachment_6957\" align=\"alignnone\" width=\"2310\"]<img class=\"size-full wp-image-6957\" src=\"https:\/\/sport24.24.hu\/app\/uploads\/sites\/24\/2022\/12\/xg.png\" alt=\"\" width=\"2310\" height=\"1590\" \/> A 15 legmagasabb xG-\u00e9rt\u00e9k\u0171 j\u00e1t\u00e9kos a torna eddigi szakasz\u00e1ban.[\/caption]\r\n\r\n<div class=\"payable-content-section\"><\/div>\r\nHa a v\u00e1rhat\u00f3 g\u00f3lok (xG) \u00f6sszes\u00edtett \u00e9rt\u00e9k\u00e9t vizsg\u00e1ljuk, akkor a list\u00e1t a lengyelek kilencese,<strong> Robert Lewandowski<\/strong> vezeti, de csapata Argent\u00edn\u00e1t\u00f3l elszenvedett veres\u00e9ge ut\u00e1na aligha szerepel majd az \u00e9len vil\u00e1gbajnoks\u00e1g v\u00e9g\u00e9n is ezt a mutat\u00f3t tekintve. \u0150t <strong>Messi<\/strong> \u00e9s k\u00e9t francia j\u00e1t\u00e9kos, Mbapp\u00e9 \u00e9s Giroud k\u00f6veti.\r\n\r\n[caption id=\"attachment_6958\" align=\"alignnone\" width=\"2310\"]<img class=\"size-full wp-image-6958\" src=\"https:\/\/sport24.24.hu\/app\/uploads\/sites\/24\/2022\/12\/lovesek.png\" alt=\"\" width=\"2310\" height=\"1590\" \/> A 15 legt\u00f6bb l\u00f6v\u00e9st lead\u00f3 j\u00e1t\u00e9kos a torna eddigi szakasz\u00e1ban.[\/caption]\r\n\r\nA kapura l\u00f6v\u00e9sek sz\u00e1m\u00e1ban sincs nagy meglepet\u00e9s az eddigiekhez k\u00e9pest, hiszen a list\u00e1t most is a Messi, Mbapp\u00e9 du\u00f3 vezeti. Ut\u00e1nuk k\u00e9t n\u00e9met j\u00e1t\u00e9kos, <strong>Musiala<\/strong> \u00e9s <strong>Gnabry<\/strong>, illetve Lewandowski k\u00f6vetkezik. A legt\u00f6bbet pr\u00f3b\u00e1lkoz\u00f3 15 futballista k\u00f6z\u00f6tt n\u00e9gy igazi kilences tal\u00e1lhat\u00f3.\r\n\r\nMessze men\u0151 k\u00f6vetkeztet\u00e9st a minta kis elemsz\u00e1m\u00e1b\u00f3l fakad\u00f3an nem \u00e9rdemes levonni, puszt\u00e1n \u00e9rdekess\u00e9g: a hat\u00e9konys\u00e1g vizsg\u00e1latakor azt l\u00e1thatjuk, hogy\r\n\r\n<span class=\"highlight-block\">13 olyan j\u00e1t\u00e9kos is akad, aki az \u00f6sszes kapura l\u00f6v\u00e9s\u00e9b\u0151l g\u00f3lt tudott szerezni. <\/span>\r\n\r\nGakpo egy\u00e9bk\u00e9nt a csoportk\u00f6rben kimagaslott ebben a mutat\u00f3ban, hiszen mindh\u00e1rom kapura l\u00f6v\u00e9s\u00e9b\u0151l g\u00f3l sz\u00fcletett.\r\n\r\n\u00d6sszess\u00e9g\u00e9ben az adatok alapj\u00e1n azt mondhatjuk el, hogy mindeddig ez a torna sem a k\u00f6z\u00e9pcsat\u00e1rokr\u00f3l sz\u00f3l. Most nagyobb szerep jut nekik, mint n\u00e9gy \u00e9vvel ezel\u0151tt, de a reflektorf\u00e9ny Messi lehets\u00e9ges vb-c\u00edm\u00e9re \u00e9s Mbapp\u00e9 remek form\u00e1j\u00e1ra vet\u00fcl. Giroud-nak meghat\u00e1roz\u00f3 szerepe lehet a franci\u00e1k tov\u00e1bbi menetel\u00e9s\u00e9ben, de az els\u0151 \u00e1br\u00e1r\u00f3l rajta k\u00edv\u00fcl maximum <strong>Richarlison<\/strong> \u00e9s <strong>Alvarez<\/strong> sz\u00e1m\u00edthat jelent\u0151sebb feladatokokra. Az angol v\u00e1logatott csapatkapit\u00e1ny\u00e1nak, <strong>Harry Kane-nek<\/strong> a szerepe \u00e9rdekes, mivel b\u00e1r eredeti posztja kilences, a kor\u00e1bbi \u00e9vekkel ellent\u00e9tben jelenleg m\u00e1s szerepet t\u00f6lt be nemzeti egy\u00fcttes\u00e9ben. Ezt remek\u00fcl mutatja, hogy a torn\u00e1n eddig t\u00f6bb g\u00f3lpassza (3) van, mint g\u00f3lja (1).\r\n\r\nAbban, hogy ez a vb sem az igazi kilencesekr\u0151l sz\u00f3l, k\u00f6zrej\u00e1tszik az is: napjaink legnagyobb csat\u00e1rszt\u00e1rja, <strong>Erling Haaland<\/strong> a norv\u00e9gokkal nem jutott ki a vil\u00e1gbajnoks\u00e1gra, valamint a ny\u00e1r m\u00e1sik nagy csat\u00e1rigazol\u00e1sa, <strong>Darwin Nunez<\/strong> legink\u00e1bb a sz\u00e9len kapott helyet a leszerepl\u0151 uruguayi csapatban.\r\n\r\n[caption id=\"attachment_6959\" align=\"alignnone\" width=\"2310\"]<img class=\"size-full wp-image-6959\" src=\"https:\/\/sport24.24.hu\/app\/uploads\/sites\/24\/2022\/12\/lovesterkep.png\" alt=\"\" width=\"2310\" height=\"1590\" \/> A 12 legt\u00f6bb g\u00f3lt szerz\u0151 j\u00e1t\u00e9kos a torna eddigi szakasz\u00e1ban.[\/caption]\r\n\r\n<em>A szerz\u0151 Kocsis Bence, az MLSZ adatelemz\u0151je.<\/em>\r\n\r\n[prefabricated_shortcode in_app=\"0\" code=\"%3Cdiv%20class%3D%22article_box_border%22%20style%3D%22background%3A%20url%28%27https%3A%2F%2F24.p3k.hu%2Fapp%2Fuploads%2Fsites%2F24%2F2021%2F05%2Fsport24-pattern.png%27%29%20no-repeat%20left%20-16px%20%23f3f3f4%3B%20border%3A%20none%3B%22%3E%0D%0A%3Cdiv%20class%3D%22article_solidheader%22%3E%0D%0A%3Ch2%20style%3D%22color%3A%20%23111115%21important%3B%20font-size%3A%2036px%3B%20font-weight%3A%20bold%3B%20margin-bottom%3A%2030px%3B%20margin-top%3A%2020px%3B%20text-align%3A%20center%3B%20line-height%3A%2036px%3B%22%3E%3Cimg%20class%3D%22aligncenter%20size-full%20wp-image-141%22%20src%3D%22https%3A%2F%2F24.p3k.hu%2Fapp%2Fuploads%2Fsites%2F24%2F2021%2F05%2Fs24-logo-dt.png%22%20alt%3D%22%22%20width%3D%22408%22%20height%3D%2290%22%20%2F%3E%3C%2Fh2%3E%0D%0A%3Ch2%20style%3D%22color%3A%20%23111115%21important%3B%20font-size%3A%2036px%3B%20font-weight%3A%20bold%3B%20margin-bottom%3A%2030px%3B%20margin-top%3A%2020px%3B%20text-align%3A%20center%3B%20line-height%3A%2040px%3B%22%3ECsatlakozz%20a%20Sport24%20k%C3%B6z%C3%B6ss%C3%A9ghez%2C%20mondd%20el%20v%C3%A9lem%C3%A9nyedet%20z%C3%A1rt%20Facebook-csoportunkban%2C%20%C3%A9s%20vegy%C3%A9l%20r%C3%A9szt%20csak%20el%C5%91fizet%C5%91knek%20el%C3%A9rhet%C5%91%20exkluz%C3%ADv%20esem%C3%A9nyeinken.%3C%2Fh2%3E%0D%0A%3C%2Fdiv%3E%0D%0A%3Cp%20style%3D%22background%3A%20%2357A600%3B%20margin-top%3A%2020px%3B%20padding%3A%2020px%3B%20text-align%3A%20center%3B%22%3E%3Ca%20style%3D%22color%3A%20%23ffffff%3B%20font-size%3A%2026px%3B%20font-weight%3A%20600%3B%22%20href%3D%22https%3A%2F%2Fwww.facebook.com%2Fgroups%2F212344460412327%22%3ECSATLAKOZOM%3C%2Fa%3E%3C%2Fp%3E%0D%0A%0D%0A%3C%2Fdiv%3E\"]","type":"rich","thumbnail_url":"https:\/\/s.24.hu\/app\/uploads\/sites\/24\/2022\/12\/000_32yk4dd-masolat-150x150.jpg","thumbnail_width":150,"thumbnail_height":150}

Bruckner Gábor

Eddig ez a vb sem a középcsatárokról szól

A vb kezdete előtt a The Analyst twitterbejegyzésében írt arról, vajon hány gólra lesz szükség ahhoz, hogy valaki gólkirály lehessen a torna végén. A vizsgált 15 világbajnokságból 11 esetben (73,33 százalék) hat gól elég volt ahhoz, hogy valaki elnyerje a címet.

[caption id="attachment_6956" align="alignnone" width="2310"]<img class="size-full wp-image-6956" src="https://sport24.24.hu/app/uploads/sites/24/2022/12/golok.png" alt="" width="2310" height="1590" /> A két gólnál többet szerző játékosok listája.[/caption]

Az eddig lejátszott meccsek alapján a gólkirályok csatájában a vasárnapi duplájának köszönhetőn <strong>Mbappé</strong> némileg meglépett vetélytársaitól. A listából nyolcan már búcsúztak a küzdelmektől, míg heten lejátszották nyolcaddöntős mérkőzéseiket, így legközelebb a negyeddöntőben lesz lehetőségük góljaik számának növelésére. A spanyolok kedden játszanak Marokkóval, azon a meccsen <strong>Moratának</strong> lesz még esélye felzárkózni a franciák szélsője mögé, de ebben a körben tudják növelni góljaik számát a brazil, a portugál vagy éppen a japán játékosok is. A listán egyébként két-két argentin, német, angol, francia és spanyol támadó szerepel, míg a többi nemzet egyszer képviselteti magát.

A fenti névsorban nyolc olyan játékos neve szerepel, aki legalább három gólt szerzett.

<span class="highlight-block-small">Közülük igazi középcsatárnak csak Morata és Giroud tekinthető, és kettejük közül a francia számít állandó kezdőnek saját csapatában.</span>

Némi jóindulattal <strong>Gakpót</strong> lehetne még középcsatárként megnevezni, de az ő játékstílusa messze van Morata, Giroud vagy <strong>Füllkrug</strong> stílusától, illetve klubcsapatában, a PSV-ben is inkább a szélen kap helyet.

[caption id="attachment_6957" align="alignnone" width="2310"]<img class="size-full wp-image-6957" src="https://sport24.24.hu/app/uploads/sites/24/2022/12/xg.png" alt="" width="2310" height="1590" /> A 15 legmagasabb xG-értékű játékos a torna eddigi szakaszában.[/caption]

<div class="payable-content-section"></div>
Ha a várható gólok (xG) összesített értékét vizsgáljuk, akkor a listát a lengyelek kilencese,<strong> Robert Lewandowski</strong> vezeti, de csapata Argentínától elszenvedett veresége utána aligha szerepel majd az élen világbajnokság végén is ezt a mutatót tekintve. Őt <strong>Messi</strong> és két francia játékos, Mbappé és Giroud követi.

[caption id="attachment_6958" align="alignnone" width="2310"]<img class="size-full wp-image-6958" src="https://sport24.24.hu/app/uploads/sites/24/2022/12/lovesek.png" alt="" width="2310" height="1590" /> A 15 legtöbb lövést leadó játékos a torna eddigi szakaszában.[/caption]

A kapura lövések számában sincs nagy meglepetés az eddigiekhez képest, hiszen a listát most is a Messi, Mbappé duó vezeti. Utánuk két német játékos, <strong>Musiala</strong> és <strong>Gnabry</strong>, illetve Lewandowski következik. A legtöbbet próbálkozó 15 futballista között négy igazi kilences található.

Messze menő következtetést a minta kis elemszámából fakadóan nem érdemes levonni, pusztán érdekesség: a hatékonyság vizsgálatakor azt láthatjuk, hogy

<span class="highlight-block">13 olyan játékos is akad, aki az összes kapura lövéséből gólt tudott szerezni. </span>

Gakpo egyébként a csoportkörben kimagaslott ebben a mutatóban, hiszen mindhárom kapura lövéséből gól született.

Összességében az adatok alapján azt mondhatjuk el, hogy mindeddig ez a torna sem a középcsatárokról szól. Most nagyobb szerep jut nekik, mint négy évvel ezelőtt, de a reflektorfény Messi lehetséges vb-címére és Mbappé remek formájára vetül. Giroud-nak meghatározó szerepe lehet a franciák további menetelésében, de az első ábráról rajta kívül maximum <strong>Richarlison</strong> és <strong>Alvarez</strong> számíthat jelentősebb feladatokokra. Az angol válogatott csapatkapitányának, <strong>Harry Kane-nek</strong> a szerepe érdekes, mivel bár eredeti posztja kilences, a korábbi évekkel ellentétben jelenleg más szerepet tölt be nemzeti együttesében. Ezt remekül mutatja, hogy a tornán eddig több gólpassza (3) van, mint gólja (1).

Abban, hogy ez a vb sem az igazi kilencesekről szól, közrejátszik az is: napjaink legnagyobb csatársztárja, <strong>Erling Haaland</strong> a norvégokkal nem jutott ki a világbajnokságra, valamint a nyár másik nagy csatárigazolása, <strong>Darwin Nunez</strong> leginkább a szélen kapott helyet a leszereplő uruguayi csapatban.

[caption id="attachment_6959" align="alignnone" width="2310"]<img class="size-full wp-image-6959" src="https://sport24.24.hu/app/uploads/sites/24/2022/12/lovesterkep.png" alt="" width="2310" height="1590" /> A 12 legtöbb gólt szerző játékos a torna eddigi szakaszában.[/caption]

<em>A szerző Kocsis Bence, az MLSZ adatelemzője.</em>

[prefabricated_shortcode in_app="0" code="%3Cdiv%20class%3D%22article_box_border%22%20style%3D%22background%3A%20url%28%27https%3A%2F%2F24.p3k.hu%2Fapp%2Fuploads%2Fsites%2F24%2F2021%2F05%2Fsport24-pattern.png%27%29%20no-repeat%20left%20-16px%20%23f3f3f4%3B%20border%3A%20none%3B%22%3E%0D%0A%3Cdiv%20class%3D%22article_solidheader%22%3E%0D%0A%3Ch2%20style%3D%22color%3A%20%23111115%21important%3B%20font-size%3A%2036px%3B%20font-weight%3A%20bold%3B%20margin-bottom%3A%2030px%3B%20margin-top%3A%2020px%3B%20text-align%3A%20center%3B%20line-height%3A%2036px%3B%22%3E%3Cimg%20class%3D%22aligncenter%20size-full%20wp-image-141%22%20src%3D%22https%3A%2F%2F24.p3k.hu%2Fapp%2Fuploads%2Fsites%2F24%2F2021%2F05%2Fs24-logo-dt.png%22%20alt%3D%22%22%20width%3D%22408%22%20height%3D%2290%22%20%2F%3E%3C%2Fh2%3E%0D%0A%3Ch2%20style%3D%22color%3A%20%23111115%21important%3B%20font-size%3A%2036px%3B%20font-weight%3A%20bold%3B%20margin-bottom%3A%2030px%3B%20margin-top%3A%2020px%3B%20text-align%3A%20center%3B%20line-height%3A%2040px%3B%22%3ECsatlakozz%20a%20Sport24%20k%C3%B6z%C3%B6ss%C3%A9ghez%2C%20mondd%20el%20v%C3%A9lem%C3%A9nyedet%20z%C3%A1rt%20Facebook-csoportunkban%2C%20%C3%A9s%20vegy%C3%A9l%20r%C3%A9szt%20csak%20el%C5%91fizet%C5%91knek%20el%C3%A9rhet%C5%91%20exkluz%C3%ADv%20esem%C3%A9nyeinken.%3C%2Fh2%3E%0D%0A%3C%2Fdiv%3E%0D%0A%3Cp%20style%3D%22background%3A%20%2357A600%3B%20margin-top%3A%2020px%3B%20padding%3A%2020px%3B%20text-align%3A%20center%3B%22%3E%3Ca%20style%3D%22color%3A%20%23ffffff%3B%20font-size%3A%2026px%3B%20font-weight%3A%20600%3B%22%20href%3D%22https%3A%2F%2Fwww.facebook.com%2Fgroups%2F212344460412327%22%3ECSATLAKOZOM%3C%2Fa%3E%3C%2Fp%3E%0D%0A%0D%0A%3C%2Fdiv%3E"]
