{"version":"1.0","provider_name":"Sport24","provider_url":"https:\/\/sport24.24.hu","author_name":"Fut\u00f3 Csaba","author_url":"https:\/\/sport24.24.hu\/author\/futocs\/","title":"Lehet-e \u00fagy k\u00e9pviselni a haz\u00e1dat, hogy k\u00f6zben tiltakozol az orsz\u00e1godat vezet\u0151 rezsim ellen?","html":"<strong>Kassai Zsigmonddal<\/strong>, a 24.hu k\u00f6z\u00e9leti \u00fajs\u00e1g\u00edr\u00f3j\u00e1val \u00e9s <strong>Kele J\u00e1nossal<\/strong>, a Ziccer kor\u00e1bbi m\u0171sorvezet\u0151j\u00e9vel, a Momentum eln\u00f6ks\u00e9gi tagj\u00e1val a meccsnapi vb-podcastunkban t\u00e1gabb kontextusba helyezt\u00fck\r\n<ul>\r\n \t<li>az ir\u00e1ni-amerikai politikai- \u00e9s futballt\u00f6rt\u00e9nelmet,<\/li>\r\n \t<li>az ir\u00e1niak portug\u00e1l sz\u00f6vets\u00e9gi kapit\u00e1nya, Carlos Queiroz az amerikai labdar\u00fag\u00e1s kult\u00far\u00e1j\u00e1n nyomot hagy\u00f3 munk\u00e1ss\u00e1g\u00e1t,<\/li>\r\n \t<li>hogyan kezelt\u00e9k a sportban \u00e9rdekelt felek azt, ami a meccset megel\u0151z\u0151en zajlott,<\/li>\r\n \t<li>f\u0151k\u00e9pp azt a kellemetlen k\u00e9rd\u00e9shalmazt, amit Tyler Adams csapatkapit\u00e1ny kapott a meccset megel\u0151z\u0151 a sajt\u00f3t\u00e1j\u00e9koztat\u00f3n az ir\u00e1ni \u00fajs\u00e1g\u00edr\u00f3kt\u00f3l.<\/li>\r\n<\/ul>\r\nTerm\u00e9szetesen a keddi j\u00e1t\u00e9knap mind a n\u00e9gy m\u00e9rk\u0151z\u00e9se kapcs\u00e1n futballoztunk is kicsit, a m\u00e1sik h\u00e1rom keddi m\u00e9rk\u0151z\u00e9s mellett sz\u00f3ba ker\u00fclt az is, l\u00e1tszik-e egy\u00e1ltal\u00e1n Amerik\u00e1b\u00f3l a magyar futball, <strong>Ikoba<\/strong> \u00e9s <strong>Wingo<\/strong>.","type":"rich","thumbnail_url":"https:\/\/s.24.hu\/app\/uploads\/sites\/24\/2022\/11\/usa-iran-150x150.jpg","thumbnail_width":150,"thumbnail_height":150}

Futó Csaba

Lehet-e úgy képviselni a hazádat, hogy közben tiltakozol az országodat vezető rezsim ellen?

<strong>Kassai Zsigmonddal</strong>, a 24.hu közéleti újságírójával és <strong>Kele Jánossal</strong>, a Ziccer korábbi műsorvezetőjével, a Momentum elnökségi tagjával a meccsnapi vb-podcastunkban tágabb kontextusba helyeztük
<ul>
 	<li>az iráni-amerikai politikai- és futballtörténelmet,</li>
 	<li>az irániak portugál szövetségi kapitánya, Carlos Queiroz az amerikai labdarúgás kultúráján nyomot hagyó munkásságát,</li>
 	<li>hogyan kezelték a sportban érdekelt felek azt, ami a meccset megelőzően zajlott,</li>
 	<li>főképp azt a kellemetlen kérdéshalmazt, amit Tyler Adams csapatkapitány kapott a meccset megelőző a sajtótájékoztatón az iráni újságíróktól.</li>
</ul>
Természetesen a keddi játéknap mind a négy mérkőzése kapcsán futballoztunk is kicsit, a másik három keddi mérkőzés mellett szóba került az is, látszik-e egyáltalán Amerikából a magyar futball, <strong>Ikoba</strong> és <strong>Wingo</strong>.
