{"version":"1.0","provider_name":"Sport24","provider_url":"https:\/\/sport24.24.hu","author_name":"Bruckner G\u00e1bor","author_url":"https:\/\/sport24.24.hu\/author\/brucknerg\/","title":"M\u00e1t\u00e9 G\u00e1bor: Hib\u00e1t hib\u00e1ra halmozok","html":"Val\u00f3sz\u00edn\u0171leg futballsznob vagyok, vagy el\u0151\u00edt\u00e9letes.\u00a0 Vas\u00e1rnap vil\u00e1goss\u00e1 v\u00e1lt a Marokk\u00f3\u2013Belgiumon, hogy \u00e9rdemes az afrikaiakat n\u00e9zni. Marokk\u00f3 sim\u00e1n lefocizta a mesters\u00e9ges intelligencia \u00e1ltal d\u00f6nt\u0151be j\u00f3solt belg\u00e1kat. Hossz\u00e1ban fekve a kanap\u00e9mon n\u00e9ztem a tal\u00e1lkoz\u00f3t, \u00fagyis belealszom \u00e9rz\u00e9ssel \u2013 f\u0151leg <strong>Hakimi<\/strong> \u00e9s <strong>Zijes<\/strong> cipelte a h\u00e1t\u00e1n a csapatot \u2013, de ritka lend\u00fcletes meccset hoztak \u00f6ssze. V\u00e9gig nyitva tartott\u00e1k a szememet.\r\n\r\nV\u00e1rtam a spanyolokat, be\u00e1ll\u00edtottam a mediaboxomat \u2013 hiszen Tartuffe el\u0151ad\u00e1som volt \u2013, kilenc \u00f3ra h\u00fasz perckor meggy\u00fajtottam a d\u00e9lel\u0151tt v\u00e1s\u00e1rolt adventi koszor\u00fam els\u0151 gyerty\u00e1j\u00e1t, benyomtam a play gombot, \u00e9s v\u00e1rakoz\u00e1somnak megfelel\u0151en \u00f3vatos els\u0151 f\u00e9lid\u0151 ut\u00e1n keserves d\u00f6ntetlent hoztak ki magukb\u00f3l a fi\u00fak a n\u00e9metek ellen. Az \u00e9lm\u00e9ny messze elt\u00f6rp\u00fclt a Marokk\u00f3\u2013Belgiumhoz k\u00e9pest.\r\n\r\n<span class=\"highlight-block\">Nem aludtam el, mert v\u00e1rtam, h\u00e1tha lesz valami, nem lett. <\/span>\r\n\r\nCsak meg ne bosszulja mag\u00e1t ez az \u00f3vatoskod\u00e1s, hi\u00e1ba a 7-0 Costa Rica ellen, ha majd a sz\u00edv\u00f3s jap\u00e1nok, akik szint\u00e9n nem es\u00e9lytelenek a tov\u00e1bbjut\u00e1sra, nem adj\u00e1k meg magukat. A sok Bundeslig\u00e1ban edz\u0151d\u00f6tt kamik\u00e1ze nem fog megijedni, az biztos. (L\u00e1ttam egyszer egy m\u00e1sodik vil\u00e1gh\u00e1bor\u00fas dokumentumfilmet, \u00e1lltak egy vonalban a rep\u00fcl\u0151g\u00e9p-anyahaj\u00f3n a hal\u00e1lba utaz\u00f3, v\u00e1gott szem\u0171 pil\u00f3t\u00e1k, ittak egy kupica szak\u00e9t, azt\u00e1n usgyi. Na, k\u00f6sz\u00f6n\u00f6m sz\u00e9pen.) R\u00e1ad\u00e1sul nem lesz ott a p\u00e1ly\u00e1n <strong>Busquets<\/strong> \u00e9s <strong>Gavi<\/strong> sem. Pihenteti \u0151ket a kapit\u00e1ny, s\u0151t a veter\u00e1n k\u00f6z\u00e9pp\u00e1ly\u00e1snak s\u00e1rga lapja is van, nehogy \u00f6sszeszedjen egy \u00fajabbat, \u00e9s akkor ki kell hagyja a negyedd\u00f6nt\u0151t \u2013 \u00edgy okoskodik <strong>Luis Enrique<\/strong>. Ha ugyan eljutnak a negyedd\u00f6nt\u0151be \u2013 \u00edgy okoskodom \u00e9n.\r\n\r\n<img class=\"size-full wp-image-6806\" src=\"https:\/\/sport24.24.hu\/app\/uploads\/sites\/24\/2022\/11\/gettyimages-1245156096.jpg\" alt=\"\" width=\"3250\" height=\"2167\" \/>\r\n<div class=\"payable-content-section\"><\/div>\r\nH\u00e9tf\u0151n pr\u00f3b\u00e1val telt a d\u00e9lel\u0151tt\u00f6m, de ha nem pr\u00f3b\u00e1lok, akkor sem biztos, hogy n\u00e9zem a szerbek meccs\u00e9t. Mi lehet olyan nagyon j\u00f3 egy Kamerun\u2013Szerbia \u00f6sszecsap\u00e1sban? Erre azt olvasom, hogy a vb legsz\u00f3rakoztat\u00f3bb tal\u00e1lkoz\u00f3ja volt. Nem vettem fel, hi\u00e1ba n\u00e9ztem meg k\u00e9s\u0151 este a g\u00f3lokat, az m\u00e1r nem ugyanaz. \u00c9s persze bor\u00edt\u00e9koltam, hogy k\u00fczdelmes lesz a D\u00e9l Korea\u2013Gh\u00e1na, de hogy 0-2, azut\u00e1n 2-2, \u00e9s p\u00e1r perc m\u00falva m\u00e1r 2-3, erre sem sz\u00e1m\u00edtottam. Eur\u00f3pai f\u00f6l\u00e9nyess\u00e9ggel pillantgattam a t\u00e9v\u00e9k\u00e9sz\u00fcl\u00e9kre, de biztos voltam benne, hogy a Braz\u00edlia\u2013Sv\u00e1jc, azt\u00e1n meg a Portug\u00e1lia\u2013Uruguay lesz a vitathatatlan cs\u00facsa az est\u00e9mnek. Nem besz\u00e9lve arr\u00f3l, hogy semmi dolgom, sz\u00e9pen le\u00fcl\u00f6k a k\u00e9nyelmes fotelomba, \u00e9s \u00e1tadom magam az \u00e9lvezetnek. Ehhez k\u00e9pest \u2013 gondolhattam volna, hogy a sv\u00e1jciak bunkerfocit j\u00e1tszanak majd \u2013 a leragad\u00f3 szememet igyekeztem nyitva marad\u00e1sra \u00f6szt\u00f6k\u00e9lni. V\u00e9gre a m\u00e1sodik f\u00e9lid\u0151ben sz\u00fcletett sz\u00e9pnek mondhat\u00f3 t\u00e1mad\u00e1sb\u00f3l egy <strong>Vinicius Jr.<\/strong>-g\u00f3l, az egyik brazil, tal\u00e1n \u00e9ppen <strong>Richarlison<\/strong> cip\u0151j\u00e9nek az orra a t\u00e1mad\u00e1s elej\u00e9n lesen volt. K\u00e9t percig n\u00e9zegett\u00e9k a VAR-szob\u00e1ban az esem\u00e9nyt, \u00e9s ha ilyen sok\u00e1ig keresnek valami hib\u00e1t, bizonyosan meg is tal\u00e1lj\u00e1k. Pont, mint amikor orvoshoz megy az ember, valamit biztos tal\u00e1lnak. Kicsit jobb lett az eg\u00e9sz, \u00e9s <strong>Casemiro<\/strong> t\u00e9nyleg sz\u00e9pen eltal\u00e1lt egy labd\u00e1t a tizenhatoson bel\u00fcl, azzal nyert Braz\u00edlia. Mondhatni, helyre\u00e1llt a vil\u00e1g rendje, annyib\u00f3l mindenk\u00e9pp, hogy legal\u00e1bb nem Sv\u00e1jc.\r\n\r\n<span class=\"highlight-block\">Na, de majd a portug\u00e1lok, illetve ink\u00e1bb Uruguay, ha m\u00e1r v\u00e1lasztani kell. <\/span>\r\n\r\nAz el\u0151z\u0151 meccs\u00fck\u00f6n a luzit\u00e1noknak azt, ahogy <strong>Diego Costa<\/strong> nagyk\u00e9p\u0171n maga el\u00e9 gur\u00edtotta a labd\u00e1t, \u00e9s majdnem g\u00f3l lett bel\u0151le, finoman sz\u00f3lva m\u00e1zlik\u00e9nt k\u00f6nyveltem el. \u00c9s erre \u2013 na j\u00f3, volt egy <strong>B. Fernandes<\/strong>-bead\u00e1sos kapuba jut\u00e1s, ami kis h\u00edj\u00e1n hozz\u00e1\u00e9rt Ronaldo haj\u00e1hoz \u2013 egy meglehet\u0151sen vitathat\u00f3 tizenegyessel bebiztos\u00edthatt\u00e1k a tov\u00e1bbjut\u00e1sukat. Portug\u00e1lia hatpontos, csupa magasan jegyzett focista, \u00e9s a v\u00e1logatott rendre bosszant\u00f3 meccseket j\u00e1tszik (\u00e9vek \u00f3ta.) Az uruguayi v\u00e9d\u0151nek Fernandes kiosztott egy k\u00f6t\u00e9nyt, ok\u00e9. Erre ez a feh\u00e9rmezes fi\u00fa lezuttyant a f\u0171re, \u00e9s hogy ne essen nagyot, tomp\u00edtott. Az eg\u00e9sz csapat pechj\u00e9re a k\u00e9t l\u00e1ba k\u00f6z\u00f6tt utat tal\u00e1l\u00f3 labda beleakadt az \u00edgy kit\u00e1masztott kez\u00e9be. Hol volt itt sz\u00e1nd\u00e9koss\u00e1g? Hiszen szeg\u00e9ny nem sz\u00e1m\u00edtott arra, hogy k\u00f6t\u00e9nyt kap, ha sz\u00e1m\u00edtott volna erre, akkor \u00f6sszez\u00e1rja a l\u00e1b\u00e1t, de nem sz\u00e1m\u00edtott r\u00e1, h\u00e1t egyens\u00faly\u00e1t vesztve le\u00fclt, \u00e9s hogy ne f\u00e1jjon a f\u00f6ldre es\u00e9s, h\u00e1tra tette a kez\u00e9t. Hova m\u00e1shova tehette volna?! Na, mindegy. Fernandes a szok\u00e1sos bakugr\u00e1s\u00e1val t\u00e9nyleg bel\u0151tte a tizenegyest \u00e9s t\u00e9nyleg majdnem l\u0151tt m\u00e9g egyet \u00e9s az is t\u00e9ny, hogy ez az Uruguay, ha m\u00e9g kedd hajnalig j\u00e1tszottak volna, se r\u00fagott volna g\u00f3lt.\r\n\r\nSz\u00f3val j\u00f3, menjenek tov\u00e1bb a portug\u00e1lok \u00e9s k\u00e9sz!\r\n\r\n[prefabricated_shortcode in_app=\"0\" code=\"%3Cdiv%20class%3D%22article_box_border%22%20style%3D%22background%3A%20url%28%27https%3A%2F%2F24.p3k.hu%2Fapp%2Fuploads%2Fsites%2F24%2F2021%2F05%2Fsport24-pattern.png%27%29%20no-repeat%20left%20-16px%20%23f3f3f4%3B%20border%3A%20none%3B%22%3E%0D%0A%3Cdiv%20class%3D%22article_solidheader%22%3E%0D%0A%3Ch2%20style%3D%22color%3A%20%23111115%21important%3B%20font-size%3A%2036px%3B%20font-weight%3A%20bold%3B%20margin-bottom%3A%2030px%3B%20margin-top%3A%2020px%3B%20text-align%3A%20center%3B%20line-height%3A%2036px%3B%22%3E%3Cimg%20class%3D%22aligncenter%20size-full%20wp-image-141%22%20src%3D%22https%3A%2F%2F24.p3k.hu%2Fapp%2Fuploads%2Fsites%2F24%2F2021%2F05%2Fs24-logo-dt.png%22%20alt%3D%22%22%20width%3D%22408%22%20height%3D%2290%22%20%2F%3E%3C%2Fh2%3E%0D%0A%3Ch2%20style%3D%22color%3A%20%23111115%21important%3B%20font-size%3A%2036px%3B%20font-weight%3A%20bold%3B%20margin-bottom%3A%2030px%3B%20margin-top%3A%2020px%3B%20text-align%3A%20center%3B%20line-height%3A%2040px%3B%22%3ECsatlakozz%20a%20Sport24%20k%C3%B6z%C3%B6ss%C3%A9ghez%2C%20mondd%20el%20v%C3%A9lem%C3%A9nyedet%20z%C3%A1rt%20Facebook-csoportunkban%2C%20%C3%A9s%20vegy%C3%A9l%20r%C3%A9szt%20csak%20el%C5%91fizet%C5%91knek%20el%C3%A9rhet%C5%91%20exkluz%C3%ADv%20esem%C3%A9nyeinken.%3C%2Fh2%3E%0D%0A%3C%2Fdiv%3E%0D%0A%3Cp%20style%3D%22background%3A%20%2357A600%3B%20margin-top%3A%2020px%3B%20padding%3A%2020px%3B%20text-align%3A%20center%3B%22%3E%3Ca%20style%3D%22color%3A%20%23ffffff%3B%20font-size%3A%2026px%3B%20font-weight%3A%20600%3B%22%20href%3D%22https%3A%2F%2Fwww.facebook.com%2Fgroups%2F212344460412327%22%3ECSATLAKOZOM%3C%2Fa%3E%3C%2Fp%3E%0D%0A%0D%0A%3C%2Fdiv%3E\"]","type":"rich","thumbnail_url":"https:\/\/s.24.hu\/app\/uploads\/sites\/24\/2022\/11\/gettyimages-1445398688-masolat-150x150.jpg","thumbnail_width":150,"thumbnail_height":150}

Bruckner Gábor

Máté Gábor: Hibát hibára halmozok

Valószínűleg futballsznob vagyok, vagy előítéletes.  Vasárnap világossá vált a Marokkó–Belgiumon, hogy érdemes az afrikaiakat nézni. Marokkó simán lefocizta a mesterséges intelligencia által döntőbe jósolt belgákat. Hosszában fekve a kanapémon néztem a találkozót, úgyis belealszom érzéssel – főleg <strong>Hakimi</strong> és <strong>Zijes</strong> cipelte a hátán a csapatot –, de ritka lendületes meccset hoztak össze. Végig nyitva tartották a szememet.

Vártam a spanyolokat, beállítottam a mediaboxomat – hiszen Tartuffe előadásom volt –, kilenc óra húsz perckor meggyújtottam a délelőtt vásárolt adventi koszorúm első gyertyáját, benyomtam a play gombot, és várakozásomnak megfelelően óvatos első félidő után keserves döntetlent hoztak ki magukból a fiúk a németek ellen. Az élmény messze eltörpült a Marokkó–Belgiumhoz képest.

<span class="highlight-block">Nem aludtam el, mert vártam, hátha lesz valami, nem lett. </span>

Csak meg ne bosszulja magát ez az óvatoskodás, hiába a 7-0 Costa Rica ellen, ha majd a szívós japánok, akik szintén nem esélytelenek a továbbjutásra, nem adják meg magukat. A sok Bundesligában edződött kamikáze nem fog megijedni, az biztos. (Láttam egyszer egy második világháborús dokumentumfilmet, álltak egy vonalban a repülőgép-anyahajón a halálba utazó, vágott szemű pilóták, ittak egy kupica szakét, aztán usgyi. Na, köszönöm szépen.) Ráadásul nem lesz ott a pályán <strong>Busquets</strong> és <strong>Gavi</strong> sem. Pihenteti őket a kapitány, sőt a veterán középpályásnak sárga lapja is van, nehogy összeszedjen egy újabbat, és akkor ki kell hagyja a negyeddöntőt – így okoskodik <strong>Luis Enrique</strong>. Ha ugyan eljutnak a negyeddöntőbe – így okoskodom én.

<img class="size-full wp-image-6806" src="https://sport24.24.hu/app/uploads/sites/24/2022/11/gettyimages-1245156096.jpg" alt="" width="3250" height="2167" />
<div class="payable-content-section"></div>
Hétfőn próbával telt a délelőttöm, de ha nem próbálok, akkor sem biztos, hogy nézem a szerbek meccsét. Mi lehet olyan nagyon jó egy Kamerun–Szerbia összecsapásban? Erre azt olvasom, hogy a vb legszórakoztatóbb találkozója volt. Nem vettem fel, hiába néztem meg késő este a gólokat, az már nem ugyanaz. És persze borítékoltam, hogy küzdelmes lesz a Dél Korea–Ghána, de hogy 0-2, azután 2-2, és pár perc múlva már 2-3, erre sem számítottam. Európai fölényességgel pillantgattam a tévékészülékre, de biztos voltam benne, hogy a Brazília–Svájc, aztán meg a Portugália–Uruguay lesz a vitathatatlan csúcsa az estémnek. Nem beszélve arról, hogy semmi dolgom, szépen leülök a kényelmes fotelomba, és átadom magam az élvezetnek. Ehhez képest – gondolhattam volna, hogy a svájciak bunkerfocit játszanak majd – a leragadó szememet igyekeztem nyitva maradásra ösztökélni. Végre a második félidőben született szépnek mondható támadásból egy <strong>Vinicius Jr.</strong>-gól, az egyik brazil, talán éppen <strong>Richarlison</strong> cipőjének az orra a támadás elején lesen volt. Két percig nézegették a VAR-szobában az eseményt, és ha ilyen sokáig keresnek valami hibát, bizonyosan meg is találják. Pont, mint amikor orvoshoz megy az ember, valamit biztos találnak. Kicsit jobb lett az egész, és <strong>Casemiro</strong> tényleg szépen eltalált egy labdát a tizenhatoson belül, azzal nyert Brazília. Mondhatni, helyreállt a világ rendje, annyiból mindenképp, hogy legalább nem Svájc.

<span class="highlight-block">Na, de majd a portugálok, illetve inkább Uruguay, ha már választani kell. </span>

Az előző meccsükön a luzitánoknak azt, ahogy <strong>Diego Costa</strong> nagyképűn maga elé gurította a labdát, és majdnem gól lett belőle, finoman szólva mázliként könyveltem el. És erre – na jó, volt egy <strong>B. Fernandes</strong>-beadásos kapuba jutás, ami kis híján hozzáért Ronaldo hajához – egy meglehetősen vitatható tizenegyessel bebiztosíthatták a továbbjutásukat. Portugália hatpontos, csupa magasan jegyzett focista, és a válogatott rendre bosszantó meccseket játszik (évek óta.) Az uruguayi védőnek Fernandes kiosztott egy kötényt, oké. Erre ez a fehérmezes fiú lezuttyant a fűre, és hogy ne essen nagyot, tompított. Az egész csapat pechjére a két lába között utat találó labda beleakadt az így kitámasztott kezébe. Hol volt itt szándékosság? Hiszen szegény nem számított arra, hogy kötényt kap, ha számított volna erre, akkor összezárja a lábát, de nem számított rá, hát egyensúlyát vesztve leült, és hogy ne fájjon a földre esés, hátra tette a kezét. Hova máshova tehette volna?! Na, mindegy. Fernandes a szokásos bakugrásával tényleg belőtte a tizenegyest és tényleg majdnem lőtt még egyet és az is tény, hogy ez az Uruguay, ha még kedd hajnalig játszottak volna, se rúgott volna gólt.

Szóval jó, menjenek tovább a portugálok és kész!

[prefabricated_shortcode in_app="0" code="%3Cdiv%20class%3D%22article_box_border%22%20style%3D%22background%3A%20url%28%27https%3A%2F%2F24.p3k.hu%2Fapp%2Fuploads%2Fsites%2F24%2F2021%2F05%2Fsport24-pattern.png%27%29%20no-repeat%20left%20-16px%20%23f3f3f4%3B%20border%3A%20none%3B%22%3E%0D%0A%3Cdiv%20class%3D%22article_solidheader%22%3E%0D%0A%3Ch2%20style%3D%22color%3A%20%23111115%21important%3B%20font-size%3A%2036px%3B%20font-weight%3A%20bold%3B%20margin-bottom%3A%2030px%3B%20margin-top%3A%2020px%3B%20text-align%3A%20center%3B%20line-height%3A%2036px%3B%22%3E%3Cimg%20class%3D%22aligncenter%20size-full%20wp-image-141%22%20src%3D%22https%3A%2F%2F24.p3k.hu%2Fapp%2Fuploads%2Fsites%2F24%2F2021%2F05%2Fs24-logo-dt.png%22%20alt%3D%22%22%20width%3D%22408%22%20height%3D%2290%22%20%2F%3E%3C%2Fh2%3E%0D%0A%3Ch2%20style%3D%22color%3A%20%23111115%21important%3B%20font-size%3A%2036px%3B%20font-weight%3A%20bold%3B%20margin-bottom%3A%2030px%3B%20margin-top%3A%2020px%3B%20text-align%3A%20center%3B%20line-height%3A%2040px%3B%22%3ECsatlakozz%20a%20Sport24%20k%C3%B6z%C3%B6ss%C3%A9ghez%2C%20mondd%20el%20v%C3%A9lem%C3%A9nyedet%20z%C3%A1rt%20Facebook-csoportunkban%2C%20%C3%A9s%20vegy%C3%A9l%20r%C3%A9szt%20csak%20el%C5%91fizet%C5%91knek%20el%C3%A9rhet%C5%91%20exkluz%C3%ADv%20esem%C3%A9nyeinken.%3C%2Fh2%3E%0D%0A%3C%2Fdiv%3E%0D%0A%3Cp%20style%3D%22background%3A%20%2357A600%3B%20margin-top%3A%2020px%3B%20padding%3A%2020px%3B%20text-align%3A%20center%3B%22%3E%3Ca%20style%3D%22color%3A%20%23ffffff%3B%20font-size%3A%2026px%3B%20font-weight%3A%20600%3B%22%20href%3D%22https%3A%2F%2Fwww.facebook.com%2Fgroups%2F212344460412327%22%3ECSATLAKOZOM%3C%2Fa%3E%3C%2Fp%3E%0D%0A%0D%0A%3C%2Fdiv%3E"]
