{"version":"1.0","provider_name":"Sport24","provider_url":"https:\/\/sport24.24.hu","author_name":"Fut\u00f3 Csaba","author_url":"https:\/\/sport24.24.hu\/author\/futocs\/","title":"Az ember nem azt v\u00e1rja a vb-t\u0151l, hogy k\u00f6z\u00e9pgyenge NB I-es bajnokit kapjon","html":"A Ziccer Extr\u00e1ban <strong>Orvos Andr\u00e1ssal<\/strong>, a daniasport.hu f\u0151szerkeszt\u0151j\u00e9vel, \u00e9s <strong>Aranyossy \u00c1ronnal<\/strong>, a 24.hu sportrovat\u00e1nak \u00fajs\u00e1g\u00edr\u00f3j\u00e1val f\u0151k\u00e9pp <strong>Robert Lewandowski<\/strong> g\u00f3l\u00f6r\u00f6me kapcs\u00e1n arr\u00f3l besz\u00e9lgett\u00fcnk,\r\n<ul>\r\n \t<li>a vil\u00e1gklasszisok mekkora stresszk\u00e9nt \u00e9lik meg azt a nyom\u00e1st, hogy nem csak a sz\u00f6vets\u00e9gi kapit\u00e1nyuk, a j\u00e1t\u00e9kost\u00e1rsaik, de a m\u00f6g\u00f6tt\u00fck \u00e1ll\u00f3 nemzet is t\u0151l\u00fck v\u00e1rja a megold\u00f3k\u00e9pletet.<\/li>\r\n \t<li>Argent\u00edna a kies\u00e9s \u00e1rny\u00e9k\u00e1ban mi\u00e9rt nem t\u00e1mad, l\u00f6vi romm\u00e1 a mexik\u00f3i kaput?<\/li>\r\n \t<li>Mi okozza, hogy Sza\u00fad-Ar\u00e1bia, amely \u00faj \u00e9s ism\u00e9t szimpatikus arc\u00e1t mutatta a vil\u00e1gnak, csak a szerethet\u0151 vesztes jelz\u0151t \u00e9rdemelte ki Lengyelorsz\u00e1g ellen?<\/li>\r\n \t<li>Sz\u00f3t ejtett\u00fcnk arr\u00f3l is, D\u00e1nia eset\u00e9ben a t\u00e9t nagys\u00e1ga, a k\u00f6z\u00f6s felk\u00e9sz\u00fcl\u00e9s hi\u00e1nya, vagy a csoportb\u00f3l val\u00f3 tov\u00e1bbjut\u00e1s mindenek felettis\u00e9ge okozza azt, hogy eddig k\u00f6zel sem azt az arcukat mutatj\u00e1k, amit az Eur\u00f3pa-bajnoks\u00e1gon megcsod\u00e1ltunk.<\/li>\r\n \t<li>\u00c9s arr\u00f3l is, hogy milyen szerepbe helyezte <strong>Didier Deschamps Antonie Griezmann-t<\/strong>, ami a kulcsot jelenti ahhoz, hogy t\u00e1n egyed\u00fcl Franciaorsz\u00e1g t\u0171nik olyan v\u00e1logatottnak, amely k\u00f6nnyed\u00e9n l\u00e9pked \u00e1t ellenfelein \u2013 D\u00e1ni\u00e1n is.<\/li>\r\n<\/ul>","type":"rich","thumbnail_url":"https:\/\/s.24.hu\/app\/uploads\/sites\/24\/2022\/11\/argentin-mexikoi-150x150.jpg","thumbnail_width":150,"thumbnail_height":150}

Futó Csaba

Az ember nem azt várja a vb-től, hogy középgyenge NB I-es bajnokit kapjon

A Ziccer Extrában <strong>Orvos Andrással</strong>, a daniasport.hu főszerkesztőjével, és <strong>Aranyossy Áronnal</strong>, a 24.hu sportrovatának újságírójával főképp <strong>Robert Lewandowski</strong> gólöröme kapcsán arról beszélgettünk,
<ul>
 	<li>a világklasszisok mekkora stresszként élik meg azt a nyomást, hogy nem csak a szövetségi kapitányuk, a játékostársaik, de a mögöttük álló nemzet is tőlük várja a megoldóképletet.</li>
 	<li>Argentína a kiesés árnyékában miért nem támad, lövi rommá a mexikói kaput?</li>
 	<li>Mi okozza, hogy Szaúd-Arábia, amely új és ismét szimpatikus arcát mutatta a világnak, csak a szerethető vesztes jelzőt érdemelte ki Lengyelország ellen?</li>
 	<li>Szót ejtettünk arról is, Dánia esetében a tét nagysága, a közös felkészülés hiánya, vagy a csoportból való továbbjutás mindenek felettisége okozza azt, hogy eddig közel sem azt az arcukat mutatják, amit az Európa-bajnokságon megcsodáltunk.</li>
 	<li>És arról is, hogy milyen szerepbe helyezte <strong>Didier Deschamps Antonie Griezmann-t</strong>, ami a kulcsot jelenti ahhoz, hogy tán egyedül Franciaország tűnik olyan válogatottnak, amely könnyedén lépked át ellenfelein – Dánián is.</li>
</ul>
