{"version":"1.0","provider_name":"Sport24","provider_url":"https:\/\/sport24.24.hu","author_name":"Bruckner G\u00e1bor","author_url":"https:\/\/sport24.24.hu\/author\/brucknerg\/","title":"M\u00e1t\u00e9 G\u00e1bor: A v\u00e9b\u00e9 nekem, h\u00e9tf\u0151n","html":"M\u00e1r reggel kaptam egy telefont, \u00fajabb koll\u00e9g\u00e1m lett covidos, el kell hagynunk a h\u00e9tf\u0151i \u00e9s keddi el\u0151ad\u00e1sunkat a kisebb j\u00e1tsz\u00f3helyen. \u00cdgy indult a reggel. Csoda, hogy nem felejtettem el be\u00e1ll\u00edtani a felv\u00e9telre alkalmas m\u00e9diaboxot a h\u00e1rom meccsre. Anglia, Hollandia, USA. \u00c9rdekelnek persze, hogy mikor tudom majd eg\u00e9sz\u00e9ben megn\u00e9zni ezeket, m\u00e9g terveim sincsenek, de valahogy lesz. \u00cdgy okoskodtam.\r\n\r\nA sz\u00ednh\u00e1zban pr\u00f3b\u00e1ltam majdnem kett\u0151ig.\r\n\r\n<span class=\"highlight-block-small\">Amikor bementem ezut\u00e1n az irod\u00e1mba, m\u00e1r az angol \u00e9s az ir\u00e1ni himnusz sz\u00f3lt, ezt nem tartottam k\u00fcl\u00f6n\u00f6sen l\u00e9nyegesnek ez\u00fattal, noha az angol himnuszt szeretem hallgatni, nehezebb hamisan \u00e9nekelni, szemben a mi\u00e9nkkel. <\/span>\r\n\r\nVolt egy-k\u00e9t \u00fcgyem, mire odan\u00e9ztem a t\u00e9v\u00e9re az ir\u00e1ni kapus fek\u00fcdt a f\u00fcv\u00f6n, ezt hossz\u00fa percekig n\u00e9ztem, de kezd\u0151d\u00f6tt egy m\u0171sor\u00e9rtekezlet. A febru\u00e1ri h\u00f3nap tervezett m\u0171sor\u00e1hoz sz\u00f3ltak hozz\u00e1 a sz\u00ednh\u00e1z t\u00e1rvezet\u0151i \u00e9s asszisztensei, mindezt zoomon. A pand\u00e9mia \u00f3ta m\u00e1r ritk\u00e1n gy\u0171l\u00fcnk \u00f6ssze a szob\u00e1mban, kiv\u00e1ltottuk erre a praktikus lehet\u0151s\u00e9gre \u2013 ennyi haszna volt\/van a j\u00e1rv\u00e1nynak, nem kell felt\u00e9tlen mindig, minden\u00fctt szem\u00e9lyesen megjelenni. Siettem gyalogosan a fogorvosokhoz, h\u00e1tha megnyugtat\u00f3 megold\u00e1st tal\u00e1lnak a sz\u00e1mban kellemetlenked\u0151 implant\u00e1tumnak.\r\n\r\nA v\u00e1r\u00f3ban \u00fccs\u00f6r\u00f6gve volt lehet\u0151s\u00e9gem a mobilom applik\u00e1ci\u00f3j\u00e1ban belen\u00e9zni a meccsbe. \u00c9pp v\u00e9get \u00e9rt az els\u0151 f\u00e9lid\u0151, nem is felt\u00e9tlen az eredm\u00e9ny izgatott, hanem, hogy eltereljem a figyelmemet a k\u00ednz\u00f3 idegesked\u00e9sr\u0151l, latolgatva a legrosszabb vari\u00e1ci\u00f3kat: az \u00f6sszes fogam elveszt\u00e9s\u00e9t\u0151l, az \u00e1llkapcsom megfelez\u00e9s\u00e9n kereszt\u00fcl a sima \u00ednyprobl\u00e9m\u00e1ig. Ekkor az angolok m\u00e1r h\u00e1rom nullra vezettek. A fiatal orvos, aki m\u00e1sf\u00e9l \u00e9ve m\u00e9g a fogk\u00f6veim leszed\u00e9s\u00e9vel bajl\u00f3dott, m\u00e1ra biztoskez\u0171 fogp\u00f3tl\u00e1stan-szak\u00e9rt\u0151v\u00e9 v\u00e1lt, \u00e9pp a r\u00f6ntgenbe k\u00eds\u00e9rt, mikor Saka \u00fajra betal\u00e1lt, tov\u00e1bb\u00e1 \u00e9ppen annyi ki- \u00e9s becsavaroz\u00e1s esett meg velem a fogorvosi sz\u00e9kben, ah\u00e1ny g\u00f3l m\u00e9g a m\u00e1sodik f\u00e9lid\u0151ben ad\u00f3dott. De minderr\u0151l m\u00e1r otthon \u00e9rtes\u00fcltem, ahol sebt\u00e9ben megtekintettem a m\u00e1sodik f\u00e9lid\u0151t, b\u00e1r az eredm\u00e9nyt m\u00e1r tudtam, mert valamelyik applik\u00e1ci\u00f3m miatt el\u0151ugrott a mobil k\u00e9sz\u00fcl\u00e9kemen.\r\n<div class=\"payable-content-section\"><\/div>\r\nM\u00e1r hossz\u00fa ideje nem t\u00f6rt\u00e9nt semmi a Szeneg\u00e1l\u2013Hollandia \u00f6sszecsap\u00e1son, amikor \u00fajra felkerekedtem, \u00e9s bementem a sz\u00ednh\u00e1zba, \u00fatba ejtve a Diszn\u00f3toros nev\u0171 \u00e9tkezd\u00e9t, hogy \u00f3vatosan p\u00e1r szem r\u00f3sejbnit a sz\u00e1mba tegyek. Az injekci\u00f3 m\u00e9g hatott, szerencs\u00e9re csak apr\u00f3 darabokat r\u00e1gtam ki a sz\u00e1m belsej\u00e9b\u0151l, a nyelvemnek nem esett baja. M\u00e9g mindig nem t\u00f6rt\u00e9nt semmi a meccsen, amikor neki\u00e1lltunk a Rozsdatemet\u0151 2.0 c\u00edm\u0171 el\u0151ad\u00e1sunk fel\u00faj\u00edt\u00f3 pr\u00f3b\u00e1j\u00e1nak, \u00e9s mid\u0151n sz\u00fcnetet tartottam, az egyik sz\u00edn\u00e9sz\u00fcnk bemondta a v\u00e9geredm\u00e9nyt.\r\n\r\nNa, akkor a m\u00e1sodik f\u00e9lid\u0151t se n\u00e9zem meg otthon \u2013 gondoltam -, gyorsan megkerestem, hogy <strong>F. de Jong<\/strong> l\u0151tt-e g\u00f3lt, adott-e g\u00f3lpasszt; l\u0151ni nem l\u0151tt, de adni adott. A pr\u00f3ba folyt tov\u00e1bb, elkezd\u0151d\u00f6tt az USA\u2013Wales, \u00e9s m\u00e1r csak kilenc perc volt h\u00e1tra \u2013 ennyit hosszabb\u00edtott a b\u00edr\u00f3 \u2013, amikor fel\u00e9rtem a t\u00e1rsalg\u00f3ba a pr\u00f3b\u00e1nk befejez\u00e9sekor. A futballrajong\u00f3 sz\u00edn\u00e9szek \u00e9ppen arra voltak k\u00edv\u00e1ncsiak, t\u00f6rt\u00e9nik-e m\u00e9g valami Katarban. Megv\u00e1rtam a h\u00e1rmas s\u00edpsz\u00f3t, hazas\u00e9t\u00e1ltam.\r\n\r\n<span class=\"highlight-block-small\">\u00cdgy \u00e9rt volna v\u00e9get a nap, n\u00e9ztem a kir\u00e1lyi csatorn\u00e1b\u00f3l foly\u00f3 szak\u00e9rt\u00e9st, mikor felugrott a M\u00e9sz\u00f6ly K\u00e1lm\u00e1nr\u00f3l sz\u00f3l\u00f3 gy\u00e1szh\u00edr. <\/span>\r\n\r\n\u00c9s ezzel egy\u00fctt p\u00e1r\u00e1sodott be a szemem, sose felejtem el, amikor 1966-ban bakonyb\u00e9li nyaral\u00e1sunk alatt figyelem a fekete-feh\u00e9r K\u00e9kes telev\u00edzi\u00f3n, ahogy a Sz\u0151ke Szikla fekszik a liverpooli gyepen, <strong>Bar\u00f3ti Lajos<\/strong> sz\u00f6vets\u00e9gi kapit\u00e1ny arc\u00e1t eltakarva k\u00e9ts\u00e9gbeesetten fut a kispadja fel\u00e9, azut\u00e1n ahogy m\u00e9gis, felk\u00f6t\u00f6tt karral j\u00e1tszik tov\u00e1bb M\u00e9sz\u00f6ly K\u00e1lm\u00e1n, akit akkor 11 \u00e9ves gyerekk\u00e9nt a sz\u00edvembe z\u00e1rtam.\r\n\r\n[prefabricated_shortcode in_app=\"0\" code=\"%3Cdiv%20class%3D%22article_box_border%22%20style%3D%22background%3A%20url%28%27https%3A%2F%2F24.p3k.hu%2Fapp%2Fuploads%2Fsites%2F24%2F2021%2F05%2Fsport24-pattern.png%27%29%20no-repeat%20left%20-16px%20%23f3f3f4%3B%20border%3A%20none%3B%22%3E%0D%0A%3Cdiv%20class%3D%22article_solidheader%22%3E%0D%0A%3Ch2%20style%3D%22color%3A%20%23111115%21important%3B%20font-size%3A%2036px%3B%20font-weight%3A%20bold%3B%20margin-bottom%3A%2030px%3B%20margin-top%3A%2020px%3B%20text-align%3A%20center%3B%20line-height%3A%2036px%3B%22%3E%3Cimg%20class%3D%22aligncenter%20size-full%20wp-image-141%22%20src%3D%22https%3A%2F%2F24.p3k.hu%2Fapp%2Fuploads%2Fsites%2F24%2F2021%2F05%2Fs24-logo-dt.png%22%20alt%3D%22%22%20width%3D%22408%22%20height%3D%2290%22%20%2F%3E%3C%2Fh2%3E%0D%0A%3Ch2%20style%3D%22color%3A%20%23111115%21important%3B%20font-size%3A%2036px%3B%20font-weight%3A%20bold%3B%20margin-bottom%3A%2030px%3B%20margin-top%3A%2020px%3B%20text-align%3A%20center%3B%20line-height%3A%2040px%3B%22%3ECsatlakozz%20a%20Sport24%20k%C3%B6z%C3%B6ss%C3%A9ghez%2C%20mondd%20el%20v%C3%A9lem%C3%A9nyedet%20z%C3%A1rt%20Facebook-csoportunkban%2C%20%C3%A9s%20vegy%C3%A9l%20r%C3%A9szt%20csak%20el%C5%91fizet%C5%91knek%20el%C3%A9rhet%C5%91%20exkluz%C3%ADv%20esem%C3%A9nyeinken.%3C%2Fh2%3E%0D%0A%3C%2Fdiv%3E%0D%0A%3Cp%20style%3D%22background%3A%20%2357A600%3B%20margin-top%3A%2020px%3B%20padding%3A%2020px%3B%20text-align%3A%20center%3B%22%3E%3Ca%20style%3D%22color%3A%20%23ffffff%3B%20font-size%3A%2026px%3B%20font-weight%3A%20600%3B%22%20href%3D%22https%3A%2F%2Fwww.facebook.com%2Fgroups%2F212344460412327%22%3ECSATLAKOZOM%3C%2Fa%3E%3C%2Fp%3E%0D%0A%0D%0A%3C%2Fdiv%3E\"]","type":"rich","thumbnail_url":"https:\/\/s.24.hu\/app\/uploads\/sites\/24\/2022\/11\/central-0478072341-masolat-150x150.jpg","thumbnail_width":150,"thumbnail_height":150}

Bruckner Gábor

Máté Gábor: A vébé nekem, hétfőn

Már reggel kaptam egy telefont, újabb kollégám lett covidos, el kell hagynunk a hétfői és keddi előadásunkat a kisebb játszóhelyen. Így indult a reggel. Csoda, hogy nem felejtettem el beállítani a felvételre alkalmas médiaboxot a három meccsre. Anglia, Hollandia, USA. Érdekelnek persze, hogy mikor tudom majd egészében megnézni ezeket, még terveim sincsenek, de valahogy lesz. Így okoskodtam.

A színházban próbáltam majdnem kettőig.

<span class="highlight-block-small">Amikor bementem ezután az irodámba, már az angol és az iráni himnusz szólt, ezt nem tartottam különösen lényegesnek ezúttal, noha az angol himnuszt szeretem hallgatni, nehezebb hamisan énekelni, szemben a miénkkel. </span>

Volt egy-két ügyem, mire odanéztem a tévére az iráni kapus feküdt a füvön, ezt hosszú percekig néztem, de kezdődött egy műsorértekezlet. A februári hónap tervezett műsorához szóltak hozzá a színház tárvezetői és asszisztensei, mindezt zoomon. A pandémia óta már ritkán gyűlünk össze a szobámban, kiváltottuk erre a praktikus lehetőségre – ennyi haszna volt/van a járványnak, nem kell feltétlen mindig, mindenütt személyesen megjelenni. Siettem gyalogosan a fogorvosokhoz, hátha megnyugtató megoldást találnak a számban kellemetlenkedő implantátumnak.

A váróban ücsörögve volt lehetőségem a mobilom applikációjában belenézni a meccsbe. Épp véget ért az első félidő, nem is feltétlen az eredmény izgatott, hanem, hogy eltereljem a figyelmemet a kínzó idegeskedésről, latolgatva a legrosszabb variációkat: az összes fogam elvesztésétől, az állkapcsom megfelezésén keresztül a sima ínyproblémáig. Ekkor az angolok már három nullra vezettek. A fiatal orvos, aki másfél éve még a fogköveim leszedésével bajlódott, mára biztoskezű fogpótlástan-szakértővé vált, épp a röntgenbe kísért, mikor Saka újra betalált, továbbá éppen annyi ki- és becsavarozás esett meg velem a fogorvosi székben, ahány gól még a második félidőben adódott. De minderről már otthon értesültem, ahol sebtében megtekintettem a második félidőt, bár az eredményt már tudtam, mert valamelyik applikációm miatt előugrott a mobil készülékemen.
<div class="payable-content-section"></div>
Már hosszú ideje nem történt semmi a Szenegál–Hollandia összecsapáson, amikor újra felkerekedtem, és bementem a színházba, útba ejtve a Disznótoros nevű étkezdét, hogy óvatosan pár szem rósejbnit a számba tegyek. Az injekció még hatott, szerencsére csak apró darabokat rágtam ki a szám belsejéből, a nyelvemnek nem esett baja. Még mindig nem történt semmi a meccsen, amikor nekiálltunk a Rozsdatemető 2.0 című előadásunk felújító próbájának, és midőn szünetet tartottam, az egyik színészünk bemondta a végeredményt.

Na, akkor a második félidőt se nézem meg otthon – gondoltam -, gyorsan megkerestem, hogy <strong>F. de Jong</strong> lőtt-e gólt, adott-e gólpasszt; lőni nem lőtt, de adni adott. A próba folyt tovább, elkezdődött az USA–Wales, és már csak kilenc perc volt hátra – ennyit hosszabbított a bíró –, amikor felértem a társalgóba a próbánk befejezésekor. A futballrajongó színészek éppen arra voltak kíváncsiak, történik-e még valami Katarban. Megvártam a hármas sípszót, hazasétáltam.

<span class="highlight-block-small">Így ért volna véget a nap, néztem a királyi csatornából folyó szakértést, mikor felugrott a Mészöly Kálmánról szóló gyászhír. </span>

És ezzel együtt párásodott be a szemem, sose felejtem el, amikor 1966-ban bakonybéli nyaralásunk alatt figyelem a fekete-fehér Kékes televízión, ahogy a Szőke Szikla fekszik a liverpooli gyepen, <strong>Baróti Lajos</strong> szövetségi kapitány arcát eltakarva kétségbeesetten fut a kispadja felé, azután ahogy mégis, felkötött karral játszik tovább Mészöly Kálmán, akit akkor 11 éves gyerekként a szívembe zártam.

[prefabricated_shortcode in_app="0" code="%3Cdiv%20class%3D%22article_box_border%22%20style%3D%22background%3A%20url%28%27https%3A%2F%2F24.p3k.hu%2Fapp%2Fuploads%2Fsites%2F24%2F2021%2F05%2Fsport24-pattern.png%27%29%20no-repeat%20left%20-16px%20%23f3f3f4%3B%20border%3A%20none%3B%22%3E%0D%0A%3Cdiv%20class%3D%22article_solidheader%22%3E%0D%0A%3Ch2%20style%3D%22color%3A%20%23111115%21important%3B%20font-size%3A%2036px%3B%20font-weight%3A%20bold%3B%20margin-bottom%3A%2030px%3B%20margin-top%3A%2020px%3B%20text-align%3A%20center%3B%20line-height%3A%2036px%3B%22%3E%3Cimg%20class%3D%22aligncenter%20size-full%20wp-image-141%22%20src%3D%22https%3A%2F%2F24.p3k.hu%2Fapp%2Fuploads%2Fsites%2F24%2F2021%2F05%2Fs24-logo-dt.png%22%20alt%3D%22%22%20width%3D%22408%22%20height%3D%2290%22%20%2F%3E%3C%2Fh2%3E%0D%0A%3Ch2%20style%3D%22color%3A%20%23111115%21important%3B%20font-size%3A%2036px%3B%20font-weight%3A%20bold%3B%20margin-bottom%3A%2030px%3B%20margin-top%3A%2020px%3B%20text-align%3A%20center%3B%20line-height%3A%2040px%3B%22%3ECsatlakozz%20a%20Sport24%20k%C3%B6z%C3%B6ss%C3%A9ghez%2C%20mondd%20el%20v%C3%A9lem%C3%A9nyedet%20z%C3%A1rt%20Facebook-csoportunkban%2C%20%C3%A9s%20vegy%C3%A9l%20r%C3%A9szt%20csak%20el%C5%91fizet%C5%91knek%20el%C3%A9rhet%C5%91%20exkluz%C3%ADv%20esem%C3%A9nyeinken.%3C%2Fh2%3E%0D%0A%3C%2Fdiv%3E%0D%0A%3Cp%20style%3D%22background%3A%20%2357A600%3B%20margin-top%3A%2020px%3B%20padding%3A%2020px%3B%20text-align%3A%20center%3B%22%3E%3Ca%20style%3D%22color%3A%20%23ffffff%3B%20font-size%3A%2026px%3B%20font-weight%3A%20600%3B%22%20href%3D%22https%3A%2F%2Fwww.facebook.com%2Fgroups%2F212344460412327%22%3ECSATLAKOZOM%3C%2Fa%3E%3C%2Fp%3E%0D%0A%0D%0A%3C%2Fdiv%3E"]
