{"version":"1.0","provider_name":"Sport24","provider_url":"https:\/\/sport24.24.hu","author_name":"Fut\u00f3 Csaba","author_url":"https:\/\/sport24.24.hu\/author\/futocs\/","title":"Vb-h\u00e1zigazd\u00e1t ennyire l\u00e1tv\u00e1nyosan ut\u00e1lni az elm\u00falt \u00e9vtizedekben nem l\u00e1ttunk","html":"A 24.hu els\u0151 meccsnap ut\u00e1ni Ziccer Extr\u00e1j\u00e1ban ez\u00e9rt csak \u00e1tszaladtunk a r\u00e9m gyenge nyit\u00f3meccsen. Ink\u00e1bb arr\u00f3l besz\u00e9lgett\u00fcnk, hogy mik\u00f6zben az utca ember\u00e9nek megk\u00f6zel\u00edt\u00e9se szerint a sport, a foci mindenki\u00e9, hiszen a tiszta j\u00e1t\u00e9k ill\u00fazi\u00f3j\u00e1t adja, ahol a jobb, a felk\u00e9sz\u00fcltebb lesz a gy\u0151ztes, a Nemzetk\u00f6zi Labdar\u00fag\u00f3 Sz\u00f6vets\u00e9gr\u0151l az elm\u00falt \u00e9vtizedben olyan k\u00e9p alakult ki, amely szerint egy maffiaszer\u0171 b\u0171nsz\u00f6vetkezet. A Netflix leg\u00fajabb dokusorozata, a FIFA Uncovered csak r\u00e1er\u0151s\u00edt erre, azt l\u00e1ttatja, e \u201ekorrupci\u00f3s p\u00f3kh\u00e1l\u00f3\" k\u00f6zep\u00e9n majd k\u00e9t \u00e9vtizeden \u00e1t Sepp Blatter, a \u201evil\u00e1gfutball keresztapja\" \u00fclt, \u00e9s ir\u00e1ny\u00edtott, vezet\u00e9s\u00e9vel a szervezet 24 f\u0151s vezet\u0151 d\u00f6nt\u00e9shoz\u00f3 szervezete pedig kedv\u00e9re kereskedett a vb-helysz\u00ednekkel. A FIFA a m\u00faltban is, de a 2010-es helysz\u00ednv\u00e1laszt\u00e1saik el\u0151tt v\u00e9gk\u00e9pp olyan rezsimek politikusaival k\u00f6t\u00f6ttek \u00fczletet, akik a futball-vil\u00e1gbajnoks\u00e1g n\u00e9pszer\u0171s\u00e9g\u00e9n kereszt\u00fcl v\u00e1s\u00e1rolt\u00e1k meg a t\u00f6meget, ezzel legitimiz\u00e1lt\u00e1k elnyom\u00f3 rendszer\u00fcket.\r\n\r\nMivel egy\u00e9rtelm\u0171en ezt \u00e1ll\u00edtj\u00e1k a 2022-es h\u00e1zigazd\u00e1r\u00f3l, Katarr\u00f3l is, D\u00e9nes Ferenc sportk\u00f6zgazd\u00e1sszal, egyetemi mesteroktat\u00f3val, \u00e9s D\u00e9nes Tam\u00e1ssal, az Infor\u00e1di\u00f3 f\u0151munkat\u00e1rs\u00e1val arr\u00f3l besz\u00e9lgett\u00fcnk,\r\n<ul>\r\n \t<li>vajon t\u00e9nyleg ilyen egy\u00e9rtelm\u0171-e a fenti megk\u00f6zel\u00edt\u00e9s, vagy \u00e1rnyaltabb a nagy tot\u00e1l?<\/li>\r\n \t<li>Mikor \u00e9s mi\u00e9rt sodr\u00f3dott egym\u00e1s mell\u00e9 a nagypolitika \u00e9s a futball?<\/li>\r\n \t<li>Van-e l\u00e9tjogosults\u00e1ga, f\u0151k\u00e9pp el\u0151remutat\u00f3 maradand\u00f3 eredm\u00e9nye annak, hogy f\u00e9lret\u00e9ve minden FIFA-v\u00e1dat, olyan orsz\u00e1gokat juttattak vb-rendez\u00e9shez, ahol megk\u00e9rd\u0151jelezhet\u0151 m\u00f3don kezelik az emberi jogokat, vagy mint jelenleg Katarban, a kultur\u00e1lis, vall\u00e1si k\u00fcl\u00f6nbs\u00e9gek miatt a helysz\u00edni szurkol\u00e1s \u00e9lm\u00e9nye sem megszokott?<\/li>\r\n<\/ul>","type":"rich","thumbnail_url":"https:\/\/s.24.hu\/app\/uploads\/sites\/24\/2022\/11\/katar-150x150.jpg","thumbnail_width":150,"thumbnail_height":150}

Futó Csaba

Vb-házigazdát ennyire látványosan utálni az elmúlt évtizedekben nem láttunk

A 24.hu első meccsnap utáni Ziccer Extrájában ezért csak átszaladtunk a rém gyenge nyitómeccsen. Inkább arról beszélgettünk, hogy miközben az utca emberének megközelítése szerint a sport, a foci mindenkié, hiszen a tiszta játék illúzióját adja, ahol a jobb, a felkészültebb lesz a győztes, a Nemzetközi Labdarúgó Szövetségről az elmúlt évtizedben olyan kép alakult ki, amely szerint egy maffiaszerű bűnszövetkezet. A Netflix legújabb dokusorozata, a FIFA Uncovered csak ráerősít erre, azt láttatja, e „korrupciós pókháló" közepén majd két évtizeden át Sepp Blatter, a „világfutball keresztapja" ült, és irányított, vezetésével a szervezet 24 fős vezető döntéshozó szervezete pedig kedvére kereskedett a vb-helyszínekkel. A FIFA a múltban is, de a 2010-es helyszínválasztásaik előtt végképp olyan rezsimek politikusaival kötöttek üzletet, akik a futball-világbajnokság népszerűségén keresztül vásárolták meg a tömeget, ezzel legitimizálták elnyomó rendszerüket.

Mivel egyértelműen ezt állítják a 2022-es házigazdáról, Katarról is, Dénes Ferenc sportközgazdásszal, egyetemi mesteroktatóval, és Dénes Tamással, az Inforádió főmunkatársával arról beszélgettünk,
<ul>
 	<li>vajon tényleg ilyen egyértelmű-e a fenti megközelítés, vagy árnyaltabb a nagy totál?</li>
 	<li>Mikor és miért sodródott egymás mellé a nagypolitika és a futball?</li>
 	<li>Van-e létjogosultsága, főképp előremutató maradandó eredménye annak, hogy félretéve minden FIFA-vádat, olyan országokat juttattak vb-rendezéshez, ahol megkérdőjelezhető módon kezelik az emberi jogokat, vagy mint jelenleg Katarban, a kulturális, vallási különbségek miatt a helyszíni szurkolás élménye sem megszokott?</li>
</ul>
