{"version":"1.0","provider_name":"Sport24","provider_url":"https:\/\/sport24.24.hu","author_name":"Bruckner G\u00e1bor","author_url":"https:\/\/sport24.24.hu\/author\/brucknerg\/","title":"Endrick, az \u00faj kicsoda?","html":"Ezt annyira komolyan gondolj\u00e1k a Feh\u00e9rek, hogy t\u00e1rgyal\u00f3k\u00fcld\u00f6tts\u00e9g\u00fck gy\u0151zk\u00f6di a fiatal futballist\u00e1t, \u00edrjon al\u00e1 hozz\u00e1juk. A vil\u00e1g (a benne \u00e9l\u0151k miatt) szereti az egyszer\u0171en felragaszthat\u00f3 c\u00edmk\u00e9ket, amelyek ez\u00fattal a k\u00f6vetkez\u0151k: <strong>Endrick<\/strong> vajon az \u201e\u00faj <strong>Vinicius Junio<\/strong>r\u201d, az \u201e\u00faj <strong>Rodrygo<\/strong>\u201d vagy \u201eaz \u00faj <strong>Reinier<\/strong>\u201d?\r\n\r\nA fel\u00fcletes futballbar\u00e1t (futballhaver) most egyb\u0151l visszak\u00e9rdez: ki az a Reinier? A t\u00e1j\u00e9kozott futballbar\u00e1t (futballrokon) v\u00e1laszol: a Real el\u0151z\u0151 h\u00e1rom, nagy elv\u00e1r\u00e1sokkal az anyaorsz\u00e1gb\u00f3l \u00e9rkez\u0151 fiatal brazil futballist\u00e1ja k\u00f6z\u00fcl az, aki eddig nem v\u00e1ltotta be a hozz\u00e1 f\u0171z\u00f6tt rem\u00e9nyeket, \u00e9s \u00fagy t\u0171nik, nem is fogja; az abszol\u00fat kudarcot hoz\u00f3 dortmundi k\u00f6lcs\u00f6n\u00e9vek ut\u00e1n jelenleg a Girona egy\u00fcttes\u00e9ben szenved.\r\n\r\nVin\u00edcius Juniort \u00e9s Rodryg\u00f3t ma m\u00e1r senkinek nem kell bemutatni; el\u0151bbi a f\u00f6ldkereks\u00e9g leg\u00e9rt\u00e9kesebb j\u00e1t\u00e9kosai k\u00f6z\u00e9 ker\u00fclt, ut\u00f3bbi pedig a cserepadr\u00f3l is \u00f3ri\u00e1si \u00e9rdemeket szerzett a kir\u00e1lyiak tavaszi BL-h\u00f3d\u00edt\u00e1s\u00e1ban, \u00e9s \u2013 a sorozat igazi specialist\u00e1jak\u00e9nt \u2013 79 p\u00e1ly\u00e1n t\u00f6lt\u00f6tt percenk\u00e9nt l\u0151 g\u00f3lt vagy ad g\u00f3lpasszt.\r\n\r\n<img class=\"aligncenter wp-image-6399 size-large\" src=\"https:\/\/sport24.24.hu\/app\/uploads\/sites\/24\/2022\/11\/055_agif491997-1024x576.jpg\" alt=\"\" width=\"1024\" height=\"576\" \/>\r\n\r\nVin\u00edcius Junior \u00e9s Rodrygo 45-45 milli\u00f3 eur\u00f3j\u00e1ba ker\u00fclt a madridiaknak, Reinier csak 30 milli\u00f3t k\u00f3st\u00e1lt, Endrick kiv\u00e1s\u00e1rl\u00e1si \u00e1ra a ny\u00e1ron k\u00f6t\u00f6tt els\u0151 profi szerz\u0151d\u00e9se alapj\u00e1n 60 milli\u00f3, de a csal\u00e1dja esetleges k\u00e9r\u00e9s\u00e9re 40 milli\u00f3\u00e9rt is klubot v\u00e1lthat.\r\n\r\nHa a Real meg is veszi Endricket \u2013 amihez az \u00e1csing\u00f3z\u00f3 konkurensekkel szemben nyer\u0151 \u00e9rv lehet a k\u00e9t honfit\u00e1rs-el\u0151d kiemelked\u0151 el\u0151menetele is \u2013, a FIFA vonatkoz\u00f3 szab\u00e1lya miatt\r\n\r\n<span class=\"highlight-block-small\">2024 nyar\u00e1ig akkor sem l\u00e1thatj\u00e1k majd azok, akik kiz\u00e1r\u00f3lag az eur\u00f3pai futballteret figyelik, mert csak akkor t\u00f6lti be a 18-at, \u00e9s v\u00e1lthat kontinenst.<\/span>\r\n\r\nEndrick center, aki els\u0151sorban alkata, m\u00e1sodsorban robban\u00e9konys\u00e1ga, harmadr\u00e9szt g\u00f3l\u00e9rz\u00e9kenys\u00e9ge, negyedr\u00e9szt egyes technikai megold\u00e1sai miatt tal\u00e1n <strong>Romari\u00f3hoz<\/strong>, az 1994-es vil\u00e1gbajnoks\u00e1g legjobb j\u00e1t\u00e9kos\u00e1hoz hasonl\u00edt legink\u00e1bb, de ezen naponta polemiz\u00e1lnak Braz\u00edlia-szerte. \u00c1m egy 16 \u00e9ves futballist\u00e1val kapcsolatos v\u00e9lem\u00e9nyek hogyan is terjenghetnek egy\u00e1ltal\u00e1n a feln\u0151ttsportol\u00f3k sz\u00e1m\u00e1ra fenntartott t\u00e9rben? E hely\u00fctt pontos\u00edtanom kell, mert m\u00e9g messze nem volt 16, amikor az \u00e9v elej\u00e9n, a brazil labdar\u00fag\u00e1sban a fiatalok felbukkan\u00e1s\u00e1ra fenntartott id\u0151szakban meg az ezt a c\u00e9lt szolg\u00e1l\u00f3 torn\u00e1n, a Copa Sao Paul\u00f3n elb\u0171v\u00f6lte a n\u00e9z\u0151ket, \u00e9s megoldotta az \u00e1muldoz\u00f3 szak\u00e9rt\u0151k nyelv\u00e9t. A n\u00e1la gyakran t\u00f6bb mint \u00f6t \u00e9vvel id\u0151sebb j\u00e1t\u00e9kosok k\u00f6z\u00f6tt kevesebb mint 300 perc alatt hat g\u00f3lt szerzett, t\u00f6bbek k\u00f6z\u00f6tt a tizenhatoson k\u00edv\u00fclr\u0151l oll\u00f3zott a h\u00e1l\u00f3ba a negyedd\u00f6nt\u0151ben, \u00e9s betal\u00e1lt a fin\u00e1l\u00e9ban is.\r\n\r\nhttps:\/\/www.youtube.com\/watch?v=rAJQDpHeu8A&amp;ab_channel=FootballManiac\r\n\r\nM\u00e1r akkor sokan el is v\u00e1rt\u00e1k ezt t\u0151le, ugyanis a torn\u00e1t megel\u0151z\u0151 h\u00f3napokban h\u00edrek \u00e9s k\u00e9pek sz\u00e1lling\u00f3ztak egy fiatalemberr\u0151l, aki t\u00f6bb mint 100 g\u00f3lt szerzett a Palmeiras ut\u00e1np\u00f3tl\u00e1s\u00e1ban, a sokkal id\u0151sebbek k\u00f6z\u00f6tt is eredm\u00e9nyes, m\u00e9g 11 \u00e9ves kor\u00e1ban \u00e1llami bajnoki d\u00f6nt\u0151n g\u00f3lt oll\u00f3zott a Santos ellen, \u00e9s aki az U17-es fin\u00e1l\u00e9ban f\u00e9lp\u00e1ly\u00e1n t\u00falr\u00f3l vette be a Corinthians kapuj\u00e1t. Ez ut\u00f3bbi k\u00fcl\u00f6n t\u00f6rt\u00e9net Braz\u00edli\u00e1ban, \u00fagy nevezik: \u201ea g\u00f3l, amilyet <strong>Pel\u00e9<\/strong> nem r\u00fagott\u201d, az 1970-es vb-n ugyanis \u201ea Kir\u00e1ly\u201d 60 m\u00e9terr\u0151l a csehszlov\u00e1kok kapuj\u00e1ra emelte a labd\u00e1t, de n\u00e9h\u00e1ny centit t\u00e9vedett. Ez is emelte Endrick \u00e1zsi\u00f3j\u00e1t.\r\n<div class=\"payable-content-section\"><\/div>\r\nA sajt\u00f3 hamar meghat\u00f3 csal\u00e1di t\u00f6rt\u00e9netekkel is sz\u00ednes\u00edtette a k\u00e9pet. Kider\u00edtette, hogy \u00e9desapja annak idej\u00e9n az\u00e9rt v\u00e1lasztotta fi\u00e1nak a t\u00f6bbi nagy Sao Paul\u00f3-i klubbal szemben a Palmeirast, mert m\u00e1shol nem aj\u00e1nlottak neki \u00e1ll\u00e1st, amire a lakhat\u00e1si felt\u00e9telek megteremt\u00e9se \u00e9s a csal\u00e1degyes\u00edt\u00e9s miatt volt felt\u00e9tlen\u00fcl sz\u00fcks\u00e9ge. Az \u00e9desapa mes\u00e9j\u00e9nek sz\u00e1lai tov\u00e1bb futottak, f\u00e9ny der\u00fclt r\u00e1, hogy a feln\u0151ttcsapat kapusa,\r\n\r\n<span class=\"highlight-block\"><strong> Jailson<\/strong> csin\u00e1ltatott neki fogsort, <\/span>\r\n\r\nmiut\u00e1n l\u00e1tta, hogy milyen sov\u00e1ny, \u00e9s hi\u00e1nyos fogazata miatt csak levest tud enni, \u00e9s hogy gyakran ugyanazt a termet takar\u00edtotta, ahol fia al\u00e1\u00edrta els\u0151 profi szerz\u0151d\u00e9s\u00e9t.\r\n\r\nEz ut\u00f3bbi a brazil t\u00f6rv\u00e9nyek szerint Endrick 16. sz\u00fclet\u00e9snapj\u00e1n eshetett meg. Addigra az els\u0151 csapat k\u00e9tszeres Libertadores Kupa-gy\u0151ztes edz\u0151j\u00e9t,<strong> Abel Ferreir\u00e1t<\/strong> a sajt\u00f3t\u00e1j\u00e9koztat\u00f3kon m\u00e1r t\u00f6bbsz\u00f6r is megsorozt\u00e1k a mikrofonkaton\u00e1k azzal a k\u00e9rd\u00e9ssel, hogy mikor sz\u00e1m\u00edt majd a fiatal csillagra, mire a portug\u00e1l egy \u00edzben azt felelte: m\u00e9g gyerek, most ismerje meg ink\u00e1bb a Disney-parkot. Endrick a tr\u00e9ner ir\u00e1nymutat\u00e1s\u00e1nak megfelel\u0151en \u00e1t is ruccant Eur\u00f3p\u00e1ba, ahol a p\u00e1rizsi parkon k\u00edv\u00fcl BL meg EL-m\u00e9rk\u0151z\u00e9seket is megn\u00e9zett, \u00e9s v\u00e9g\u00fcl azzal a konkl\u00fazi\u00f3val z\u00e1rt, hogy kiv\u00e1l\u00f3ak a legnagyobbak futballmeccsei, de a Meseint\u00e9zm\u00e9ny neki jobban tetszik.\r\n\r\nEndrick teh\u00e1t gyerek, de annak nem mindennapi. Ezt tavasszal az U17-es brazil nemzeti csapatban, azaz a k\u00e9t \u00e9vvel id\u0151sebbek k\u00f6z\u00f6tt is igazolta, amikor az egy\u00fcttessel megnyerte az egyik legrangosabb ut\u00e1np\u00f3tl\u00e1storn\u00e1t Franciaorsz\u00e1gban, g\u00f3lkir\u00e1ly \u00e9s a torna legjobb j\u00e1t\u00e9kosa lett.\r\n\r\n<img class=\"aligncenter wp-image-6401 size-large\" src=\"https:\/\/sport24.24.hu\/app\/uploads\/sites\/24\/2022\/11\/056_wv_pal_san_250122_2548-1024x683.jpg\" alt=\"\" width=\"1024\" height=\"683\" \/>\r\n\r\nMik\u00f6zben a Palmeiras \u00e9s edz\u0151je szinte eg\u00e9sz \u00e9vben a val\u00f3di center megtal\u00e1l\u00e1s\u00e1n f\u00e1radozott, \u00e9s szezon k\u00f6zben is igazolt k\u00e9t j\u00e1t\u00e9kost a megold\u00e1s rem\u00e9ny\u00e9ben,\r\n\r\n<span class=\"highlight-block-small\">Endrick 2022-ben \u00f6t d\u00f6nt\u0151 m\u00e9rk\u0151z\u00e9sen l\u00e9pett p\u00e1ly\u00e1ra a k\u00fcl\u00f6nb\u00f6z\u0151 koroszt\u00e1lyos sorozatokban, \u00e9s azokon h\u00e9t g\u00f3lt szerzett.<\/span>\r\n\r\nIndul\u00f3sebess\u00e9ge, fizikai ereje, j\u00e1t\u00e9kintelligenci\u00e1ja, kiv\u00e1l\u00f3 bal l\u00e1ba, l\u00f6v\u0151ereje, r\u00e1men\u0151s v\u00e9dekez\u00e9si st\u00edlusa azokban a csapatokban mindenki m\u00e1s f\u00f6l\u00e9 emelte a 173 centis futballist\u00e1t, de azt senki nem vehette biztosra, hogy ez aranyat \u00e9r a feln\u0151ttmez\u0151nyben is.\r\n\r\nAzt\u00e1n elj\u00f6tt az ideje a nagyok k\u00f6z\u00f6tt. Okt\u00f3ber elej\u00e9n bemutatkozott a brazil bajnoks\u00e1gban, amivel egyb\u0151l a klubt\u00f6rt\u00e9net legfiatalabb j\u00e1t\u00e9kos\u00e1v\u00e1 v\u00e1lt. N\u00e9h\u00e1ny h\u00e9ttel k\u00e9s\u0151bb cserek\u00e9nt besz\u00e1llva k\u00e9t g\u00f3lt \u00e9rt el az Athletico-PR ellen, ami a klub legfiatalabb g\u00f3lszerz\u0151inek list\u00e1j\u00e1n az \u00e9lre rep\u00edtette. Nemr\u00e9giben pedig m\u00e1r el\u0151sz\u00f6r szerepelhetett kezd\u0151k\u00e9nt egy\u00fcttese z\u00f6ld mez\u00e9ben, \u00e9ppen azon a tal\u00e1lkoz\u00f3n, amelyen a Palmeiras \u00e9s szurkol\u00f3t\u00e1bora hazai k\u00f6rnyezetben bajnoki c\u00edmet \u00fcnnepelt. Betal\u00e1lt. 181 perc alatt feln\u0151ttszinten h\u00e1rom g\u00f3l \u00e9s egy assziszt ker\u00fclt eddig a neve mell\u00e9.\r\n\r\nAhogy most kin\u00e9z, megfelel\u0151 menedzsel\u00e9ssel, szerencs\u00e9vel Endricknek ak\u00e1r\r\n\r\n<span class=\"highlight-block\">arra is es\u00e9lye ny\u00edlhat, hogy maga v\u00e1ljon c\u00edmk\u00e9v\u00e9. <\/span>\r\n\r\nHa m\u00e1r a vil\u00e1g ezt szereti. Ez\u00e9rt folyik most \u00e9rte az eur\u00f3pai \u00f3ri\u00e1sok versenye, amelybe a Real Madrid is benevezett.\r\n\r\n[prefabricated_shortcode in_app=\"0\" code=\"%3Cdiv%20class%3D%22article_box_border%22%20style%3D%22background%3A%20url%28%27https%3A%2F%2F24.p3k.hu%2Fapp%2Fuploads%2Fsites%2F24%2F2021%2F05%2Fsport24-pattern.png%27%29%20no-repeat%20left%20-16px%20%23f3f3f4%3B%20border%3A%20none%3B%22%3E%0D%0A%3Cdiv%20class%3D%22article_solidheader%22%3E%0D%0A%3Ch2%20style%3D%22color%3A%20%23111115%21important%3B%20font-size%3A%2036px%3B%20font-weight%3A%20bold%3B%20margin-bottom%3A%2030px%3B%20margin-top%3A%2020px%3B%20text-align%3A%20center%3B%20line-height%3A%2036px%3B%22%3E%3Cimg%20class%3D%22aligncenter%20size-full%20wp-image-141%22%20src%3D%22https%3A%2F%2F24.p3k.hu%2Fapp%2Fuploads%2Fsites%2F24%2F2021%2F05%2Fs24-logo-dt.png%22%20alt%3D%22%22%20width%3D%22408%22%20height%3D%2290%22%20%2F%3E%3C%2Fh2%3E%0D%0A%3Ch2%20style%3D%22color%3A%20%23111115%21important%3B%20font-size%3A%2036px%3B%20font-weight%3A%20bold%3B%20margin-bottom%3A%2030px%3B%20margin-top%3A%2020px%3B%20text-align%3A%20center%3B%20line-height%3A%2040px%3B%22%3ECsatlakozz%20a%20Sport24%20k%C3%B6z%C3%B6ss%C3%A9ghez%2C%20mondd%20el%20v%C3%A9lem%C3%A9nyedet%20z%C3%A1rt%20Facebook-csoportunkban%2C%20%C3%A9s%20vegy%C3%A9l%20r%C3%A9szt%20csak%20el%C5%91fizet%C5%91knek%20el%C3%A9rhet%C5%91%20exkluz%C3%ADv%20esem%C3%A9nyeinken.%3C%2Fh2%3E%0D%0A%3C%2Fdiv%3E%0D%0A%3Cp%20style%3D%22background%3A%20%2357A600%3B%20margin-top%3A%2020px%3B%20padding%3A%2020px%3B%20text-align%3A%20center%3B%22%3E%3Ca%20style%3D%22color%3A%20%23ffffff%3B%20font-size%3A%2026px%3B%20font-weight%3A%20600%3B%22%20href%3D%22https%3A%2F%2Fwww.facebook.com%2Fgroups%2F212344460412327%22%3ECSATLAKOZOM%3C%2Fa%3E%3C%2Fp%3E%0D%0A%0D%0A%3C%2Fdiv%3E\"]","type":"rich","thumbnail_url":"https:\/\/s.24.hu\/app\/uploads\/sites\/24\/2022\/11\/055_agif491985-150x150.jpg","thumbnail_width":150,"thumbnail_height":150}

Bruckner Gábor

Endrick, az új kicsoda?

Ezt annyira komolyan gondolják a Fehérek, hogy tárgyalóküldöttségük győzködi a fiatal futballistát, írjon alá hozzájuk. A világ (a benne élők miatt) szereti az egyszerűen felragasztható címkéket, amelyek ezúttal a következők: <strong>Endrick</strong> vajon az „új <strong>Vinicius Junio</strong>r”, az „új <strong>Rodrygo</strong>” vagy „az új <strong>Reinier</strong>”?

A felületes futballbarát (futballhaver) most egyből visszakérdez: ki az a Reinier? A tájékozott futballbarát (futballrokon) válaszol: a Real előző három, nagy elvárásokkal az anyaországból érkező fiatal brazil futballistája közül az, aki eddig nem váltotta be a hozzá fűzött reményeket, és úgy tűnik, nem is fogja; az abszolút kudarcot hozó dortmundi kölcsönévek után jelenleg a Girona együttesében szenved.

Vinícius Juniort és Rodrygót ma már senkinek nem kell bemutatni; előbbi a földkerekség legértékesebb játékosai közé került, utóbbi pedig a cserepadról is óriási érdemeket szerzett a királyiak tavaszi BL-hódításában, és – a sorozat igazi specialistájaként – 79 pályán töltött percenként lő gólt vagy ad gólpasszt.

<img class="aligncenter wp-image-6399 size-large" src="https://sport24.24.hu/app/uploads/sites/24/2022/11/055_agif491997-1024x576.jpg" alt="" width="1024" height="576" />

Vinícius Junior és Rodrygo 45-45 millió eurójába került a madridiaknak, Reinier csak 30 milliót kóstált, Endrick kivásárlási ára a nyáron kötött első profi szerződése alapján 60 millió, de a családja esetleges kérésére 40 millióért is klubot válthat.

Ha a Real meg is veszi Endricket – amihez az ácsingózó konkurensekkel szemben nyerő érv lehet a két honfitárs-előd kiemelkedő előmenetele is –, a FIFA vonatkozó szabálya miatt

<span class="highlight-block-small">2024 nyaráig akkor sem láthatják majd azok, akik kizárólag az európai futballteret figyelik, mert csak akkor tölti be a 18-at, és válthat kontinenst.</span>

Endrick center, aki elsősorban alkata, másodsorban robbanékonysága, harmadrészt gólérzékenysége, negyedrészt egyes technikai megoldásai miatt talán <strong>Romarióhoz</strong>, az 1994-es világbajnokság legjobb játékosához hasonlít leginkább, de ezen naponta polemizálnak Brazília-szerte. Ám egy 16 éves futballistával kapcsolatos vélemények hogyan is terjenghetnek egyáltalán a felnőttsportolók számára fenntartott térben? E helyütt pontosítanom kell, mert még messze nem volt 16, amikor az év elején, a brazil labdarúgásban a fiatalok felbukkanására fenntartott időszakban meg az ezt a célt szolgáló tornán, a Copa Sao Paulón elbűvölte a nézőket, és megoldotta az ámuldozó szakértők nyelvét. A nála gyakran több mint öt évvel idősebb játékosok között kevesebb mint 300 perc alatt hat gólt szerzett, többek között a tizenhatoson kívülről ollózott a hálóba a negyeddöntőben, és betalált a fináléban is.

https://www.youtube.com/watch?v=rAJQDpHeu8A&amp;ab_channel=FootballManiac

Már akkor sokan el is várták ezt tőle, ugyanis a tornát megelőző hónapokban hírek és képek szállingóztak egy fiatalemberről, aki több mint 100 gólt szerzett a Palmeiras utánpótlásában, a sokkal idősebbek között is eredményes, még 11 éves korában állami bajnoki döntőn gólt ollózott a Santos ellen, és aki az U17-es fináléban félpályán túlról vette be a Corinthians kapuját. Ez utóbbi külön történet Brazíliában, úgy nevezik: „a gól, amilyet <strong>Pelé</strong> nem rúgott”, az 1970-es vb-n ugyanis „a Király” 60 méterről a csehszlovákok kapujára emelte a labdát, de néhány centit tévedett. Ez is emelte Endrick ázsióját.
<div class="payable-content-section"></div>
A sajtó hamar megható családi történetekkel is színesítette a képet. Kiderítette, hogy édesapja annak idején azért választotta fiának a többi nagy Sao Pauló-i klubbal szemben a Palmeirast, mert máshol nem ajánlottak neki állást, amire a lakhatási feltételek megteremtése és a családegyesítés miatt volt feltétlenül szüksége. Az édesapa meséjének szálai tovább futottak, fény derült rá, hogy a felnőttcsapat kapusa,

<span class="highlight-block"><strong> Jailson</strong> csináltatott neki fogsort, </span>

miután látta, hogy milyen sovány, és hiányos fogazata miatt csak levest tud enni, és hogy gyakran ugyanazt a termet takarította, ahol fia aláírta első profi szerződését.

Ez utóbbi a brazil törvények szerint Endrick 16. születésnapján eshetett meg. Addigra az első csapat kétszeres Libertadores Kupa-győztes edzőjét,<strong> Abel Ferreirát</strong> a sajtótájékoztatókon már többször is megsorozták a mikrofonkatonák azzal a kérdéssel, hogy mikor számít majd a fiatal csillagra, mire a portugál egy ízben azt felelte: még gyerek, most ismerje meg inkább a Disney-parkot. Endrick a tréner iránymutatásának megfelelően át is ruccant Európába, ahol a párizsi parkon kívül BL meg EL-mérkőzéseket is megnézett, és végül azzal a konklúzióval zárt, hogy kiválóak a legnagyobbak futballmeccsei, de a Meseintézmény neki jobban tetszik.

Endrick tehát gyerek, de annak nem mindennapi. Ezt tavasszal az U17-es brazil nemzeti csapatban, azaz a két évvel idősebbek között is igazolta, amikor az együttessel megnyerte az egyik legrangosabb utánpótlástornát Franciaországban, gólkirály és a torna legjobb játékosa lett.

<img class="aligncenter wp-image-6401 size-large" src="https://sport24.24.hu/app/uploads/sites/24/2022/11/056_wv_pal_san_250122_2548-1024x683.jpg" alt="" width="1024" height="683" />

Miközben a Palmeiras és edzője szinte egész évben a valódi center megtalálásán fáradozott, és szezon közben is igazolt két játékost a megoldás reményében,

<span class="highlight-block-small">Endrick 2022-ben öt döntő mérkőzésen lépett pályára a különböző korosztályos sorozatokban, és azokon hét gólt szerzett.</span>

Indulósebessége, fizikai ereje, játékintelligenciája, kiváló bal lába, lövőereje, rámenős védekezési stílusa azokban a csapatokban mindenki más fölé emelte a 173 centis futballistát, de azt senki nem vehette biztosra, hogy ez aranyat ér a felnőttmezőnyben is.

Aztán eljött az ideje a nagyok között. Október elején bemutatkozott a brazil bajnokságban, amivel egyből a klubtörténet legfiatalabb játékosává vált. Néhány héttel később csereként beszállva két gólt ért el az Athletico-PR ellen, ami a klub legfiatalabb gólszerzőinek listáján az élre repítette. Nemrégiben pedig már először szerepelhetett kezdőként együttese zöld mezében, éppen azon a találkozón, amelyen a Palmeiras és szurkolótábora hazai környezetben bajnoki címet ünnepelt. Betalált. 181 perc alatt felnőttszinten három gól és egy assziszt került eddig a neve mellé.

Ahogy most kinéz, megfelelő menedzseléssel, szerencsével Endricknek akár

<span class="highlight-block">arra is esélye nyílhat, hogy maga váljon címkévé. </span>

Ha már a világ ezt szereti. Ezért folyik most érte az európai óriások versenye, amelybe a Real Madrid is benevezett.

[prefabricated_shortcode in_app="0" code="%3Cdiv%20class%3D%22article_box_border%22%20style%3D%22background%3A%20url%28%27https%3A%2F%2F24.p3k.hu%2Fapp%2Fuploads%2Fsites%2F24%2F2021%2F05%2Fsport24-pattern.png%27%29%20no-repeat%20left%20-16px%20%23f3f3f4%3B%20border%3A%20none%3B%22%3E%0D%0A%3Cdiv%20class%3D%22article_solidheader%22%3E%0D%0A%3Ch2%20style%3D%22color%3A%20%23111115%21important%3B%20font-size%3A%2036px%3B%20font-weight%3A%20bold%3B%20margin-bottom%3A%2030px%3B%20margin-top%3A%2020px%3B%20text-align%3A%20center%3B%20line-height%3A%2036px%3B%22%3E%3Cimg%20class%3D%22aligncenter%20size-full%20wp-image-141%22%20src%3D%22https%3A%2F%2F24.p3k.hu%2Fapp%2Fuploads%2Fsites%2F24%2F2021%2F05%2Fs24-logo-dt.png%22%20alt%3D%22%22%20width%3D%22408%22%20height%3D%2290%22%20%2F%3E%3C%2Fh2%3E%0D%0A%3Ch2%20style%3D%22color%3A%20%23111115%21important%3B%20font-size%3A%2036px%3B%20font-weight%3A%20bold%3B%20margin-bottom%3A%2030px%3B%20margin-top%3A%2020px%3B%20text-align%3A%20center%3B%20line-height%3A%2040px%3B%22%3ECsatlakozz%20a%20Sport24%20k%C3%B6z%C3%B6ss%C3%A9ghez%2C%20mondd%20el%20v%C3%A9lem%C3%A9nyedet%20z%C3%A1rt%20Facebook-csoportunkban%2C%20%C3%A9s%20vegy%C3%A9l%20r%C3%A9szt%20csak%20el%C5%91fizet%C5%91knek%20el%C3%A9rhet%C5%91%20exkluz%C3%ADv%20esem%C3%A9nyeinken.%3C%2Fh2%3E%0D%0A%3C%2Fdiv%3E%0D%0A%3Cp%20style%3D%22background%3A%20%2357A600%3B%20margin-top%3A%2020px%3B%20padding%3A%2020px%3B%20text-align%3A%20center%3B%22%3E%3Ca%20style%3D%22color%3A%20%23ffffff%3B%20font-size%3A%2026px%3B%20font-weight%3A%20600%3B%22%20href%3D%22https%3A%2F%2Fwww.facebook.com%2Fgroups%2F212344460412327%22%3ECSATLAKOZOM%3C%2Fa%3E%3C%2Fp%3E%0D%0A%0D%0A%3C%2Fdiv%3E"]
