{"version":"1.0","provider_name":"Sport24","provider_url":"https:\/\/sport24.24.hu","author_name":"Dajka Bal\u00e1zs","author_url":"https:\/\/sport24.24.hu\/author\/dajkab\/","title":"\u00dajrav\u00e1laszt\u00e1s, \u00e9s ut\u00e1na a hatodik \u2013 elb\u00edrja-e a brazil v\u00e1logatott, ha Neymar az eln\u00f6k kamp\u00e1nydal\u00e1ra r\u00e1zza mag\u00e1t?","html":"<strong>Neymar<\/strong> funkyritmusra r\u00e1zza mag\u00e1t \u00e9s \u00fczen. Nincs ebben semmi k\u00fcl\u00f6n\u00f6s, a vil\u00e1g egyik legt\u00f6bbek \u00e1ltal k\u00f6vetett sportol\u00f3j\u00e1nak ilyenek a mindennapjai. Csakhogy ez most ak\u00e1r a brazil v\u00e1logatott egys\u00e9g\u00e9t \u00e9s ezzel egy\u00fctt vil\u00e1gbajnoki es\u00e9lyeit is befoly\u00e1solhatja.\r\n\r\nAz inkrimin\u00e1lt TikTok-posztban a PSG szt\u00e1rja a jelenleg regn\u00e1l\u00f3 eln\u00f6k kamp\u00e1nydal\u00e1ra mozog, \u00e9s ujjaival 22-t mutat. A dal sz\u00f6vege:\r\n<blockquote>Szavazz, szavazz \u00e9s er\u0151s\u00edtsd meg a 22-es Bolsonar\u00f3t!<\/blockquote>\r\n(A 22-es Bolsonaro sz\u00e1ma volt ez els\u0151 v\u00e1laszt\u00e1si fordul\u00f3ban a jel\u00f6ltlist\u00e1n.) Mindenkinek joga van v\u00e9lem\u00e9nye kifejez\u00e9s\u00e9re, f\u00fcggetlen\u00fcl att\u00f3l, hogy az tetszik-e m\u00e1soknak vagy nem, ez az eset azonban a brazil sport szempontj\u00e1b\u00f3l is fontos, k\u00fcl\u00f6n\u00f6sen akkor, ha, ahogy a brazil sajt\u00f3 \u00edrja, Neymar a v\u00e1laszt\u00e1s m\u00e1sodik fordul\u00f3j\u00e1ra k\u00e9sz\u00fcl\u0151 sz\u00e9ls\u0151jobboldali jel\u00f6lt kamp\u00e1nyvide\u00f3j\u00e1ban is felt\u0171nik majd.\r\n<blockquote class=\"twitter-tweet\">\r\n<p dir=\"ltr\" lang=\"pt\">Neymar Jr \u00e9 Bolsonaro. <a href=\"https:\/\/t.co\/UjPoZYDIao\">pic.twitter.com\/UjPoZYDIao<\/a><\/p>\r\n\u2014 Sala12 (@OficialSala12) <a href=\"https:\/\/twitter.com\/OficialSala12\/status\/1575577562436468736?ref_src=twsrc%5Etfw\">September 29, 2022<\/a><\/blockquote>\r\n<script async src=\"https:\/\/platform.twitter.com\/widgets.js\" charset=\"utf-8\"><\/script>\r\n\r\nA sokak \u00e1ltal az \u00f6nfeledt j\u00e1t\u00e9k szinon\u00edm\u00e1j\u00e1nak tekintett brazil futballv\u00e1logatott sem tudja kivonni mag\u00e1t a vil\u00e1g ronda rendje al\u00f3l, \u00edgy gyakran v\u00e1lik eszk\u00f6zz\u00e9 a politikai hasznot les\u0151k kez\u00e9ben, \u00e9s ez \u00edgy t\u00f6rt\u00e9nt az el\u0151z\u0151 \u00e9vekben is. A 2021-es Copa America megrendez\u00e9s\u00e9t a Kolumbia-Argent\u00edna p\u00e1ros visszal\u00e9p\u00e9se ut\u00e1n a brazil eln\u00f6k gyakorlatilag minden el\u0151k\u00e9sz\u00fclet n\u00e9lk\u00fcl v\u00e1llalta el hetekkel a rajt el\u0151tt, amikor a pand\u00e9mia idej\u00e9n a rendezv\u00e9ny semmilyen anyagi haszonnal nem kecsegtethetett.\r\n\r\nHatalmas vita alakult ki, amelyben az esem\u00e9ny lebonyol\u00edt\u00e1sa, mint a patriotizmus \u00e9s hazafiass\u00e1g k\u00f6vetelte tett jelent meg, de m\u00e9g ezzel a narrat\u00edv\u00e1val sem gy\u0151z\u00f6tt meg mindenkit. T\u00f6bbek k\u00f6z\u00f6tt a brazil sajt\u00f3 sokat taglalt sejt\u00e9se alapj\u00e1n a v\u00e1logatott tagjait sem, \u00e9s nem is akartak indulni az esem\u00e9nyen. <strong>Casemiro,<\/strong> mint csapatkapit\u00e1ny az Ecuador elleni vb-selejtez\u0151 ut\u00e1ni nyilatkozat\u00e1ban arr\u00f3l besz\u00e9lt, hogy az egy\u00fcttes minden tagja a st\u00e1btagokkal egy\u00fctt k\u00f6z\u00f6s \u00e1ll\u00e1spontot alak\u00edt ki, amelyet sajt\u00f3t\u00e1j\u00e9koztat\u00f3n hoz majd nyilv\u00e1noss\u00e1gra.\r\n\r\n<span class=\"highlight-block-small\">Bolsonaro szavaz\u00f3i innent\u0151l kezdve a vil\u00e1gh\u00e1l\u00f3n k\u00f6vetelt\u00e9k a kapit\u00e1ny, <strong>Tite<\/strong> t\u00e1voz\u00e1s\u00e1t, politikai sz\u00f6vets\u00e9gesei, parlamenti k\u00e9pvisel\u0151k pedig hazafiatlans\u00e1ggal v\u00e1dolt\u00e1k \u0151t \u00e9s a j\u00e1t\u00e9kosokat.<\/span>\r\n\r\nTite a kor\u00e1bbi eln\u00f6k, a most is Bolsonaro ellenl\u00e1basak\u00e9nt indul\u00f3 <strong>Lula<\/strong> kedvenc csapat\u00e1n\u00e1l, a Corinthiasn\u00e1l \u00e9rte el legjobb eredm\u00e9nyeit, \u00edgy el\u0151ker\u00fcltek k\u00f6z\u00f6s fot\u00f3k is, annak bizony\u00edt\u00e1s\u00e1ra, hogy baloldali, \u00e9s egy\u00e9rtelm\u0171en politikai tev\u00e9kenys\u00e9gk\u00e9nt akad\u00e1lyozza a hazai lebonyol\u00edt\u00e1st. Azt\u00e1n megismerhette a k\u00f6zv\u00e9lem\u00e9ny a csapat d\u00f6nt\u00e9s\u00e9t is, miszerint nem tartj\u00e1k a helyzetet \u00fcdv\u00f6z\u00edt\u0151nek, de megpr\u00f3b\u00e1lj\u00e1k megnyerni a torn\u00e1t.\r\n\r\nEz azt\u00e1n nem j\u00f6tt \u00f6ssze, mert a Maracanaban rendezett d\u00f6nt\u0151n Argent\u00edna 1-0-ra gy\u0151z\u00f6tt <strong>Di Mar\u00eda<\/strong> g\u00f3lj\u00e1val. \u00cdgy nem k\u00e9sz\u00fclhettek \u00fajabb felv\u00e9telek Jair Bolsonar\u00f3r\u00f3l, amint a gy\u0151ztes aranys\u00e1rga mezes egy\u00fcttes csapatk\u00e9p\u00e9n \u0151 fogja a tr\u00f3fe\u00e1t. K\u00e9t \u00e9vvel azel\u0151tt egy el\u0151re tervezett m\u00f3don Braz\u00edli\u00e1ban tartott D\u00e9l-Amerika-bajnoks\u00e1gon ez m\u00e1r megt\u00f6rt\u00e9nt, \u00edgy biztosan nem lett volna Bolsonaro ellen\u00e9re.\r\n\r\nA mostani brazil eln\u00f6k nemhogy nem titkolja, hanem kifejezetten hangs\u00falyozza, hogy milyen nosztalgi\u00e1val gondol vissza a katonai diktat\u00fara id\u0151szak\u00e1ra, a katonai puccs egyik \u00e9vfordul\u00f3j\u00e1n \u00fagy fogalmazott: \u201ea diktat\u00fara n\u00e9lk\u00fcl csak egy k\u00f6zt\u00e1rsas\u00e1gocska lenn\u00e9nk\u201d. Ennek a sport \u00e9s a futball szempontj\u00e1b\u00f3l, valamint a mostani vb aspektus\u00e1b\u00f3l n\u00e9zve is akadhat k\u00f6vetkezm\u00e9nye.\r\n\r\n<strong>Emilio Medicir\u0151l,<\/strong> a militarista rendszer legkegyetlenebb vezet\u0151j\u00e9r\u0151l mai napig is a legismertebb felv\u00e9telek, amelyeket 1970-ben, a minden id\u0151k legjobb v\u00e1logatottj\u00e1nak tartott vil\u00e1gbajnok csapat tagjainak k\u00f6r\u00e9ben, a Rimet-kup\u00e1t szorongatva k\u00e9sz\u00edtettek r\u00f3la. A rendk\u00edv\u00fcli m\u00f3don csod\u00e1lt, Mexik\u00f3ban sz\u00e1zsz\u00e1zal\u00e9kos m\u00e9rleggel nyertes brazil v\u00e1logatott a \u201esenki nem \u00e1ll\u00edthatja meg Braz\u00edli\u00e1t\u201d nacionalista politikai jelsz\u00f3 \u00e9s kamp\u00e1ny igazol\u00e1s\u00e1ra sz\u00fcletett.\r\n<div class=\"payable-content-section\"><\/div>\r\nA csapat eg\u00e9szen szokatlan m\u00f3don n\u00e9gy h\u00f3napon kereszt\u00fcl k\u00e9sz\u00fclt, \u00e9s a koncepci\u00f3nak k\u00f6sz\u00f6nhet\u0151en nem csak zseni\u00e1lis j\u00e1t\u00e9kosokb\u00f3l \u00e1llt, hanem er\u0151ben \u00e9s \u00e1ll\u00f3k\u00e9pess\u00e9gben is fel\u00fclm\u00falta ellenfeleit. A gazdas\u00e1gi \u00e9s minden l\u00e9tez\u0151 \u00e9rtelemben fejl\u0151d\u0151, legy\u0151zhetetlen Braz\u00edli\u00e1t volt hivatott jelk\u00e9pezni, \u00e9s hogy mennyire politikai \u00fcgyk\u00e9nt kezelt\u00e9k, azt nem csak a dikt\u00e1tor \u00e1ltal a gy\u0151zelem \u00fcnnepl\u00e9se sor\u00e1n learatott bab\u00e9rok, hanem a nagy vezet\u0151 j\u00e1t\u00e9kosok fel\u00e9 ir\u00e1nyul\u00f3 napi szint\u0171 telefonos \u00e9rdekl\u0151d\u00e9se is mutatta.\r\n\r\nBolsonaro sz\u00e1m\u00e1ra az a korszak ebb\u0151l a szempontb\u00f3l is p\u00e9ldak\u00e9nt szolg\u00e1l. H\u00edveivel egy\u00fctt az el\u0151z\u0151 \u00e9vekben teljesen tudatosan kisaj\u00e1t\u00edtotta Braz\u00edlia egyik legfontosabb identit\u00e1sk\u00e9pz\u0151 jelk\u00e9p\u00e9t, a nemzeti mezt. M\u00e1rpedig ez arrafel\u00e9 olyan, mintha itt valaki a kok\u00e1rd\u00e1val tenn\u00e9.\r\n\r\n<span class=\"highlight-block-small\">A politikai megmozdul\u00e1sokon, \u00fcnneps\u00e9geken Bolsonaro t\u00e1bora a legjobban ismert sz\u00edn\u00f6sszet\u00e9tel\u0171, aranys\u00e1rga brazil mezben vonult fel, ez addig \u00e9lez\u0151d\u00f6tt, hogy aki ilyet vett fel, arr\u00f3l mindenki egyb\u0151l azt gondolta, az eln\u00f6k embere.<\/span>\r\n\r\nEzzel a helyzettel a brazil sz\u00f6vets\u00e9g, a CBF is k\u00e9nytelen volt foglalkozni, \u00e9s v\u00e9g\u00fcl kamp\u00e1nyt ind\u00edtott, amelynek k\u00e9pi anyagai k\u00f6z\u00f6tt k\u00f6zismerten ellenz\u00e9ki gondolkod\u00e1s\u00fa emberek jelentek meg a selecao els\u0151 sz\u00e1m\u00fa mez\u00e9ben, ezzel is vissza\u00e1ll\u00edtani sz\u00e1nd\u00e9kozott annak \u00f6ssznemzeti tartalm\u00e1t. A szerepl\u0151k k\u00f6z\u00f6tt felbukkant<strong> Richarlison<\/strong> is, aki a Tottenham Sporting elleni BL-meccse ut\u00e1n is besz\u00e9lt a m\u00e9dia munkat\u00e1rsainak arr\u00f3l, hogy milyen lehetetlen helyzetet teremt a mez ideol\u00f3giai alap\u00fa kisaj\u00e1t\u00edt\u00e1sa.\r\n\r\nRicharlison \u00e9s Neymar egy\u00fctt szerepel a brazil v\u00e1logatott csat\u00e1rsor\u00e1ban, most szeptemberben a Tottenham futballist\u00e1ja k\u00e9t g\u00f3lt is szerzett t\u00e1rsa \u00e1tad\u00e1s\u00e1b\u00f3l. De az egyens\u00faly \u00e9rz\u00e9keny. Tite-nek ezzel is foglalkoznia kell, mik\u00f6zben \u0151 maga is c\u00e9lkeresztbe ker\u00fclt m\u00e1r. A sz\u00f6vets\u00e9gi kapit\u00e1ny a 2018-as vil\u00e1gbajnoks\u00e1g el\u0151tt is kijelentette, hogy a vil\u00e1gbajnoki c\u00edm megszerz\u00e9se eset\u00e9n sem hajland\u00f3 a Planalton\u00e1l, azaz az eln\u00f6ki \u00e9p\u00fcletn\u00e9l \u00fcnnepelni, \u00e9s ezt most is meger\u0151s\u00edtette: neki mindegy, hogy okt\u00f3ber 30-\u00e1n kit v\u00e1lasztanak, nem vesz r\u00e9szt a politikai cirkuszban. Pedig ez hagyom\u00e1ny a brazil v\u00e1logatottak vil\u00e1gbajnoki sikereinek eset\u00e9n.\r\n\r\nBolsonaro Neymar mostani akci\u00f3ja ut\u00e1n r\u00f6gt\u00f6n megosztotta a tartalmat, \u00e9s kiadta a jelsz\u00f3t:\r\n\r\n<span class=\"highlight-block-small\">\u00fajrav\u00e1laszt\u00e1s, \u00e9s ut\u00e1na a hatodik!<\/span>\r\n\r\nBraz\u00edli\u00e1ban mindenki tudja, hogy ezek a sz\u00e1mok mit is jelentenek, mindig a vil\u00e1gbajnoki c\u00edmet, amelyb\u0151l most j\u00f6hetne a hatodik. De vajon az ilyen \u00f6sszeborul\u00e1sok nem jelentenek-e m\u00e1r \u00f6nmagukban is korai \u00f6ng\u00f3lt?\r\n\r\n<em>A kiemelt k\u00e9pen Richarlison \u00e9s Neymar \u00fcnnepli ut\u00f3bbi g\u00f3lj\u00e1t a Jap\u00e1n elleni felk\u00e9sz\u00fcl\u00e9si meccsen.<\/em>","type":"rich","thumbnail_url":"https:\/\/s.24.hu\/app\/uploads\/sites\/24\/2022\/10\/richney-150x150.jpg","thumbnail_width":150,"thumbnail_height":150}

Dajka Balázs

Újraválasztás, és utána a hatodik – elbírja-e a brazil válogatott, ha Neymar az elnök kampánydalára rázza magát?

<strong>Neymar</strong> funkyritmusra rázza magát és üzen. Nincs ebben semmi különös, a világ egyik legtöbbek által követett sportolójának ilyenek a mindennapjai. Csakhogy ez most akár a brazil válogatott egységét és ezzel együtt világbajnoki esélyeit is befolyásolhatja.

Az inkriminált TikTok-posztban a PSG sztárja a jelenleg regnáló elnök kampánydalára mozog, és ujjaival 22-t mutat. A dal szövege:
<blockquote>Szavazz, szavazz és erősítsd meg a 22-es Bolsonarót!</blockquote>
(A 22-es Bolsonaro száma volt ez első választási fordulóban a jelöltlistán.) Mindenkinek joga van véleménye kifejezésére, függetlenül attól, hogy az tetszik-e másoknak vagy nem, ez az eset azonban a brazil sport szempontjából is fontos, különösen akkor, ha, ahogy a brazil sajtó írja, Neymar a választás második fordulójára készülő szélsőjobboldali jelölt kampányvideójában is feltűnik majd.
<blockquote class="twitter-tweet">
<p dir="ltr" lang="pt">Neymar Jr é Bolsonaro. <a href="https://t.co/UjPoZYDIao">pic.twitter.com/UjPoZYDIao</a></p>
— Sala12 (@OficialSala12) <a href="https://twitter.com/OficialSala12/status/1575577562436468736?ref_src=twsrc%5Etfw">September 29, 2022</a></blockquote>
<script async src="https://platform.twitter.com/widgets.js" charset="utf-8"></script>

A sokak által az önfeledt játék szinonímájának tekintett brazil futballválogatott sem tudja kivonni magát a világ ronda rendje alól, így gyakran válik eszközzé a politikai hasznot lesők kezében, és ez így történt az előző években is. A 2021-es Copa America megrendezését a Kolumbia-Argentína páros visszalépése után a brazil elnök gyakorlatilag minden előkészület nélkül vállalta el hetekkel a rajt előtt, amikor a pandémia idején a rendezvény semmilyen anyagi haszonnal nem kecsegtethetett.

Hatalmas vita alakult ki, amelyben az esemény lebonyolítása, mint a patriotizmus és hazafiasság követelte tett jelent meg, de még ezzel a narratívával sem győzött meg mindenkit. Többek között a brazil sajtó sokat taglalt sejtése alapján a válogatott tagjait sem, és nem is akartak indulni az eseményen. <strong>Casemiro,</strong> mint csapatkapitány az Ecuador elleni vb-selejtező utáni nyilatkozatában arról beszélt, hogy az együttes minden tagja a stábtagokkal együtt közös álláspontot alakít ki, amelyet sajtótájékoztatón hoz majd nyilvánosságra.

<span class="highlight-block-small">Bolsonaro szavazói innentől kezdve a világhálón követelték a kapitány, <strong>Tite</strong> távozását, politikai szövetségesei, parlamenti képviselők pedig hazafiatlansággal vádolták őt és a játékosokat.</span>

Tite a korábbi elnök, a most is Bolsonaro ellenlábasaként induló <strong>Lula</strong> kedvenc csapatánál, a Corinthiasnál érte el legjobb eredményeit, így előkerültek közös fotók is, annak bizonyítására, hogy baloldali, és egyértelműen politikai tevékenységként akadályozza a hazai lebonyolítást. Aztán megismerhette a közvélemény a csapat döntését is, miszerint nem tartják a helyzetet üdvözítőnek, de megpróbálják megnyerni a tornát.

Ez aztán nem jött össze, mert a Maracanaban rendezett döntőn Argentína 1-0-ra győzött <strong>Di María</strong> góljával. Így nem készülhettek újabb felvételek Jair Bolsonaróról, amint a győztes aranysárga mezes együttes csapatképén ő fogja a trófeát. Két évvel azelőtt egy előre tervezett módon Brazíliában tartott Dél-Amerika-bajnokságon ez már megtörtént, így biztosan nem lett volna Bolsonaro ellenére.

A mostani brazil elnök nemhogy nem titkolja, hanem kifejezetten hangsúlyozza, hogy milyen nosztalgiával gondol vissza a katonai diktatúra időszakára, a katonai puccs egyik évfordulóján úgy fogalmazott: „a diktatúra nélkül csak egy köztársaságocska lennénk”. Ennek a sport és a futball szempontjából, valamint a mostani vb aspektusából nézve is akadhat következménye.

<strong>Emilio Mediciről,</strong> a militarista rendszer legkegyetlenebb vezetőjéről mai napig is a legismertebb felvételek, amelyeket 1970-ben, a minden idők legjobb válogatottjának tartott világbajnok csapat tagjainak körében, a Rimet-kupát szorongatva készítettek róla. A rendkívüli módon csodált, Mexikóban százszázalékos mérleggel nyertes brazil válogatott a „senki nem állíthatja meg Brazíliát” nacionalista politikai jelszó és kampány igazolására született.
<div class="payable-content-section"></div>
A csapat egészen szokatlan módon négy hónapon keresztül készült, és a koncepciónak köszönhetően nem csak zseniális játékosokból állt, hanem erőben és állóképességben is felülmúlta ellenfeleit. A gazdasági és minden létező értelemben fejlődő, legyőzhetetlen Brazíliát volt hivatott jelképezni, és hogy mennyire politikai ügyként kezelték, azt nem csak a diktátor által a győzelem ünneplése során learatott babérok, hanem a nagy vezető játékosok felé irányuló napi szintű telefonos érdeklődése is mutatta.

Bolsonaro számára az a korszak ebből a szempontból is példaként szolgál. Híveivel együtt az előző években teljesen tudatosan kisajátította Brazília egyik legfontosabb identitásképző jelképét, a nemzeti mezt. Márpedig ez arrafelé olyan, mintha itt valaki a kokárdával tenné.

<span class="highlight-block-small">A politikai megmozdulásokon, ünnepségeken Bolsonaro tábora a legjobban ismert színösszetételű, aranysárga brazil mezben vonult fel, ez addig éleződött, hogy aki ilyet vett fel, arról mindenki egyből azt gondolta, az elnök embere.</span>

Ezzel a helyzettel a brazil szövetség, a CBF is kénytelen volt foglalkozni, és végül kampányt indított, amelynek képi anyagai között közismerten ellenzéki gondolkodású emberek jelentek meg a selecao első számú mezében, ezzel is visszaállítani szándékozott annak össznemzeti tartalmát. A szereplők között felbukkant<strong> Richarlison</strong> is, aki a Tottenham Sporting elleni BL-meccse után is beszélt a média munkatársainak arról, hogy milyen lehetetlen helyzetet teremt a mez ideológiai alapú kisajátítása.

Richarlison és Neymar együtt szerepel a brazil válogatott csatársorában, most szeptemberben a Tottenham futballistája két gólt is szerzett társa átadásából. De az egyensúly érzékeny. Tite-nek ezzel is foglalkoznia kell, miközben ő maga is célkeresztbe került már. A szövetségi kapitány a 2018-as világbajnokság előtt is kijelentette, hogy a világbajnoki cím megszerzése esetén sem hajlandó a Planaltonál, azaz az elnöki épületnél ünnepelni, és ezt most is megerősítette: neki mindegy, hogy október 30-án kit választanak, nem vesz részt a politikai cirkuszban. Pedig ez hagyomány a brazil válogatottak világbajnoki sikereinek esetén.

Bolsonaro Neymar mostani akciója után rögtön megosztotta a tartalmat, és kiadta a jelszót:

<span class="highlight-block-small">újraválasztás, és utána a hatodik!</span>

Brazíliában mindenki tudja, hogy ezek a számok mit is jelentenek, mindig a világbajnoki címet, amelyből most jöhetne a hatodik. De vajon az ilyen összeborulások nem jelentenek-e már önmagukban is korai öngólt?

<em>A kiemelt képen Richarlison és Neymar ünnepli utóbbi gólját a Japán elleni felkészülési meccsen.</em>
