{"version":"1.0","provider_name":"Sport24","provider_url":"https:\/\/sport24.24.hu","author_name":"Bruckner G\u00e1bor","author_url":"https:\/\/sport24.24.hu\/author\/brucknerg\/","title":"A Ferencv\u00e1ros \u00f6tven \u00e9ve 1-2-re tov\u00e1bbjutott","html":"A szarajev\u00f3i Zeljeznicarnak soha nem volt olyan j\u00f3 csapata, mint a hetvenes \u00e9vek elej\u00e9n. Az egy\u00fcttes az 1970\/71-es \u00e9vadban ez\u00fcst\u00e9rmet nyert a jugoszl\u00e1v labdar\u00fag\u00f3-bajnoks\u00e1gban, s ezzel addigi legjobb eredm\u00e9ny\u00e9t \u00e9rte el, majd a k\u00f6vetkez\u0151 nekirugaszkod\u00e1sra \u2013 el\u0151sz\u00f6r \u00e9s utolj\u00e1ra \u2013 elh\u00f3d\u00edtotta Jugoszl\u00e1via arany\u00e9rm\u00e9t.\r\n\r\nAz FTC ezzel szemben el\u00e9gg\u00e9 \u201ek\u00f6h\u00f6g\u00f6tt\u201d az 1971\/72-es szezonban. Az NB I-ben csak az \u00f6t\u00f6dik helyet szerezte meg, a tavasszal kikapott Koml\u00f3n \u00e9s a N\u00e9pstadionban a Di\u00f3sgy\u0151rt\u0151l \u2013 egyar\u00e1nt 1-0-ra \u2013, majd a hajr\u00e1ban 5-2-es veres\u00e9get m\u00e9rt r\u00e1 a Vasas, pontosabban a dupl\u00e1z\u00f3 <strong>V\u00e1rady B\u00e9la<\/strong>, majd a m\u00e1sodik f\u00e9lid\u0151ben klasszikus mesterh\u00e1rmast el\u00e9r\u0151 <strong>Pusk\u00e1s Lajos<\/strong>.\r\n\r\nEzzel egy\u00fctt a Ferencv\u00e1ros h\u00e9t j\u00e1t\u00e9kossal \u2013 <strong>G\u00e9czi Istv\u00e1nnal, P\u00e1ncsics Mikl\u00f3ssal, B\u00e1lint L\u00e1szl\u00f3val, Juh\u00e1sz Istv\u00e1nnal, K\u0171 Lajossal, Sz\u0151ke Istv\u00e1nnal, Albert Fl\u00f3ri\u00e1nnal<\/strong> \u2013 k\u00e9pviseltette mag\u00e1t <strong>Illovszky Rudolf<\/strong> \u00f6tven \u00e9ve megk\u00f6zel\u00edthetetlen, az Eur\u00f3pa-bajnoks\u00e1g n\u00e9gyes d\u00f6nt\u0151j\u00e9be jut\u00f3 v\u00e1logatottj\u00e1ban, s\u0151t a belgiumi v\u00e9gj\u00e1t\u00e9kig vezet\u0151 \u00faton <strong>V\u00e9pi P\u00e9ter<\/strong> \u00e9s <strong>Branikovits L\u00e1szl\u00f3<\/strong> is szerepet kapott a c\u00edmeres mezes csapatban. Tal\u00e1n csak <strong>D\u00f3ka<\/strong> gy\u00far\u00f3 nem volt v\u00e1logatott...\r\n\r\n<span class=\"highlight-block-small\">Nem keltett teh\u00e1t nagy meglepet\u00e9st \u2013 m\u00e9g kicsit sem \u2013, hogy az UEFA Kup\u00e1ban sorra aratta a gy\u0151zelmeket az FTC.<\/span> Kiv\u00e1ltk\u00e9pp az akkoriban felfedezett K\u0171 villogott: a filigr\u00e1n k\u00f6z\u00e9pp\u00e1ly\u00e1s minden fordul\u00f3ban g\u00f3lt szerzett. Eredm\u00e9nyes volt a Fenerbahce (1-1), a Panioniosz (6-0), az Eintracht Braunschweig (1-1), a Zeljeznicar (2-1) \u00e9s a Wolverhampton ellen (1-2) egyar\u00e1nt.\r\n\r\n<img class=\"aligncenter wp-image-5268 size-full\" src=\"https:\/\/sport24.24.hu\/app\/uploads\/sites\/24\/2022\/07\/nemzetisport_1972_04__pages33-33.jpg\" alt=\"\" width=\"2225\" height=\"1235\" \/>\r\n<div class=\"payable-content-section\"><\/div>\r\nA Zelj\u00f3nak bec\u00e9zett bosny\u00e1k csapattal szemben Budapesten \u201en\u00e9ma\u201d maradt. Ak\u00e1r a f\u00e9l h\u00e1zas N\u00e9pstadion a meccs v\u00e9g\u00e9n. Noha Albert gyors g\u00f3lj\u00e1val a Ferencv\u00e1ros vezetett, <strong>Josip Bukal<\/strong> m\u00e9g a sz\u00fcnet el\u0151tt egyenl\u00edtett, majd <strong>Edin Spreco<\/strong> ford\u00edtott (1-2). Negyvenezer n\u00e9z\u0151 szomorkodott a lel\u00e1t\u00f3kon, miut\u00e1n az FTC igazodott az UEFA Kupa-naphoz, \u00e9s cs\u00fct\u00f6rt\u00f6k\u00f6t mondott. (Szerda este az \u00dajpest\u2013Celtic BEK-meccset rendezt\u00e9k idehaza, azon is a vend\u00e9g egy\u00fcttes gy\u0151z\u00f6tt 2-1-re. <strong>Horv\u00e1th J\u00f3zsef<\/strong> tizenhat m\u00e9terr\u0151l k\u00fcldte a labd\u00e1t a saj\u00e1t h\u00e1l\u00f3j\u00e1ba, igaz, az \u00f6ng\u00f3lt g\u00f3llal ellens\u00falyozta.) A N\u00e9psport m\u00e1r temetett: \u201eE v\u00e1ratlan veres\u00e9g ut\u00e1n kevesen vannak, akik rem\u00e9nykednek abban, hogy az FTC idegenben kiv\u00edvja a tov\u00e1bbjut\u00e1st.\u201d\r\n\r\nRontott a helyzeten <strong>Mucha J\u00f3zsef<\/strong> eltilt\u00e1sa, valamint Juh\u00e1sz \u00e9s Sz\u0151ke s\u00e9r\u00fcl\u00e9se, igaz, a bosny\u00e1kok \u201eb\u00f6l\u00e9nye\u201d, a 41-szeres v\u00e1logatott <strong>Josip Katalinski<\/strong> is kis\u00e1rg\u00e1zta mag\u00e1t a N\u00e9pstadionban. A szarajev\u00f3i \u00f6nbizalmat azonban er\u0151s\u00edtette, hogy a bajnoks\u00e1gban a listavezet\u0151 Zeljeznicar megt\u00f6rte a Maribor 30 meccses otthoni veretlens\u00e9gi sorozat\u00e1t (0-2), \u00e9s kor\u00e1bban olyan csapatokat ejtett ki az UEFA Kup\u00e1b\u00f3l, mint az FC Bruges, a Bologna, \u00e9s 5-1-re kit\u00f6mte azt a sk\u00f3t St. Johnstone-t, amely elb\u00facs\u00faztatta a kilenc v\u00e1logatott labdar\u00fag\u00f3val \u2013 <strong>Tam\u00e1s Gyul\u00e1val, T\u00f6r\u00f6k P\u00e9terrel, F\u00e1bi\u00e1n Tiborral, Vid\u00e1ts Csab\u00e1val, Ih\u00e1sz K\u00e1lm\u00e1nnal, M\u00fcller S\u00e1ndorral,<\/strong> Pusk\u00e1ssal, <strong>Farkas J\u00e1nossal,<\/strong> V\u00e1radyval \u2013 felvonul\u00f3 Vasast.\r\n\r\n<span class=\"highlight-block-small\">\u00c1m Szarajev\u00f3ban, ahol csak 12 298 n\u00e9z\u0151t jegyeztek, otthonosan mozogtak honfit\u00e1rsaink, ak\u00e1r eg\u00e9sz Jugoszl\u00e1vi\u00e1ban. <\/span>\r\n\r\nA t\u00e9li sz\u00fcnetben tizenegy magyar egy\u00fcttes \u2013 a Debrecen, a Di\u00f3sgy\u0151r, a Gy\u0151ri ETO, a Koml\u00f3, az MTK, a P\u00e9cs, a Salg\u00f3tarj\u00e1n, a Szeged, a Tatab\u00e1nya, az \u00dajpest \u00e9s a ZTE \u2013 t\u00e1borozott a d\u00e9li szomsz\u00e9dban, s mintha az FTC sem \u00e9rezte volna mag\u00e1t idegenben. Spreco hi\u00e1ba fejelt a h\u00e1l\u00f3ba, K\u0171 egy perccel k\u00e9s\u0151bb elind\u00edtotta \u00e9s vet\u0151d\u00e9ses fejessel pr\u00edm\u00e1n be is fejezte a ferencv\u00e1rosi ellenakci\u00f3t, azt\u00e1n Branikovits szint\u00e9n nagyszer\u0171 fejest k\u00fcld\u00f6tt a kilencszeres jugoszl\u00e1v v\u00e1logatott<strong> Slobodan Janjus<\/strong> h\u00e1l\u00f3j\u00e1ba (2-1). A visszav\u00e1g\u00f3 k\u00e9tszer negyed\u00f3r\u00e1s hosszabb\u00edt\u00e1sba, majd tizenegyesp\u00e1rbajba torkollt, \u00e9s <strong>Milan Ribar<\/strong>, a bosny\u00e1kok edz\u0151je a 118. percben bevetette a titkos fegyvert, <strong>Esad Ibrahimovic<\/strong> kapust.\r\n\r\nAz \u00faj fi\u00fat ov\u00e1ci\u00f3 fogadta, azt\u00e1n egyetlen l\u00f6v\u00e9st sem h\u00e1r\u00edtott. Nov\u00e1k Dezs\u0151, P\u00e1ncsics, Branikovits, <strong>Megyesi Istv\u00e1n<\/strong>, K\u0171 sorra a vend\u00e9gl\u00e1t\u00f3k h\u00e1l\u00f3j\u00e1ba r\u00fagta a labd\u00e1t \u2013 h\u00e1rom h\u00e1tv\u00e9d volt a k\u00f6ny\u00f6rtelen v\u00e9grehajt\u00f3k k\u00f6z\u00f6tt \u2013, m\u00edg a vend\u00e9gl\u00e1t\u00f3k j\u00e1t\u00e9kosai k\u00f6z\u00fcl <strong>Bozo Jankovic<\/strong> mell\u00e9 l\u0151tt. Ezzel az FTC a legjobb n\u00e9gy k\u00f6z\u00e9 jutott, ak\u00e1r a v\u00e1logatott az Eb-n, mi t\u00f6bb, d\u00f6nt\u0151t is j\u00e1tszhatott volna, de \u2013 mik\u00e9nt <strong>Z\u00e1mb\u00f3 S\u00e1ndor<\/strong> az Eur\u00f3pa-bajnoks\u00e1gon a Szovjetuni\u00f3 legjobbjaival szemben \u2013 Sz\u0151ke Pesten \u00e9s Wolverhamptonban is kihagyott egy b\u00fcntet\u0151t, \u00edgy a szerencs\u00e9s Wanderers v\u00e1lt finalist\u00e1v\u00e1 (2-2, 1-2).\r\n\r\n\u00c1m az el\u0151d\u00f6nt\u0151s megjelen\u00e9s sem volt ak\u00e1rmi, s\u0151t. Ez\u00e9rt azt\u00e1n\r\n\r\n<span class=\"highlight-block-small\">csak annyiban \u00e9rdemes p\u00e1rhuzamot vonni az FTC f\u00e9l \u00e9vsz\u00e1zaddal kor\u00e1bbi \u00e9s mostani szerepl\u00e9se k\u00f6z\u00f6tt, hogy a p\u00e1rharc els\u0151 m\u00e9rk\u0151z\u00e9s\u00e9n itthon 1-2-vel z\u00e1rult a parti. <\/span>\r\n\r\nEur\u00f3pai \u00e9lmez\u0151nyh\u00f6z tartoz\u00f3k \u00e9s selejtez\u0151ben k\u00fcszk\u00f6d\u0151k nyilv\u00e1n nem eml\u00edthet\u0151k egy lapon, a Slovan mai alakulat\u00e1t sem hasonl\u00edtj\u00e1k ahhoz a garnit\u00far\u00e1hoz, amely 1969-ben Kupagy\u0151ztesek Eur\u00f3pa Kup\u00e1j\u00e1t nyert a Barcelona 3-2-es legy\u0151z\u00e9s\u00e9vel. (A pozsonyiak k\u00f6z\u00fcl <strong>Vencelt, Horv\u00e1thot, Joklt<\/strong> volt balszerencs\u00e9nk ismerni az \u00e9v december\u00e9b\u0151l Marseille-b\u0151l is.)\r\n\r\nIde tartozik, hogy az 1972-es \u00e9vad kontinent\u00e1lis sikereihez a legt\u00f6bbsz\u00f6r a G\u00e9czi \u2013 Nov\u00e1k, P\u00e1ncsics, B\u00e1lint, Megyesi \u2013 Juh\u00e1sz, K\u0171 \u2013 Sz\u0151ke, Branikovits, Albert, Mucha tizeneggyel ki\u00e1ll\u00f3 Ferencv\u00e1ros hozz\u00e1tett egy tr\u00f3fe\u00e1t: a Tatab\u00e1nya f\u00f6l\u00f6tt aratott 2-1-es gy\u0151zelemmel elnyerte az MNK-t. K\u00fcl\u00f6nleges diadal volt, kiv\u00e1ltk\u00e9pp a helysz\u00edn miatt.\r\n\r\nA kupad\u00f6nt\u0151t ugyanis \u00dajpesten rendezt\u00e9k.\r\n\r\n[prefabricated_shortcode in_app=\"0\" code=\"%3Cdiv%20class%3D%22article_box_border%22%20style%3D%22background%3A%20url%28%27https%3A%2F%2F24.p3k.hu%2Fapp%2Fuploads%2Fsites%2F24%2F2021%2F05%2Fsport24-pattern.png%27%29%20no-repeat%20left%20-16px%20%23f3f3f4%3B%20border%3A%20none%3B%22%3E%0D%0A%3Cdiv%20class%3D%22article_solidheader%22%3E%0D%0A%3Ch2%20style%3D%22color%3A%20%23111115%21important%3B%20font-size%3A%2036px%3B%20font-weight%3A%20bold%3B%20margin-bottom%3A%2030px%3B%20margin-top%3A%2020px%3B%20text-align%3A%20center%3B%20line-height%3A%2036px%3B%22%3E%3Cimg%20class%3D%22aligncenter%20size-full%20wp-image-141%22%20src%3D%22https%3A%2F%2F24.p3k.hu%2Fapp%2Fuploads%2Fsites%2F24%2F2021%2F05%2Fs24-logo-dt.png%22%20alt%3D%22%22%20width%3D%22408%22%20height%3D%2290%22%20%2F%3E%3C%2Fh2%3E%0D%0A%3Ch2%20style%3D%22color%3A%20%23111115%21important%3B%20font-size%3A%2036px%3B%20font-weight%3A%20bold%3B%20margin-bottom%3A%2030px%3B%20margin-top%3A%2020px%3B%20text-align%3A%20center%3B%20line-height%3A%2040px%3B%22%3ECsatlakozz%20a%20Sport24%20k%C3%B6z%C3%B6ss%C3%A9ghez%2C%20mondd%20el%20v%C3%A9lem%C3%A9nyedet%20z%C3%A1rt%20Facebook-csoportunkban%2C%20%C3%A9s%20vegy%C3%A9l%20r%C3%A9szt%20csak%20el%C5%91fizet%C5%91knek%20el%C3%A9rhet%C5%91%20exkluz%C3%ADv%20esem%C3%A9nyeinken.%3C%2Fh2%3E%0D%0A%3C%2Fdiv%3E%0D%0A%3Cp%20style%3D%22background%3A%20%2357A600%3B%20margin-top%3A%2020px%3B%20padding%3A%2020px%3B%20text-align%3A%20center%3B%22%3E%3Ca%20style%3D%22color%3A%20%23ffffff%3B%20font-size%3A%2026px%3B%20font-weight%3A%20600%3B%22%20href%3D%22https%3A%2F%2Fwww.facebook.com%2Fgroups%2F212344460412327%22%3ECSATLAKOZOM%3C%2Fa%3E%3C%2Fp%3E%0D%0A%0D%0A%3C%2Fdiv%3E\"]","type":"rich","thumbnail_url":"https:\/\/s.24.hu\/app\/uploads\/sites\/24\/2022\/07\/central-0485402020-masolat-150x150.jpg","thumbnail_width":150,"thumbnail_height":150}

Bruckner Gábor

A Ferencváros ötven éve 1-2-re továbbjutott

A szarajevói Zeljeznicarnak soha nem volt olyan jó csapata, mint a hetvenes évek elején. Az együttes az 1970/71-es évadban ezüstérmet nyert a jugoszláv labdarúgó-bajnokságban, s ezzel addigi legjobb eredményét érte el, majd a következő nekirugaszkodásra – először és utoljára – elhódította Jugoszlávia aranyérmét.

Az FTC ezzel szemben eléggé „köhögött” az 1971/72-es szezonban. Az NB I-ben csak az ötödik helyet szerezte meg, a tavasszal kikapott Komlón és a Népstadionban a Diósgyőrtől – egyaránt 1-0-ra –, majd a hajrában 5-2-es vereséget mért rá a Vasas, pontosabban a duplázó <strong>Várady Béla</strong>, majd a második félidőben klasszikus mesterhármast elérő <strong>Puskás Lajos</strong>.

Ezzel együtt a Ferencváros hét játékossal – <strong>Géczi Istvánnal, Páncsics Miklóssal, Bálint Lászlóval, Juhász Istvánnal, Kű Lajossal, Szőke Istvánnal, Albert Flóriánnal</strong> – képviseltette magát <strong>Illovszky Rudolf</strong> ötven éve megközelíthetetlen, az Európa-bajnokság négyes döntőjébe jutó válogatottjában, sőt a belgiumi végjátékig vezető úton <strong>Vépi Péter</strong> és <strong>Branikovits László</strong> is szerepet kapott a címeres mezes csapatban. Talán csak <strong>Dóka</strong> gyúró nem volt válogatott...

<span class="highlight-block-small">Nem keltett tehát nagy meglepetést – még kicsit sem –, hogy az UEFA Kupában sorra aratta a győzelmeket az FTC.</span> Kiváltképp az akkoriban felfedezett Kű villogott: a filigrán középpályás minden fordulóban gólt szerzett. Eredményes volt a Fenerbahce (1-1), a Panioniosz (6-0), az Eintracht Braunschweig (1-1), a Zeljeznicar (2-1) és a Wolverhampton ellen (1-2) egyaránt.

<img class="aligncenter wp-image-5268 size-full" src="https://sport24.24.hu/app/uploads/sites/24/2022/07/nemzetisport_1972_04__pages33-33.jpg" alt="" width="2225" height="1235" />
<div class="payable-content-section"></div>
A Zeljónak becézett bosnyák csapattal szemben Budapesten „néma” maradt. Akár a fél házas Népstadion a meccs végén. Noha Albert gyors góljával a Ferencváros vezetett, <strong>Josip Bukal</strong> még a szünet előtt egyenlített, majd <strong>Edin Spreco</strong> fordított (1-2). Negyvenezer néző szomorkodott a lelátókon, miután az FTC igazodott az UEFA Kupa-naphoz, és csütörtököt mondott. (Szerda este az Újpest–Celtic BEK-meccset rendezték idehaza, azon is a vendég együttes győzött 2-1-re. <strong>Horváth József</strong> tizenhat méterről küldte a labdát a saját hálójába, igaz, az öngólt góllal ellensúlyozta.) A Népsport már temetett: „E váratlan vereség után kevesen vannak, akik reménykednek abban, hogy az FTC idegenben kivívja a továbbjutást.”

Rontott a helyzeten <strong>Mucha József</strong> eltiltása, valamint Juhász és Szőke sérülése, igaz, a bosnyákok „bölénye”, a 41-szeres válogatott <strong>Josip Katalinski</strong> is kisárgázta magát a Népstadionban. A szarajevói önbizalmat azonban erősítette, hogy a bajnokságban a listavezető Zeljeznicar megtörte a Maribor 30 meccses otthoni veretlenségi sorozatát (0-2), és korábban olyan csapatokat ejtett ki az UEFA Kupából, mint az FC Bruges, a Bologna, és 5-1-re kitömte azt a skót St. Johnstone-t, amely elbúcsúztatta a kilenc válogatott labdarúgóval – <strong>Tamás Gyulával, Török Péterrel, Fábián Tiborral, Vidáts Csabával, Ihász Kálmánnal, Müller Sándorral,</strong> Puskással, <strong>Farkas Jánossal,</strong> Váradyval – felvonuló Vasast.

<span class="highlight-block-small">Ám Szarajevóban, ahol csak 12 298 nézőt jegyeztek, otthonosan mozogtak honfitársaink, akár egész Jugoszláviában. </span>

A téli szünetben tizenegy magyar együttes – a Debrecen, a Diósgyőr, a Győri ETO, a Komló, az MTK, a Pécs, a Salgótarján, a Szeged, a Tatabánya, az Újpest és a ZTE – táborozott a déli szomszédban, s mintha az FTC sem érezte volna magát idegenben. Spreco hiába fejelt a hálóba, Kű egy perccel később elindította és vetődéses fejessel prímán be is fejezte a ferencvárosi ellenakciót, aztán Branikovits szintén nagyszerű fejest küldött a kilencszeres jugoszláv válogatott<strong> Slobodan Janjus</strong> hálójába (2-1). A visszavágó kétszer negyedórás hosszabbításba, majd tizenegyespárbajba torkollt, és <strong>Milan Ribar</strong>, a bosnyákok edzője a 118. percben bevetette a titkos fegyvert, <strong>Esad Ibrahimovic</strong> kapust.

Az új fiút ováció fogadta, aztán egyetlen lövést sem hárított. Novák Dezső, Páncsics, Branikovits, <strong>Megyesi István</strong>, Kű sorra a vendéglátók hálójába rúgta a labdát – három hátvéd volt a könyörtelen végrehajtók között –, míg a vendéglátók játékosai közül <strong>Bozo Jankovic</strong> mellé lőtt. Ezzel az FTC a legjobb négy közé jutott, akár a válogatott az Eb-n, mi több, döntőt is játszhatott volna, de – miként <strong>Zámbó Sándor</strong> az Európa-bajnokságon a Szovjetunió legjobbjaival szemben – Szőke Pesten és Wolverhamptonban is kihagyott egy büntetőt, így a szerencsés Wanderers vált finalistává (2-2, 1-2).

Ám az elődöntős megjelenés sem volt akármi, sőt. Ezért aztán

<span class="highlight-block-small">csak annyiban érdemes párhuzamot vonni az FTC fél évszázaddal korábbi és mostani szereplése között, hogy a párharc első mérkőzésén itthon 1-2-vel zárult a parti. </span>

Európai élmezőnyhöz tartozók és selejtezőben küszködők nyilván nem említhetők egy lapon, a Slovan mai alakulatát sem hasonlítják ahhoz a garnitúrához, amely 1969-ben Kupagyőztesek Európa Kupáját nyert a Barcelona 3-2-es legyőzésével. (A pozsonyiak közül <strong>Vencelt, Horváthot, Joklt</strong> volt balszerencsénk ismerni az év decemberéből Marseille-ből is.)

Ide tartozik, hogy az 1972-es évad kontinentális sikereihez a legtöbbször a Géczi – Novák, Páncsics, Bálint, Megyesi – Juhász, Kű – Szőke, Branikovits, Albert, Mucha tizeneggyel kiálló Ferencváros hozzátett egy trófeát: a Tatabánya fölött aratott 2-1-es győzelemmel elnyerte az MNK-t. Különleges diadal volt, kiváltképp a helyszín miatt.

A kupadöntőt ugyanis Újpesten rendezték.

[prefabricated_shortcode in_app="0" code="%3Cdiv%20class%3D%22article_box_border%22%20style%3D%22background%3A%20url%28%27https%3A%2F%2F24.p3k.hu%2Fapp%2Fuploads%2Fsites%2F24%2F2021%2F05%2Fsport24-pattern.png%27%29%20no-repeat%20left%20-16px%20%23f3f3f4%3B%20border%3A%20none%3B%22%3E%0D%0A%3Cdiv%20class%3D%22article_solidheader%22%3E%0D%0A%3Ch2%20style%3D%22color%3A%20%23111115%21important%3B%20font-size%3A%2036px%3B%20font-weight%3A%20bold%3B%20margin-bottom%3A%2030px%3B%20margin-top%3A%2020px%3B%20text-align%3A%20center%3B%20line-height%3A%2036px%3B%22%3E%3Cimg%20class%3D%22aligncenter%20size-full%20wp-image-141%22%20src%3D%22https%3A%2F%2F24.p3k.hu%2Fapp%2Fuploads%2Fsites%2F24%2F2021%2F05%2Fs24-logo-dt.png%22%20alt%3D%22%22%20width%3D%22408%22%20height%3D%2290%22%20%2F%3E%3C%2Fh2%3E%0D%0A%3Ch2%20style%3D%22color%3A%20%23111115%21important%3B%20font-size%3A%2036px%3B%20font-weight%3A%20bold%3B%20margin-bottom%3A%2030px%3B%20margin-top%3A%2020px%3B%20text-align%3A%20center%3B%20line-height%3A%2040px%3B%22%3ECsatlakozz%20a%20Sport24%20k%C3%B6z%C3%B6ss%C3%A9ghez%2C%20mondd%20el%20v%C3%A9lem%C3%A9nyedet%20z%C3%A1rt%20Facebook-csoportunkban%2C%20%C3%A9s%20vegy%C3%A9l%20r%C3%A9szt%20csak%20el%C5%91fizet%C5%91knek%20el%C3%A9rhet%C5%91%20exkluz%C3%ADv%20esem%C3%A9nyeinken.%3C%2Fh2%3E%0D%0A%3C%2Fdiv%3E%0D%0A%3Cp%20style%3D%22background%3A%20%2357A600%3B%20margin-top%3A%2020px%3B%20padding%3A%2020px%3B%20text-align%3A%20center%3B%22%3E%3Ca%20style%3D%22color%3A%20%23ffffff%3B%20font-size%3A%2026px%3B%20font-weight%3A%20600%3B%22%20href%3D%22https%3A%2F%2Fwww.facebook.com%2Fgroups%2F212344460412327%22%3ECSATLAKOZOM%3C%2Fa%3E%3C%2Fp%3E%0D%0A%0D%0A%3C%2Fdiv%3E"]
