{"version":"1.0","provider_name":"Sport24","provider_url":"https:\/\/sport24.24.hu","author_name":"Dajka Bal\u00e1zs","author_url":"https:\/\/sport24.24.hu\/author\/dajkab\/","title":"Akinek nem tetszik Szalai, az n\u00e9zze Belottit! - leoszt\u00e1lyoztuk az olasz-magyar j\u00e1t\u00e9kosait","html":"<em>Olaszorsz\u00e1g:<\/em>\r\n\r\n<strong>Donnarumma<\/strong> v\u00e9gigmosolyogta a meccs ut\u00e1ni interj\u00fat, de a p\u00e1ly\u00e1n nem laz\u00e1zott: amikor kellett, stoppolt. K\u00e9t ekkora teny\u00e9rrel ez a minimum. (6,5)\r\n\r\n<strong>Calabria<\/strong> = energia. A v\u00e9delem jobb oldal\u00e1n \u0151 az ide\u00e1lis ember az olasz v\u00e1logatottban, ezt tegnap bizony\u00edtotta. El\u00f6l is ott volt, h\u00e1tul is ott volt, mindenhol ott volt. (7)\r\n\r\n<strong>Mancini<\/strong> gyakran statikus \u00e9s \u00fcgyetlen \u2013 igaz, huszon\u00e9vesen <strong>Chiellini<\/strong> is annak t\u0171nt. Az \u00f6ng\u00f3lja mellett is volt p\u00e1r hajmereszt\u0151 megold\u00e1sa. (4,5)\r\n\r\n<strong>Bastoni.<\/strong> T\u00e1mad\u00e1sban t\u00f6bbet v\u00e1rtunk t\u0151le, cser\u00e9be volt n\u00e9h\u00e1ny sz\u00e9p megold\u00e1sa: eleg\u00e1ns galopp, oldalvonal mell\u00e9 passz\u00edroz\u00e1s, sarkal\u00e1s. K\u00fal. (6)\r\n\r\n<strong>Spinazzola<\/strong> minden megmozdul\u00e1sa \u00e9lm\u00e9nysz\u00e1mba ment, a fel\u00e9p\u00fcl\u00e9se \u00f3ta most el\u0151sz\u00f6r hozta a r\u00e1 jellemz\u0151 k\u00f6nnyed, kisz\u00e1m\u00edthatatlan focit. Olaszorsz\u00e1g n\u00e9lk\u00fcle nem ugyanaz a csapat. (7)\r\n\r\n<strong>Barella<\/strong> g\u00f3lja barell\u00e1s volt, de ez\u00fattal kicsit mintha tartal\u00e9kolt volna. Persze, most sem hazudtolta meg \u00f6nmag\u00e1t, takar\u00e9kon is k\u00e9pes volt \u00f6sszeszedni egy s\u00e1rg\u00e1t. (6)\r\n\r\n[caption id=\"attachment_4841\" align=\"alignnone\" width=\"1024\"]<img class=\"wp-image-4841 size-large\" src=\"https:\/\/sport24.24.hu\/app\/uploads\/sites\/24\/2022\/06\/barella-1024x576.jpg\" alt=\"\" width=\"1024\" height=\"576\" \/> Barella (k\u00e9k mezben) pazar l\u00f6v\u00e9ssel szerzett vezet\u00e9st az olaszoknak. Fot\u00f3: Illy\u00e9s Tibor \/ MTI[\/caption]\r\n\r\n<strong>Cristante<\/strong> szok\u00e1s szerint robotm\u00f3dban tolta. Senki nem tapsol, amikor a kezd\u0151k k\u00f6z\u00f6tt sorolj\u00e1k fel a nev\u00e9t, de a lef\u00faj\u00e1s ut\u00e1n \u00e1ltal\u00e1ban mindenki \u00f6r\u00fcl, hogy v\u00e9gig ott volt a p\u00e1ly\u00e1n. (6)\r\n\r\n<strong>Pellegrini<\/strong> m\u00e9rlege k\u00e9t meccs, k\u00e9t g\u00f3l. Form\u00e1ban van, \u00e9lvezi a futballt, kicsit a r\u00e9gi id\u0151ket id\u00e9zi a peng\u00e9s (micsoda kivesz\u0151ben l\u00e9v\u0151 jelz\u0151) j\u00e1t\u00e9k\u00e1val. Peng\u00e9s, mint <strong>Giannini<\/strong>! (7)\r\n\r\n<strong>Politano<\/strong>. K\u00e9tlem, hogy \u0151 lesz hossz\u00fa t\u00e1von az olasz v\u00e1logatott jobbsz\u00e9ls\u0151je, de a <strong>Szalainak<\/strong> adott k\u00f6t\u00e9ny + g\u00f3lpassz komb\u00f3, illetve az a fels\u0151 l\u00e9c klassz volt. Rem\u00e9lj\u00fck, felvette a meccset DVD-re. (7)\r\n\r\n<strong>Raspadori<\/strong>. Okosan osztogatott visszavont centerk\u00e9nt, sokkal jobban mutatott ebben a poz\u00edci\u00f3ban, mint p\u00e9ld\u00e1ul <strong>Insigne<\/strong>. Hogy m\u00e1sokat ne is eml\u00edts\u00fcnk. (6,5)\r\n\r\n<strong>Gnonto.<\/strong> M\u00e1r az els\u0151 megmozdul\u00e1s\u00e1n\u00e1l \u0151rj\u00f6ngeni kezdett a Manuzzi k\u00f6z\u00f6ns\u00e9ge, \u00e9s t\u00e9nyleg van benne valami szerethet\u0151. A mozg\u00e1sa, a testalkata, az eg\u00e9sz kisug\u00e1rz\u00e1sa. Kamaszosan vag\u00e1ny, focib\u00f3l m\u00e1r r\u00e9g megvan az \u00e9retts\u00e9gije, l\u00e1ssuk a t\u00f6bbit. (6)\r\n\r\n<strong>Locatelli<\/strong> mintha megrekedt volna egy szinten. Tavaly friss leveg\u0151t hozott mag\u00e1val, ehhez k\u00e9pest most legt\u00f6bbsz\u00f6r er\u0151lk\u00f6dik, remeg a l\u00e1ba. Ez f\u00e9l \u00f3ra alatt is l\u00e1tszott. Drukkolok. (5,5)\r\n\r\n<strong>Belotti<\/strong> egy rossz vicc. Ahogy sz\u00e9les mozdulatokkal szerencs\u00e9tlenkedett a kezd\u0151k\u00f6rben, majd \u00edg\u00e9retes helyzetben a b\u00edr\u00f3ba bik\u00e1zta a labd\u00e1t, r\u00f6gt\u00f6n felpontoztuk a kispadon \u00fcl\u0151 Raspadorit. Nem \u00e9rdemes \u0151t tov\u00e1bb er\u0151ltetni. (5)\r\n\r\n<strong>Di Marco<\/strong> tipikus cserefocista, a <strong>Benarrivo<\/strong>\u2013<strong>Maggio<\/strong>\u2013<strong>De Sciglio<\/strong> vonalr\u00f3l, csak t\u00f6bb a tetk\u00f3ja. Sz\u00fcks\u00e9g van r\u00e1, a focit tizenegyen j\u00e1tssz\u00e1k + \u00fajabban \u00f6t\u00f6t lehet cser\u00e9lni. (-)\r\n<div class=\"payable-content-section\"><\/div>\r\n<em>Magyarorsz\u00e1g:<\/em>\r\n\r\n<strong>Dibusz<\/strong> nagyot v\u00e9dett Mancini fejes\u00e9n\u00e9l, a g\u00f3lokr\u00f3l nem tehetett. Ezt \u00edrja majd a N\u00e9psport. A La Gazzetta szerint nem lehet \u00f6sszehasonl\u00edtani <strong>Gul\u00e1csival<\/strong>. Nem is kell. (6)\r\n\r\n<strong>Lang<\/strong> a k\u00ednos kolozsv\u00e1ri kit\u00e9r\u0151 \u00f3ta nagyon \u00f6sszeszedte mag\u00e1t. N\u00e9h\u00e1ny \u00e9vvel ezel\u0151tt nem gondoltam volna, hogy egy olaszok elleni meccset ilyen sim\u00e1n lehoz. (6)\r\n\r\n<strong>Orb\u00e1n<\/strong> \u00e1llta legjobban a sarat az olasz csat\u00e1rokkal szemben, l\u00e1tszik rajta, hogy a Bundeslig\u00e1ban h\u00e9tr\u0151l h\u00e9tre pr\u00f3b\u00e1ra teszik. Milyen k\u00e1r, hogy a v\u00e1logatottban sosem j\u00e1tszhatott egy\u00fctt <strong>Juh\u00e1sz Rolanddal<\/strong>. (6,5)\r\n\r\n<strong>Szalai<\/strong>. Eml\u00e9kszik m\u00e9g valaki <strong>Palaczky J\u00e1nosra<\/strong>? Szeg\u00e9ny p\u00e9csi balh\u00e1tv\u00e9det egy 1991-es vb-selejtez\u0151n m\u00e1r a 33. perc\u00e9ben le kellett cser\u00e9lni Salern\u00f3ban, miut\u00e1n <strong>Donadoni<\/strong> k\u00e9t g\u00f3lt r\u00fagott r\u00f3la. Na, h\u00e1t Szalai enn\u00e9l az\u00e9rt jobb volt. Valamivel. (4,5)\r\n\r\n<strong>Nego<\/strong> hozta mag\u00e1t. T\u00e1mad\u00e1sban voltak sz\u00e9p ritmusv\u00e1lt\u00e1sai, egyszer pedig g\u00f3lt\u00f3l mentett meg benn\u00fcnket, Gnonto f\u00f6ldbe d\u00f6ng\u00f6l\u00e9s\u00e9vel. Pedig neki volt a legnehezebb dolga az olaszok balsz\u00e1rnya miatt. Igaz, ami igaz, Spinazzola p\u00e1rszor t\u00e9nyleg megkeverte. (6)\r\n\r\n<strong>Nagy \u00c1d\u00e1m<\/strong> nem tudta l\u00e9trehozni a kapcsolatot a v\u00e9delem \u00e9s a t\u00e1mad\u00f3k k\u00f6z\u00f6tt. S\u0151t, volt n\u00e9h\u00e1ny elk\u00e9peszt\u0151en rossz passza is. Mintha m\u00e1gnesk\u00e9nt vonzotta volna az oldalvonal. Nagy kedvencem, de ez tegnap nagyon kev\u00e9s volt, eln\u00e9z\u00e9st. (4,5)\r\n\r\n<strong>Sch\u00e4fer<\/strong>. A legizgalmasabb magyar j\u00e1t\u00e9kos, minden \u00e9rzelem azonnal ki\u00fcl az arc\u00e1ra, f\u00e1jdalom, d\u00fch, lelkes\u00fclts\u00e9g. Egyre jobban hasonl\u00edt <strong>D\u00e1rdaihoz<\/strong> a j\u00e1t\u00e9kst\u00edlusa, hihetetlen\u00fcl sokat v\u00e1llalt, m\u00e9gsem rokkant bele. (6,5)\r\n\r\n<strong>Nagy Zsolt<\/strong> nem csin\u00e1lt semmi l\u00e1tv\u00e1nyosat, de valahogy mindig a legegyszer\u0171bb, j\u00f3 d\u00f6nt\u00e9st hozta meg. Az \u0151 j\u00e1t\u00e9ka a <strong>Rossi<\/strong>-\u00e9ra egyik legkellemesebb meglepet\u00e9se. (6)\r\n\r\n<strong>Sallai<\/strong> volt a legvesz\u00e9lyesebb magyar futballista ezen a m\u00e9rk\u0151z\u00e9sen, igaz\u00e1n meg\u00e9rdemelt volna egy g\u00f3lt. (6,5)\r\n\r\n<strong>Szoboszlai<\/strong> a hajr\u00e1ban megpr\u00f3b\u00e1lta \u00e1t\u00edvelni Donnarumma feje f\u00f6l\u00f6tt a labd\u00e1t, de ez az\u00e9rt <strong>Ronaldinh\u00f3nak<\/strong> jobban ment. Szoboszlainak egy\u00e1ltal\u00e1n nem ment, mintha kedve sem lett volna igaz\u00e1n. (5)\r\n\r\n<strong>Szalai<\/strong> ez\u00fattal sem csillogtatta technikai k\u00e9pess\u00e9geit, \u00e9s alighanem \u00fajrakezd\u0151dik majd a r\u00e9gi n\u00f3ta: mit keres a v\u00e1logatottban? A v\u00e1laszom: akinek nem tetszik Szalai, az n\u00e9zze Belottit. (5)\r\n\r\n<strong>Fiola<\/strong> be\u00e1ll\u00e1sa meglepte az olaszokat, Mancini be is b\u00e9n\u00e1zta a v\u00e9d\u0151 sehov\u00e1 sem tart\u00f3 bead\u00e1s\u00e1t. A magyar Calabria ezen k\u00edv\u00fcl is j\u00f3l mutatott. \u201eZavarta az Azzurrit\u201d \u2013 \u00edrta r\u00f3la a Gazzetta. Micsoda dics\u00e9ret! (6,5)\r\n\r\n<strong>Styles<\/strong> becser\u00e9l\u00e9se is telital\u00e1lat volt, sokkal hat\u00e1rozottabban \u00e9s gyorsabban j\u00e1tszott, mint Nagy \u00c1d\u00e1m. M\u00e9g a v\u00e9g\u00e9n \u0151 lesz \u00faj kedvencem! (6,5)","type":"rich","thumbnail_url":"https:\/\/s.24.hu\/app\/uploads\/sites\/24\/2022\/06\/szalaiad-150x150.jpg","thumbnail_width":150,"thumbnail_height":150}

Dajka Balázs

Akinek nem tetszik Szalai, az nézze Belottit! - leosztályoztuk az olasz-magyar játékosait

<em>Olaszország:</em>

<strong>Donnarumma</strong> végigmosolyogta a meccs utáni interjút, de a pályán nem lazázott: amikor kellett, stoppolt. Két ekkora tenyérrel ez a minimum. (6,5)

<strong>Calabria</strong> = energia. A védelem jobb oldalán ő az ideális ember az olasz válogatottban, ezt tegnap bizonyította. Elöl is ott volt, hátul is ott volt, mindenhol ott volt. (7)

<strong>Mancini</strong> gyakran statikus és ügyetlen – igaz, huszonévesen <strong>Chiellini</strong> is annak tűnt. Az öngólja mellett is volt pár hajmeresztő megoldása. (4,5)

<strong>Bastoni.</strong> Támadásban többet vártunk tőle, cserébe volt néhány szép megoldása: elegáns galopp, oldalvonal mellé passzírozás, sarkalás. Kúl. (6)

<strong>Spinazzola</strong> minden megmozdulása élményszámba ment, a felépülése óta most először hozta a rá jellemző könnyed, kiszámíthatatlan focit. Olaszország nélküle nem ugyanaz a csapat. (7)

<strong>Barella</strong> gólja barellás volt, de ezúttal kicsit mintha tartalékolt volna. Persze, most sem hazudtolta meg önmagát, takarékon is képes volt összeszedni egy sárgát. (6)

[caption id="attachment_4841" align="alignnone" width="1024"]<img class="wp-image-4841 size-large" src="https://sport24.24.hu/app/uploads/sites/24/2022/06/barella-1024x576.jpg" alt="" width="1024" height="576" /> Barella (kék mezben) pazar lövéssel szerzett vezetést az olaszoknak. Fotó: Illyés Tibor / MTI[/caption]

<strong>Cristante</strong> szokás szerint robotmódban tolta. Senki nem tapsol, amikor a kezdők között sorolják fel a nevét, de a lefújás után általában mindenki örül, hogy végig ott volt a pályán. (6)

<strong>Pellegrini</strong> mérlege két meccs, két gól. Formában van, élvezi a futballt, kicsit a régi időket idézi a pengés (micsoda kiveszőben lévő jelző) játékával. Pengés, mint <strong>Giannini</strong>! (7)

<strong>Politano</strong>. Kétlem, hogy ő lesz hosszú távon az olasz válogatott jobbszélsője, de a <strong>Szalainak</strong> adott kötény + gólpassz kombó, illetve az a felső léc klassz volt. Reméljük, felvette a meccset DVD-re. (7)

<strong>Raspadori</strong>. Okosan osztogatott visszavont centerként, sokkal jobban mutatott ebben a pozícióban, mint például <strong>Insigne</strong>. Hogy másokat ne is említsünk. (6,5)

<strong>Gnonto.</strong> Már az első megmozdulásánál őrjöngeni kezdett a Manuzzi közönsége, és tényleg van benne valami szerethető. A mozgása, a testalkata, az egész kisugárzása. Kamaszosan vagány, fociból már rég megvan az érettségije, lássuk a többit. (6)

<strong>Locatelli</strong> mintha megrekedt volna egy szinten. Tavaly friss levegőt hozott magával, ehhez képest most legtöbbször erőlködik, remeg a lába. Ez fél óra alatt is látszott. Drukkolok. (5,5)

<strong>Belotti</strong> egy rossz vicc. Ahogy széles mozdulatokkal szerencsétlenkedett a kezdőkörben, majd ígéretes helyzetben a bíróba bikázta a labdát, rögtön felpontoztuk a kispadon ülő Raspadorit. Nem érdemes őt tovább erőltetni. (5)

<strong>Di Marco</strong> tipikus cserefocista, a <strong>Benarrivo</strong>–<strong>Maggio</strong>–<strong>De Sciglio</strong> vonalról, csak több a tetkója. Szükség van rá, a focit tizenegyen játsszák + újabban ötöt lehet cserélni. (-)
<div class="payable-content-section"></div>
<em>Magyarország:</em>

<strong>Dibusz</strong> nagyot védett Mancini fejesénél, a gólokról nem tehetett. Ezt írja majd a Népsport. A La Gazzetta szerint nem lehet összehasonlítani <strong>Gulácsival</strong>. Nem is kell. (6)

<strong>Lang</strong> a kínos kolozsvári kitérő óta nagyon összeszedte magát. Néhány évvel ezelőtt nem gondoltam volna, hogy egy olaszok elleni meccset ilyen simán lehoz. (6)

<strong>Orbán</strong> állta legjobban a sarat az olasz csatárokkal szemben, látszik rajta, hogy a Bundesligában hétről hétre próbára teszik. Milyen kár, hogy a válogatottban sosem játszhatott együtt <strong>Juhász Rolanddal</strong>. (6,5)

<strong>Szalai</strong>. Emlékszik még valaki <strong>Palaczky Jánosra</strong>? Szegény pécsi balhátvédet egy 1991-es vb-selejtezőn már a 33. percében le kellett cserélni Salernóban, miután <strong>Donadoni</strong> két gólt rúgott róla. Na, hát Szalai ennél azért jobb volt. Valamivel. (4,5)

<strong>Nego</strong> hozta magát. Támadásban voltak szép ritmusváltásai, egyszer pedig góltól mentett meg bennünket, Gnonto földbe döngölésével. Pedig neki volt a legnehezebb dolga az olaszok balszárnya miatt. Igaz, ami igaz, Spinazzola párszor tényleg megkeverte. (6)

<strong>Nagy Ádám</strong> nem tudta létrehozni a kapcsolatot a védelem és a támadók között. Sőt, volt néhány elképesztően rossz passza is. Mintha mágnesként vonzotta volna az oldalvonal. Nagy kedvencem, de ez tegnap nagyon kevés volt, elnézést. (4,5)

<strong>Schäfer</strong>. A legizgalmasabb magyar játékos, minden érzelem azonnal kiül az arcára, fájdalom, düh, lelkesültség. Egyre jobban hasonlít <strong>Dárdaihoz</strong> a játékstílusa, hihetetlenül sokat vállalt, mégsem rokkant bele. (6,5)

<strong>Nagy Zsolt</strong> nem csinált semmi látványosat, de valahogy mindig a legegyszerűbb, jó döntést hozta meg. Az ő játéka a <strong>Rossi</strong>-éra egyik legkellemesebb meglepetése. (6)

<strong>Sallai</strong> volt a legveszélyesebb magyar futballista ezen a mérkőzésen, igazán megérdemelt volna egy gólt. (6,5)

<strong>Szoboszlai</strong> a hajrában megpróbálta átívelni Donnarumma feje fölött a labdát, de ez azért <strong>Ronaldinhónak</strong> jobban ment. Szoboszlainak egyáltalán nem ment, mintha kedve sem lett volna igazán. (5)

<strong>Szalai</strong> ezúttal sem csillogtatta technikai képességeit, és alighanem újrakezdődik majd a régi nóta: mit keres a válogatottban? A válaszom: akinek nem tetszik Szalai, az nézze Belottit. (5)

<strong>Fiola</strong> beállása meglepte az olaszokat, Mancini be is bénázta a védő sehová sem tartó beadását. A magyar Calabria ezen kívül is jól mutatott. „Zavarta az Azzurrit” – írta róla a Gazzetta. Micsoda dicséret! (6,5)

<strong>Styles</strong> becserélése is telitalálat volt, sokkal határozottabban és gyorsabban játszott, mint Nagy Ádám. Még a végén ő lesz új kedvencem! (6,5)
