{"version":"1.0","provider_name":"Sport24","provider_url":"https:\/\/sport24.24.hu","author_name":"Dajka Bal\u00e1zs","author_url":"https:\/\/sport24.24.hu\/author\/dajkab\/","title":"Se nem Pogba, se nem Kant\u00e9, m\u00e9gis mindkett\u0151re hajaz. Ki az?","html":"Az egy k\u00fcl\u00f6n tanulm\u00e1nyt meg\u00e9r, hogy a komoly m\u00falt\u00fa francia klub, a Girondins de Bordeaux a cs\u0151d fel\u00e9 tart. Az egyes\u00fclet sz\u00e1mtalan bakl\u00f6v\u00e9se miatt \u00e9pp a francia m\u00e1sodoszt\u00e1ly fel\u00e9 zuhan, \u00e9s ha a rangsort kellene \u00e1ll\u00edtani a legrosszabb d\u00f6nt\u00e9seikr\u0151l, biztosan k\u00f6zt\u00fck lenne, amikor 2021 janu\u00e1rj\u00e1ban 20 milli\u00f3 eur\u00f3\u00e9rt elengedt\u00e9k <strong>Aur\u00e9lien Tchouam\u00e9nit<\/strong> (ejtsd: csu\u00e1m\u00e9ni) az AS Monacohoz.\r\n\r\nAz az\u00f3ta eltelt k\u00e9t \u00e9vben Tchouam\u00e9ni kivir\u00e1gzott, \u00e9s \u00fagy t\u0171nik, h\u00f3napr\u00f3l-h\u00f3napra emeli a t\u00e9tet: el\u0151sz\u00f6r a Monaco alapembere lett, k\u00e9s\u0151bb beh\u00edv\u00f3t kapott a francia v\u00e1logatottba, amellyel azt\u00e1n megnyerte a 2021-es Nemzetek Lig\u00e1j\u00e1t, \u00e9s k\u00e9ts\u00e9gtelen\u00fcl ott lesz a 2022-es katari vil\u00e1gbajnoks\u00e1gon is.\r\n\r\nThcouam\u00e9ni r\u00e1n\u00e9z\u00e9sre egy robusztus, atletikus, m\u00e9gis pontos \u00e9s kim\u00e9rt j\u00e1t\u00e9kosnak t\u0171nik. A Bordeaux-ban a fiatalok k\u00f6z\u00f6tt m\u00e9g ir\u00e1ny\u00edt\u00f3t \u00e9s csat\u00e1rt j\u00e1tszott, az \u00e9vek alatt azt\u00e1n egyre h\u00e1tr\u00e9bb sorolt\u00e1k, v\u00e9g\u00fcl a k\u00f6z\u00e9pp\u00e1ly\u00e1n vetette meg a l\u00e1b\u00e1t. Megj\u00e1rta a koroszt\u00e1lyos v\u00e1logatottak \u00f6sszes fok\u00e1t, az U16-t\u00f3l az U20-ig. A Bordeaux-ban <strong>Gustavo Poyet<\/strong> pr\u00f3b\u00e1lta ki a feln\u0151ttek k\u00f6z\u00f6tt, amikor is azt nyilatkozta <a href=\"https:\/\/girondins4ever.com\/breves\/20180908\/263667-gustavo-poyet-aurelien-tchouameni-il-a-un-futur-extraordinaire\/\">r\u00f3la<\/a>:\r\n<blockquote>A labd\u00e1t elk\u00e9peszt\u0151 k\u00f6nnyeds\u00e9ggel gy\u0171jti be. Volt, hogy csak kiny\u00fajtotta a l\u00e1b\u00e1t, \u00e9s \u00e9n egyszer\u0171en nem \u00e9rtettem, hogy tudta ilyen egyszer\u0171en megszerezni<\/blockquote>\r\nTchouam\u00e9ni viszont sokkal t\u00f6bb, mint egy egyszer\u0171 labdaszerz\u0151 k\u00f6z\u00e9pp\u00e1ly\u00e1s.\r\n\r\n187 centij\u00e9hez 80 kil\u00f3 t\u00e1rsul, a fizikai adotts\u00e1gait tekintve r\u00e9m\u00e1lom ellene j\u00e1tszani. Ha nincs n\u00e1la a labda, akkor oda\u00e9r, p\u00e1rharcot v\u00edv, becs\u00faszik vagy lef\u00fclel, elk\u00e9peszt\u0151 ter\u00fcletet fed le, mik\u00f6zben a labd\u00e1val is mintha mindig a helyes d\u00f6nt\u00e9st hozn\u00e1 meg. <strong>Paul Pogb\u00e1hoz<\/strong> hasonl\u00f3an agilis, szeret hossz\u00fa passzokat osztogatni, a sz\u00e9lek fel\u00e9 tereli j\u00e1t\u00e9kot, \u00e9s b\u00e1r szeret \u0151 is megl\u00f3dulni a labd\u00e1val, m\u00e9gis biztons\u00e1gibb j\u00e1t\u00e9kos, sz\u0171k helyeken nem v\u00e1llal kock\u00e1zatot.\r\n\r\n<strong>N'Golo Kant\u00e9val<\/strong> annyi a k\u00f6z\u00f6s benne, hogy mozg\u00e9konys\u00e1ga mellett im\u00e1d labd\u00e1kat gerebly\u00e9zni az ellenf\u00e9lt\u0151l, a kontralehet\u0151s\u00e9gekn\u00e9l viszont kevesebbet ragadja mag\u00e1hoz a labd\u00e1t, ink\u00e1bb a passzj\u00e1t\u00e9k\u00e1val t\u0171nik ki. A j\u00e1t\u00e9ka \u00e9rett, nyugodt, keveset hib\u00e1zik, m\u00e9gsem alibizik a p\u00e1ly\u00e1n.\r\n\r\nCsakhogy Tchouam\u00e9ni mind\u00f6ssze 22 \u00e9ves. A 2000-es Eur\u00f3pa-bajnoks\u00e1g el\u0151tt sz\u00fcletett n\u00e9h\u00e1ny h\u00f3nappal.\r\n\r\nAmikor a Monacoh\u00f3z ker\u00fclt, kezdetben nem is t\u0171nt ki a mez\u0151nyb\u0151l. \u00c9despja szerint fia k\u00e9szp\u00e9nznek vette a sikert, \u00e9s t\u00fals\u00e1gosan megel\u00e9gedett az akkori helyzet\u00e9vel. \u201eDecemberben azt\u00e1n le\u00fclt\u00fcnk \u00e9s egy kicsit megr\u00e1ztam\u201d \u2013 <a href=\"https:\/\/www.francefootball.fr\/news\/Equipe-de-france-espoirs-young-king-mauvais-perdant-la-nba-l-amerique-aurelien-tchouamso-tchouameni-raconte-par-ses-proches\/1235886\">magyar\u00e1zta<\/a> Tchouam\u00e9ni apja, <strong>Fernand<\/strong>.\r\n\r\n\u201e\u00dagy l\u00e1ttam, hogy szeptember-okt\u00f3berben alulteljes\u00edtett \u00e9s kevesebbel is be\u00e9rte. A kar\u00e1csonyi \u00fcnnepek alatt \u00e1th\u00edvtam magunkhoz, \u00e9s kettesben elbesz\u00e9lgett\u00fcnk t\u00f6bb mint k\u00e9t \u00f3r\u00e1t.\r\n<blockquote>Azt mondtam, hogy nem ismerek r\u00e1, hogy egy k\u00f6z\u00e9pszer\u0171 j\u00e1t\u00e9kos lett. \u00dagy l\u00e1ttam, hogy nem tesz er\u0151fesz\u00edt\u00e9seket a siker \u00e9rdek\u00e9ben. Amikor v\u00e9ge lett a besz\u00e9lget\u00e9snek, azt mondta: \u00bbmajd megl\u00e1tod\u00ab<\/blockquote>\r\n<div class=\"payable-content-section\"><\/div>\r\nTal\u00e1n ez a besz\u00e9lget\u00e9s ind\u00edtotta be igaz\u00e1n a karrierj\u00e9t. A Monaco abban az id\u00e9nyben meseszer\u0171 f\u00e9l\u00e9vet z\u00e1rt, <strong>Niko Kovac<\/strong> ir\u00e1ny\u00edt\u00e1sa alatt eg\u00e9szen el\u0151kel\u0151 helyre k\u00fczd\u00f6tt\u00e9k fel magukat, 23 meccsb\u0151l csak kett\u0151t vesztettek el. Abban a szezonban mindenkin\u00e9l t\u00f6bb labdaszerz\u00e9st hajtott v\u00e9gre (257), \u00e9s k\u00f6zben az \u00c9v fiatal tehets\u00e9g\u00e9nek is megv\u00e1lasztott\u00e1k.\r\n\r\nJutalomk\u00e9nt a francia v\u00e1logatottban is bemutatkozhatott. <strong>Didier Deschamps<\/strong> sz\u00f6vets\u00e9gi kapit\u00e1ny el\u0151sz\u00f6r egy Bosznia-Hercegovina elleni meccsre h\u00edvta be, \u00e9s val\u00f3sz\u00edn\u0171leg \u00fagy m\u00e9rlegelt, hogy k\u00e9t posztriv\u00e1lisa, <strong>Corentin Tolisso<\/strong> \u00e9s <strong>Tanguy Ndombele<\/strong> t\u00fals\u00e1gosan is form\u00e1n k\u00edv\u00fcl j\u00e1tszanak.\r\n\r\n\u201eAz\u00e9rt v\u00e1lasztottam Tchouam\u00e9nit, mert l\u00e1tom benne a potenci\u00e1lt\u201d\u2013 mondta Deschamps. \u201eMost bebizony\u00edtotta, hogy itt a helye, \u00e9s m\u00e1r az els\u0151 meccs\u00e9n is remek\u00fcl j\u00e1tszott. Mostan\u00e1ban van p\u00e1r \u00faj j\u00e1t\u00e9kos. Aur\u00e9lien p\u00e9lda lehet nekik, hogy mit v\u00e1runk el t\u0151l\u00fck\u201d.\r\n\r\nTchouam\u00e9ni \u00e9retts\u00e9ge nemcsak a p\u00e1ly\u00e1n, de a viselked\u00e9s\u00e9ben is felt\u0171n\u0151. \u00c9desapja egy olt\u00e1si anyagokat gy\u00e1rt\u00f3 \u00fczemet vezet, \u00e9desanyja oktat\u00e1si tan\u00e1csad\u00f3, mindketten arra \u00f6szt\u00f6n\u00f6zt\u00e9k, hogy tegye le a Franciaorsz\u00e1gban alapnak sz\u00e1m\u00edt\u00f3 \u00e9retts\u00e9git (Bac S),\r\n\r\n<span class=\"highlight-block-small\">mindezt egy olyan \u00e9vben, amikor mellette az U17-es vil\u00e1gbajnoks\u00e1gon is szerepelt, \u00e9s a Bordeaux-val is al\u00e1\u00edrta \u00e9lete els\u0151 profi szerz\u0151d\u00e9s\u00e9t.<\/span>\r\n\r\nA kim\u00e9rts\u00e9ghez al\u00e1zat is t\u00e1rsul. Amikor Tchouam\u00e9nit beh\u00edvt\u00e1k a v\u00e1logatottba, egyb\u0151l monac\u00f3i csapatt\u00e1rs\u00e1hoz,<strong> Cesc Fabregashoz<\/strong> fordult, hogy elk\u00e9rje a v\u00e1logatott \u00e9s az Arsenal kor\u00e1bbi k\u00f6z\u00e9pp\u00e1ly\u00e1s legend\u00e1j\u00e1nak, <strong>Patrick Vieir\u00e1nak<\/strong> a telefonsz\u00e1m\u00e1t. Tan\u00e1csokat k\u00e9rt t\u0151le, hogy mire sz\u00e1m\u00edtson majd a v\u00e1logatottban.\r\n\r\nhttps:\/\/twitter.com\/beinsports_FR\/status\/1432431427539374085\r\n\r\n\u201eVieir\u00e1ra abszol\u00fat referenciak\u00e9nt tekintek, k\u00edv\u00e1ncsi voltam a v\u00e9lem\u00e9ny\u00e9re\u201d \u2013 mondta Tchouam\u00e9ni. \u201eEz\u00faton is k\u00f6sz\u00f6n\u00f6m neki, hogy tan\u00e1csokkal l\u00e1tott el, igyekszem majd megfogadni \u0151ket. Sokat besz\u00e9lgett\u00fcnk taktik\u00e1r\u00f3l, elmondta, milyen benyom\u00e1sokkal van r\u00f3lam, mit kell tennem, hogy a karrierem megfelel\u0151 mederben folyjon tov\u00e1bb\u201d.\r\n\r\nAz els\u0151 siker pedig nem is v\u00e1ratott nagyon mag\u00e1ra. A 2021-es Nemzetek Lig\u00e1ja n\u00e9gyes d\u00f6nt\u0151j\u00e9n \u0151 is tagja volt annak a francia csapatnak, amely \u00faj alaptaktik\u00e1val (a 4-2-3-1-et felv\u00e1ltotta a 3-4-1-2), \u00e9s remek form\u00e1ban j\u00e1tsz\u00f3 tagjaival (<strong>Theo Hern\u00e1ndez<\/strong>, <strong>Jules Kound\u00e9<\/strong> \u00e9s maga Tchouam\u00e9ni) elh\u00f3d\u00edtotta v\u00e9g\u00fcl <a href=\"https:\/\/sport24.24.hu\/foci\/2021\/11\/19\/francia-valogatott-vb-selejtezo-didier-deschamps\/\">a tr\u00f3fe\u00e1t<\/a>.\r\n\r\n<span class=\"highlight-block-small\">Tchouam\u00e9ninek k\u00e9t alul\u00e9rt\u00e9kelt tulajdons\u00e1ga van.<\/span>\r\n\r\nAz egyik a sokoldal\u00fas\u00e1ga, aminek k\u00f6sz\u00f6nhet\u0151en egyar\u00e1nt j\u00f3l \u00e9rzi mag\u00e1t k\u00e9t- vagy h\u00e1romf\u0151s k\u00f6z\u00e9pp\u00e1ly\u00e1n \u2013 emiatt azt\u00e1n neh\u00e9z is \u0151t egy pontos szerepk\u00f6r szerint beskatuly\u00e1zni. Ha kell, a v\u00e1logatottban Paul Pogba mellett alkot egy kiegyens\u00falyozott duplasz\u0171r\u0151t, m\u00e1skor egy h\u00e1romf\u0151s, m\u00e9lyebb k\u00f6z\u00e9pp\u00e1ly\u00e1s szerepk\u00f6rben is k\u00e9nyelmesen elir\u00e1ny\u00edt, \u00e9s labd\u00e1kat cs\u00e1k\u00e1nyoz az ellenfelek l\u00e1b\u00e1r\u00f3l.\r\n\r\nAmi m\u00e9gis rendk\u00edv\u00fcliv\u00e9 teszi, az a j\u00e1t\u00e9kl\u00e1t\u00e1sa. A feje szinte folyton j\u00e1r, egy-egy passz el\u0151tt m\u00e1r t\u00f6bbsz\u00f6r is felm\u00e9rte maga k\u00f6r\u00fcl a teret, ez\u00e9rt pontosan tudja, ki \u00e9s hol helyezkedik hozz\u00e1 k\u00e9pest. Tchouam\u00e9ni nagyon ritk\u00e1n hib\u00e1zik, nem csoda, hogy r\u00f6vid passzait 90 sz\u00e1zal\u00e9kos, a hossz\u00faakat 77 sz\u00e1zal\u00e9kos pontoss\u00e1ggal hozza le.\r\n\r\n[caption id=\"attachment_4187\" align=\"alignnone\" width=\"1024\"]<img class=\"wp-image-4187 size-large\" src=\"https:\/\/sport24.24.hu\/app\/uploads\/sites\/24\/2022\/04\/csuam-1024x576.jpg\" alt=\"\" width=\"1024\" height=\"576\" \/> Az Elef\u00e1ntcsontpart elleni felk\u00e9sz\u00fcl\u00e9si meccsen megszerezte els\u0151 g\u00f3lj\u00e1t a francia v\u00e1logatottban[\/caption]\r\n\r\nHi\u00e1nyoss\u00e1gai ett\u0151l f\u00fcggetlen\u00fcl neki is vannak: kev\u00e9s g\u00f3l- \u00e9s g\u00f3lpassz f\u0171z\u0151dik a nev\u00e9hez, de ez nem a teljes\u00edtm\u00e9ny\u00e9t, hanem a szerepk\u00f6r\u00e9t \u00edrja le. Tchouam\u00e9ninek az el\u0151k\u00e9sz\u00edt\u00e9sben, a labdaj\u00e1rat\u00e1saban \u00e9s a biztos\u00edt\u00e1sban kell kit\u0171nnie \u2013 \u00e9s abban egyre ink\u00e1bb a legjobbak k\u00f6z\u00e9 tartozik.\r\n\r\nAz eml\u00edtett Cesc Fabregas azt mondta csapatt\u00e1rs\u00e1r\u00f3l, hogy \u201emegvan benne a potenci\u00e1l, hogy az egyik legteljesebb k\u00f6z\u00e9pp\u00e1ly\u00e1s legyen a vil\u00e1gon\u201d.\r\n\r\nA k\u00e9rd\u00e9s csak az, hol fog azz\u00e1 v\u00e1lni. Spanyolorsz\u00e1gban \u00e9s Angli\u00e1ban egyre t\u00f6bb helyen teszik fel a k\u00e9rd\u00e9st.","type":"rich","thumbnail_url":"https:\/\/s.24.hu\/app\/uploads\/sites\/24\/2022\/04\/csu-150x150.jpg","thumbnail_width":150,"thumbnail_height":150}

Dajka Balázs

Se nem Pogba, se nem Kanté, mégis mindkettőre hajaz. Ki az?

Az egy külön tanulmányt megér, hogy a komoly múltú francia klub, a Girondins de Bordeaux a csőd felé tart. Az egyesület számtalan baklövése miatt épp a francia másodosztály felé zuhan, és ha a rangsort kellene állítani a legrosszabb döntéseikről, biztosan köztük lenne, amikor 2021 januárjában 20 millió euróért elengedték <strong>Aurélien Tchouaménit</strong> (ejtsd: csuáméni) az AS Monacohoz.

Az azóta eltelt két évben Tchouaméni kivirágzott, és úgy tűnik, hónapról-hónapra emeli a tétet: először a Monaco alapembere lett, később behívót kapott a francia válogatottba, amellyel aztán megnyerte a 2021-es Nemzetek Ligáját, és kétségtelenül ott lesz a 2022-es katari világbajnokságon is.

Thcouaméni ránézésre egy robusztus, atletikus, mégis pontos és kimért játékosnak tűnik. A Bordeaux-ban a fiatalok között még irányítót és csatárt játszott, az évek alatt aztán egyre hátrébb sorolták, végül a középpályán vetette meg a lábát. Megjárta a korosztályos válogatottak összes fokát, az U16-tól az U20-ig. A Bordeaux-ban <strong>Gustavo Poyet</strong> próbálta ki a felnőttek között, amikor is azt nyilatkozta <a href="https://girondins4ever.com/breves/20180908/263667-gustavo-poyet-aurelien-tchouameni-il-a-un-futur-extraordinaire/">róla</a>:
<blockquote>A labdát elképesztő könnyedséggel gyűjti be. Volt, hogy csak kinyújtotta a lábát, és én egyszerűen nem értettem, hogy tudta ilyen egyszerűen megszerezni</blockquote>
Tchouaméni viszont sokkal több, mint egy egyszerű labdaszerző középpályás.

187 centijéhez 80 kiló társul, a fizikai adottságait tekintve rémálom ellene játszani. Ha nincs nála a labda, akkor odaér, párharcot vív, becsúszik vagy lefülel, elképesztő területet fed le, miközben a labdával is mintha mindig a helyes döntést hozná meg. <strong>Paul Pogbához</strong> hasonlóan agilis, szeret hosszú passzokat osztogatni, a szélek felé tereli játékot, és bár szeret ő is meglódulni a labdával, mégis biztonságibb játékos, szűk helyeken nem vállal kockázatot.

<strong>N'Golo Kantéval</strong> annyi a közös benne, hogy mozgékonysága mellett imád labdákat gereblyézni az ellenféltől, a kontralehetőségeknél viszont kevesebbet ragadja magához a labdát, inkább a passzjátékával tűnik ki. A játéka érett, nyugodt, keveset hibázik, mégsem alibizik a pályán.

Csakhogy Tchouaméni mindössze 22 éves. A 2000-es Európa-bajnokság előtt született néhány hónappal.

Amikor a Monacohóz került, kezdetben nem is tűnt ki a mezőnyből. Édespja szerint fia készpénznek vette a sikert, és túlságosan megelégedett az akkori helyzetével. „Decemberben aztán leültünk és egy kicsit megráztam” – <a href="https://www.francefootball.fr/news/Equipe-de-france-espoirs-young-king-mauvais-perdant-la-nba-l-amerique-aurelien-tchouamso-tchouameni-raconte-par-ses-proches/1235886">magyarázta</a> Tchouaméni apja, <strong>Fernand</strong>.

„Úgy láttam, hogy szeptember-októberben alulteljesített és kevesebbel is beérte. A karácsonyi ünnepek alatt áthívtam magunkhoz, és kettesben elbeszélgettünk több mint két órát.
<blockquote>Azt mondtam, hogy nem ismerek rá, hogy egy középszerű játékos lett. Úgy láttam, hogy nem tesz erőfeszítéseket a siker érdekében. Amikor vége lett a beszélgetésnek, azt mondta: »majd meglátod«</blockquote>
<div class="payable-content-section"></div>
Talán ez a beszélgetés indította be igazán a karrierjét. A Monaco abban az idényben meseszerű félévet zárt, <strong>Niko Kovac</strong> irányítása alatt egészen előkelő helyre küzdötték fel magukat, 23 meccsből csak kettőt vesztettek el. Abban a szezonban mindenkinél több labdaszerzést hajtott végre (257), és közben az Év fiatal tehetségének is megválasztották.

Jutalomként a francia válogatottban is bemutatkozhatott. <strong>Didier Deschamps</strong> szövetségi kapitány először egy Bosznia-Hercegovina elleni meccsre hívta be, és valószínűleg úgy mérlegelt, hogy két posztriválisa, <strong>Corentin Tolisso</strong> és <strong>Tanguy Ndombele</strong> túlságosan is formán kívül játszanak.

„Azért választottam Tchouaménit, mert látom benne a potenciált”– mondta Deschamps. „Most bebizonyította, hogy itt a helye, és már az első meccsén is remekül játszott. Mostanában van pár új játékos. Aurélien példa lehet nekik, hogy mit várunk el tőlük”.

Tchouaméni érettsége nemcsak a pályán, de a viselkedésében is feltűnő. Édesapja egy oltási anyagokat gyártó üzemet vezet, édesanyja oktatási tanácsadó, mindketten arra ösztönözték, hogy tegye le a Franciaországban alapnak számító érettségit (Bac S),

<span class="highlight-block-small">mindezt egy olyan évben, amikor mellette az U17-es világbajnokságon is szerepelt, és a Bordeaux-val is aláírta élete első profi szerződését.</span>

A kimértséghez alázat is társul. Amikor Tchouaménit behívták a válogatottba, egyből monacói csapattársához,<strong> Cesc Fabregashoz</strong> fordult, hogy elkérje a válogatott és az Arsenal korábbi középpályás legendájának, <strong>Patrick Vieirának</strong> a telefonszámát. Tanácsokat kért tőle, hogy mire számítson majd a válogatottban.

https://twitter.com/beinsports_FR/status/1432431427539374085

„Vieirára abszolút referenciaként tekintek, kíváncsi voltam a véleményére” – mondta Tchouaméni. „Ezúton is köszönöm neki, hogy tanácsokkal látott el, igyekszem majd megfogadni őket. Sokat beszélgettünk taktikáról, elmondta, milyen benyomásokkal van rólam, mit kell tennem, hogy a karrierem megfelelő mederben folyjon tovább”.

Az első siker pedig nem is váratott nagyon magára. A 2021-es Nemzetek Ligája négyes döntőjén ő is tagja volt annak a francia csapatnak, amely új alaptaktikával (a 4-2-3-1-et felváltotta a 3-4-1-2), és remek formában játszó tagjaival (<strong>Theo Hernández</strong>, <strong>Jules Koundé</strong> és maga Tchouaméni) elhódította végül <a href="https://sport24.24.hu/foci/2021/11/19/francia-valogatott-vb-selejtezo-didier-deschamps/">a trófeát</a>.

<span class="highlight-block-small">Tchouaméninek két alulértékelt tulajdonsága van.</span>

Az egyik a sokoldalúsága, aminek köszönhetően egyaránt jól érzi magát két- vagy háromfős középpályán – emiatt aztán nehéz is őt egy pontos szerepkör szerint beskatulyázni. Ha kell, a válogatottban Paul Pogba mellett alkot egy kiegyensúlyozott duplaszűrőt, máskor egy háromfős, mélyebb középpályás szerepkörben is kényelmesen elirányít, és labdákat csákányoz az ellenfelek lábáról.

Ami mégis rendkívülivé teszi, az a játéklátása. A feje szinte folyton jár, egy-egy passz előtt már többször is felmérte maga körül a teret, ezért pontosan tudja, ki és hol helyezkedik hozzá képest. Tchouaméni nagyon ritkán hibázik, nem csoda, hogy rövid passzait 90 százalékos, a hosszúakat 77 százalékos pontossággal hozza le.

[caption id="attachment_4187" align="alignnone" width="1024"]<img class="wp-image-4187 size-large" src="https://sport24.24.hu/app/uploads/sites/24/2022/04/csuam-1024x576.jpg" alt="" width="1024" height="576" /> Az Elefántcsontpart elleni felkészülési meccsen megszerezte első gólját a francia válogatottban[/caption]

Hiányosságai ettől függetlenül neki is vannak: kevés gól- és gólpassz fűződik a nevéhez, de ez nem a teljesítményét, hanem a szerepkörét írja le. Tchouaméninek az előkészítésben, a labdajáratásaban és a biztosításban kell kitűnnie – és abban egyre inkább a legjobbak közé tartozik.

Az említett Cesc Fabregas azt mondta csapattársáról, hogy „megvan benne a potenciál, hogy az egyik legteljesebb középpályás legyen a világon”.

A kérdés csak az, hol fog azzá válni. Spanyolországban és Angliában egyre több helyen teszik fel a kérdést.
