{"version":"1.0","provider_name":"Sport24","provider_url":"https:\/\/sport24.24.hu","author_name":"Fut\u00f3 Csaba","author_url":"https:\/\/sport24.24.hu\/author\/futocs\/","title":"Mer\u00e9szet h\u00faztak, sima vb-kijut\u00e1s lett a v\u00e9ge","html":"November k\u00f6zep\u00e9n kicsit megszakadt a sz\u00edv Uruguayban: a sz\u00f6vets\u00e9g a h\u00f3nap k\u00f6zep\u00e9n jelentette be, hogy meneszti a v\u00e1logatott sz\u00f6vets\u00e9gi kapit\u00e1ny\u00e1t, <strong>\u00d3scar Tab\u00e1rezt<\/strong>. A d\u00f6nt\u00e9s annak ellen\u00e9re is meglep\u0151 volt, hogy a csapat akkor \u00e9pp az egym\u00e1st k\u00f6vet\u0151 negyedik veres\u00e9g\u00e9t szenvedte el a 2022-es katari vil\u00e1gbajnoks\u00e1g d\u00e9l-amerikai selejtez\u0151sorozat\u00e1ban. B\u00e1r a Bol\u00edvia elleni 3-0-s zak\u00f3 rosszul n\u00e9zett ki, T\u00e1barez hitt abban, hogy meglehet a kvalifik\u00e1ci\u00f3, nem \u0151 dobta be a t\u00f6r\u00f6lk\u00f6z\u0151t.\r\n<blockquote>Profi vagyok, \u00e9s al\u00e1\u00edrtam egy szerz\u0151d\u00e9st, nem hiszem, hogy enn\u00e9l t\u00f6bbet k\u00e9ne mondanom. Nem tudom, ki tudna r\u00e1venni arra, hogy mondjak le magamt\u00f3l ilyen hossz\u00fa id\u0151 ut\u00e1n<\/blockquote>\r\n\u2013 mondta akkor a 75 \u00e9ves szakember, aki a v\u00e9g\u00e9n m\u00e1r mank\u00f3ra t\u00e1maszkodva, s\u0151t volt olyan is, hogy kerekessz\u00e9kben \u00fclve dirig\u00e1lt az oldalvonal mellett, Guillain-Barr\u00e9 szindr\u00f3m\u00e1ban szenved ugyanis.\r\n\r\n[caption id=\"attachment_4101\" align=\"alignnone\" width=\"1024\"]<img class=\"size-full wp-image-4101\" src=\"https:\/\/sport24.24.hu\/app\/uploads\/sites\/24\/2022\/03\/tabarez.jpg\" alt=\"\" width=\"1024\" height=\"682\" \/> Osc\u00e1r Tab\u00e1rez[\/caption]\r\n\r\nTab\u00e1rez val\u00f3s\u00e1gos legenda, m\u00e1sodik id\u0151szaka 15 \u00e9ven \u00e1t tartott az uruguayi v\u00e1logatott \u00e9l\u00e9n, ez id\u0151 alatt h\u00e1rom vil\u00e1gbajnoks\u00e1gra juttatta ki a csapatot, amellyel 2010-ben a negyedik helyen v\u00e9gzett, 2011-ben pedig megnyert\u00e9k a Copa Am\u00e9ric\u00e1t. 194 m\u00e9rk\u0151z\u00e9sen ir\u00e1ny\u00edtott, 94 gy\u0151zelem mellett 49 d\u00f6ntetlen \u00e9s 51 veres\u00e9g volt a m\u00e9rlege. Csakhogy a meneszt\u00e9se idej\u00e9n a selejtez\u0151ben mind\u00f6ssze a hetedik helyen \u00e1llt Uruguay, \u00e9s ugyan egy pont volt a h\u00e1tr\u00e1ny a riv\u00e1lisok m\u00f6g\u00f6tt, m\u00e9gis re\u00e1lis es\u00e9ly volt r\u00e1, hogy lemarad a v\u00e9b\u00e9r\u0151l. \u00cdgy b\u00e1rmilyen f\u00e1jdalmas is volt, meg kellett hoznia a sz\u00f6vets\u00e9gnek ezt a d\u00f6nt\u00e9st.\r\n\r\nNem kapkodt\u00e1k el az ut\u00f3d kiv\u00e1laszt\u00e1s\u00e1t, t\u00f6bb jel\u00f6lt is akadt, \u00e1m volt, aki ink\u00e1bb nem \u00e9lt a lehet\u0151s\u00e9ggel \u00e9s kikosarazta a sz\u00f6vets\u00e9get, m\u00e1st pedig annak ellen\u00e9re sem neveztek ki, hogy egy\u00e9rtelm\u0171 v\u00e1laszt\u00e1s lehetett volna \u2013 az U20-as nemzeti csapatn\u00e1l dolgoz\u00f3 <strong>Diego Aguirr\u00e9r\u0151l<\/strong> van sz\u00f3. Majdnem egy h\u00f3napot kellett v\u00e1rni v\u00e9g\u00fcl a bejelent\u00e9sre, miszerint <strong>Diego Alonso<\/strong> kez\u00e9be adj\u00e1k az ir\u00e1ny\u00edt\u00e1st.\r\n\r\nA 46 \u00e9ves edz\u0151vel siker\u00fclt el\u00e9g meggy\u0151z\u0151en lez\u00e1rni a selejtez\u0151t:\r\n\r\n<span class=\"highlight-block-small\">n\u00e9gyb\u0151l n\u00e9gy gy\u0151zelem, nyolc r\u00fagott \u00e9s mind\u00f6ssze egy kapott g\u00f3l, v\u00e9g\u00fcl harmadik hely Braz\u00edlia \u00e9s Argent\u00edna m\u00f6g\u00f6tt \u00fagy, hogy az utols\u00f3 fordul\u00f3ban m\u00e1r nem is kellett izgulni, a t\u00f6bbi eredm\u00e9nyt\u0151l f\u00fcggetlen\u00fcl megvolt a katari kvalifik\u00e1ci\u00f3.<\/span>\r\n<div class=\"payable-content-section\"><\/div>\r\nDe az\u00e9rt m\u00e9g \u00edgy is siker\u00fclt idegenben 2-0-ra megverni Chil\u00e9t, amire vb-selejtez\u0151ben 21 \u00e9ve nem volt k\u00e9pes az uruguayi v\u00e1logatott. Pedig a riv\u00e1lis m\u00e9g az interkontinent\u00e1lis p\u00f3tselejtez\u0151t \u00e9r\u0151 \u00f6t\u00f6dik hely\u00e9rt csat\u00e1zott \u2013 sikertelen\u00fcl.\r\n\r\nDiego Alonso j\u00e1t\u00e9kos kor\u00e1ban csat\u00e1r volt, megj\u00e1rta haz\u00e1ja mellett Argent\u00edn\u00e1t, Spanyolorsz\u00e1got, Mexik\u00f3t \u00e9s K\u00edn\u00e1t is. El Tornad\u00f3nak bec\u00e9zt\u00e9k, a legjobb szezonjak\u00e9nt pedig alighanem a 2001\/2002-esre eml\u00e9kszik, amikor k\u00f6lcs\u00f6nben volt az Atl\u00e9tic\u00f3n\u00e1l, \u00e9lvonalba seg\u00edtette a madridiakat \u00e9s \u0151 lett a bajnoks\u00e1g g\u00f3lkir\u00e1lya. A v\u00e1logatottban h\u00e9t m\u00e9rk\u0151z\u00e9sen l\u00e9pett p\u00e1ly\u00e1ra, ezeken nem szerzett g\u00f3lt, de van egy Copa Am\u00e9rica-ez\u00fcstje, k\u00e9tszer is cserek\u00e9nt \u00e1llt be a torna sor\u00e1n, a fin\u00e1l\u00e9ba vezet\u0151 \u00faton a Paraguay elleni negyedd\u00f6nt\u0151ben, majd a Chile elleni el\u0151d\u00f6nt\u0151ben is \u00e9rt\u00e9kes\u00edtette a maga l\u00f6v\u00e9s\u00e9t a b\u00fcntet\u0151p\u00e1rbajban.\r\n\r\nAhogy visszavonult 2011-ben, r\u00f6gt\u00f6n edz\u0151nek \u00e1llt, \u00e9s akkor sem hagyott fel a v\u00e1ndorl\u00e1ssal: otthon kezdett, de azt\u00e1n dolgozott Paraguayban, Mexik\u00f3ban, valamint az amerikai-kanadai lig\u00e1ban, az MLS-ben is, \u0151 volt <strong>David Beckham<\/strong> klubja, az Inter Miami els\u0151 vezet\u0151edz\u0151je. Vagyis hi\u00e1ba nem volt az uruguayi kinevez\u00e9se el\u0151tt majdnem egy \u00e9vig munk\u00e1ja, azt nem lehet mondani, hogy tapasztalatlanul v\u00e1llalta volna el a feladatot.\r\n\r\nA d\u00e9l-amerikai r\u00e9szsikerek l\u00e1tt\u00e1n 2014-ben a mexik\u00f3i Pachuca l\u00e1tott benne fant\u00e1zi\u00e1t, \u00e9s milyen j\u00f3l tett\u00e9k a klubvezet\u0151k: egy sz\u00f3rakoztat\u00f3, magasan let\u00e1mad\u00f3s csapatot kaptak cser\u00e9be, amely 2016-ban megnyerte a mexik\u00f3i bajnoks\u00e1g tavaszi szakasz\u00e1t, 2017-ben az \u00e9szak- \u00e9s k\u00f6z\u00e9p-amerikai Bajnokok Lig\u00e1j\u00e1t, majd abban az \u00e9vben a bronz\u00e9rmes volt a klubvil\u00e1gbajnoks\u00e1gon. Innen csakis felfel\u00e9 vezethetett az \u00fat, a j\u00f3 nevekb\u0151l \u00e1ll\u00f3 Monterrey volt a k\u00f6vetkez\u0151 \u00e1llom\u00e1s, egy \u00fajabb BL-gy\u0151zelmet siker\u00fclt beh\u00fazni (2019), de a bajnoki botladoz\u00e1s miatt menesztett\u00e9k, \u00edgy a 2019-es Apertur\u00e1t m\u00e1r ut\u00f3dj\u00e1val nyerte meg a csapat.\r\n\r\n<span class=\"highlight-block-small\">Diego Alonso nagy er\u0151ss\u00e9g\u00e9nek tartj\u00e1k, hogy k\u00f6nnyen sz\u00f3t \u00e9rt j\u00e1t\u00e9kosaival, erre j\u00f3 p\u00e9lda, hogy a Monterrey gy\u0151zelme ut\u00e1n <strong>Vincent Janssen<\/strong> \u00e9s <strong>Charly Rodriguez<\/strong> is kor\u00e1bbi edz\u0151j\u00e9nek mondott k\u00f6sz\u00f6netet.<\/span>\r\n\r\nE mellett pedig j\u00f3 \u00e9rz\u00e9kkel terelgeti a fiatal labdar\u00fag\u00f3kat: m\u00edg Mexik\u00f3ban dolgozott, olyan focist\u00e1k tal\u00e1ltak magukra az ir\u00e1ny\u00edt\u00e1sa mellett, mint <strong>Hirving Lozano<\/strong> (most Napoli) vagy <strong>\u00c9rick Gutierrez<\/strong> (PSV Eindhoven).\r\n\r\n[caption id=\"attachment_4100\" align=\"alignnone\" width=\"1024\"]<img class=\"size-full wp-image-4100\" src=\"https:\/\/sport24.24.hu\/app\/uploads\/sites\/24\/2022\/03\/diego-alonso.jpg\" alt=\"\" width=\"1024\" height=\"643\" \/> Diego Alonso[\/caption]\r\n\r\n\u00c9pp ez\u00e9rt is Miamiban nagy rem\u00e9nyekkel v\u00e1rt\u00e1k a franchise els\u0151 MLS-szezonj\u00e1ra, egy fiatal edz\u0151nek egy ilyen \u00faj projekt el\u00e9g j\u00f3 l\u00e9p\u00e9s a karrierj\u00e9ben, \u00e9s ha csak az eredm\u00e9nysort n\u00e9zz\u00fck, nem is felt\u00e9tlen m\u00falta alul a v\u00e1rakoz\u00e1sokat, de sikeresnek sem mondhat\u00f3 az ott t\u00f6lt\u00f6tt id\u0151szaka. A Miami a keleti konferencia tizedik hely\u00e9n v\u00e9gezve j\u00e1tszhatott egy ki-ki meccset a Nashville-lel a r\u00e1j\u00e1tsz\u00e1sba jut\u00e1s\u00e9rt, de azt elvesz\u00edtette 3-0-ra. Csakhogy az Interre egyfel\u0151l nagy figyelem ir\u00e1nyult, mellette pedig az egyik legnagyobb k\u00f6ltekez\u0151 volt a klub, kudarcnak \u00e9lt\u00e9k meg a r\u00e1j\u00e1tsz\u00e1sr\u00f3l lemarad\u00e1st, \u00edgy azt\u00e1n mind\u00f6ssze egy szezon ut\u00e1n <strong>Paul McDonough<\/strong> sportigazgat\u00f3, <strong>Kurt Schmid<\/strong> technikai vezet\u0151, valamint Alonso is elhagyta a csapatot. (Tavaly csak a tizenegyedik helyen v\u00e9gzett az Inter Miami, \u00edgy m\u00e9g csak nem is j\u00e1tszhatott a playoffba ker\u00fcl\u00e9s\u00e9rt.)\r\n\r\nA munkan\u00e9lk\u00fcliv\u00e9 v\u00e1l\u00f3 Diego Alonso k\u00f6zel egy \u00e9vet t\u00f6lt\u00f6tt el Spanyolorsz\u00e1gban, ottani kapcsolatai r\u00e9v\u00e9n is kapta meg az uruguayi kispadot. A v\u00e1logatottn\u00e1l azt\u00e1n a stabilit\u00e1st hozta el \u00e9s els\u0151sorban a v\u00e9delembe, <strong>Diego God\u00ednt<\/strong> \u00e9s <strong>Jos\u00e9 Mar\u00eda G\u00edmenezt<\/strong> megcser\u00e9lte k\u00f6z\u00e9pen (el\u0151bbi jobbra, ut\u00f3bbi balra ker\u00fclt), a bal sz\u00e9lre Mathias Oliveir\u00e1t, a jobb sz\u00e9lre pedig a barcelonai <strong>Ronald Ara\u00faj\u00f3t<\/strong> rakta, m\u00edg a kapuban a s\u00e9r\u00fclt Fernando Muslera helyett az \u00fajonc <strong>Sergio Rochetnek<\/strong> szavazott bizalmat.\r\n\r\n<span class=\"highlight-block-small\">Ez a h\u00e1ts\u00f3 alakzat a sorsd\u00f6nt\u0151 meccseken mind\u00f6ssze egy g\u00f3lt kapott.<\/span>\r\n\r\nA k\u00f6z\u00e9pp\u00e1lya \u00e9s a t\u00e1mad\u00f3k nagyobb szabads\u00e1got kaptak, na meg elj\u00f6tt <strong>Luis Su\u00e1rez<\/strong> ideje is: a kulcspillanatokban m\u00e1r megannyiszor bizony\u00edt\u00f3 csat\u00e1r h\u00e1rom g\u00f3lt id\u00e9nre tartogatott a selejtez\u0151ben szerzett nyolcb\u00f3l, a Paraguay \u00e9s a Chile elleni r\u00e1ad\u00e1sul a gy\u0151ztes tal\u00e1lat volt \u2013 mellette m\u00e9g a Venezuela elleni 4-1-n\u00e9l volt eredm\u00e9nyes, \u0151 \u00e1ll\u00edtotta be a v\u00e9geredm\u00e9nyt.\r\n\r\nA k\u00e9tszeres vil\u00e1gbajnok sorozata \u00edgy nem szakadt meg \u00e9s az egym\u00e1st k\u00f6vet\u0151 negyedik torn\u00e1j\u00e1ra is kijutott. Uruguay r\u00e1ad\u00e1sul a m\u00e1sodik kalapb\u00f3l v\u00e1rhatja a sorsol\u00e1st, azaz nyugodtan mondhatjuk, hogy tov\u00e1bbjut\u00e1si es\u00e9lyekkel utazik majd Katarba, de persze a vb is lesz az igazi er\u0151felm\u00e9r\u0151, mert azt el kell ismerni, hogy kedvez\u0151 volt a csapat sorsol\u00e1sa id\u00e9nre a selejtez\u0151ben.\r\n<h2>A Peru elleni gy\u0151zelem, amivel meglett a biztos kijut\u00e1s:<\/h2>\r\nhttps:\/\/www.youtube.com\/watch?v=dBBKPfnX0aE&amp;ab_channel=CONMEBOL\r\n\r\nPersze vannak m\u00e9g \u00e9get\u0151 k\u00e9rd\u00e9sek az uruguayi v\u00e1logatott k\u00f6r\u00fcl, a selejtez\u0151ben a legt\u00f6bb j\u00e1t\u00e9kpercet a p\u00e1ly\u00e1n t\u00f6lt\u0151k k\u00f6z\u00fcl God\u00edn, Su\u00e1rez, <strong>Mart\u00edn C\u00e1ceres<\/strong>, Muslera \u00e9s <strong>Edinson Cavani<\/strong> is m\u00e1r 30 felett j\u00e1rnak. Csakhogy egy kifejezetten \u00e9rdekes keret \u00e1ll az \u00faj kapit\u00e1ny rendelkez\u00e9s\u00e9re, az \u201e\u00f6regek\u201d mellett ugyanis m\u00e1r tele a v\u00e1logatott fiatalokkal, hogy m\u00e1st ne mondjunk, a realos Federico Valverde sz\u00e9p csendben h\u00faz\u00f3emberre v\u00e1lt, mind\u00f6ssze 23 \u00e9vesen.\r\n\r\nA veter\u00e1nok p\u00f3tl\u00e1s\u00e1n pedig majd r\u00e1\u00e9r december ut\u00e1n gondolkodni Diego Alonso.","type":"rich","thumbnail_url":"https:\/\/s.24.hu\/app\/uploads\/sites\/24\/2022\/03\/uruguay-150x150.jpg","thumbnail_width":150,"thumbnail_height":150}

Futó Csaba

Merészet húztak, sima vb-kijutás lett a vége

November közepén kicsit megszakadt a szív Uruguayban: a szövetség a hónap közepén jelentette be, hogy meneszti a válogatott szövetségi kapitányát, <strong>Óscar Tabárezt</strong>. A döntés annak ellenére is meglepő volt, hogy a csapat akkor épp az egymást követő negyedik vereségét szenvedte el a 2022-es katari világbajnokság dél-amerikai selejtezősorozatában. Bár a Bolívia elleni 3-0-s zakó rosszul nézett ki, Tábarez hitt abban, hogy meglehet a kvalifikáció, nem ő dobta be a törölközőt.
<blockquote>Profi vagyok, és aláírtam egy szerződést, nem hiszem, hogy ennél többet kéne mondanom. Nem tudom, ki tudna rávenni arra, hogy mondjak le magamtól ilyen hosszú idő után</blockquote>
– mondta akkor a 75 éves szakember, aki a végén már mankóra támaszkodva, sőt volt olyan is, hogy kerekesszékben ülve dirigált az oldalvonal mellett, Guillain-Barré szindrómában szenved ugyanis.

[caption id="attachment_4101" align="alignnone" width="1024"]<img class="size-full wp-image-4101" src="https://sport24.24.hu/app/uploads/sites/24/2022/03/tabarez.jpg" alt="" width="1024" height="682" /> Oscár Tabárez[/caption]

Tabárez valóságos legenda, második időszaka 15 éven át tartott az uruguayi válogatott élén, ez idő alatt három világbajnokságra juttatta ki a csapatot, amellyel 2010-ben a negyedik helyen végzett, 2011-ben pedig megnyerték a Copa Américát. 194 mérkőzésen irányított, 94 győzelem mellett 49 döntetlen és 51 vereség volt a mérlege. Csakhogy a menesztése idején a selejtezőben mindössze a hetedik helyen állt Uruguay, és ugyan egy pont volt a hátrány a riválisok mögött, mégis reális esély volt rá, hogy lemarad a vébéről. Így bármilyen fájdalmas is volt, meg kellett hoznia a szövetségnek ezt a döntést.

Nem kapkodták el az utód kiválasztását, több jelölt is akadt, ám volt, aki inkább nem élt a lehetőséggel és kikosarazta a szövetséget, mást pedig annak ellenére sem neveztek ki, hogy egyértelmű választás lehetett volna – az U20-as nemzeti csapatnál dolgozó <strong>Diego Aguirréről</strong> van szó. Majdnem egy hónapot kellett várni végül a bejelentésre, miszerint <strong>Diego Alonso</strong> kezébe adják az irányítást.

A 46 éves edzővel sikerült elég meggyőzően lezárni a selejtezőt:

<span class="highlight-block-small">négyből négy győzelem, nyolc rúgott és mindössze egy kapott gól, végül harmadik hely Brazília és Argentína mögött úgy, hogy az utolsó fordulóban már nem is kellett izgulni, a többi eredménytől függetlenül megvolt a katari kvalifikáció.</span>
<div class="payable-content-section"></div>
De azért még így is sikerült idegenben 2-0-ra megverni Chilét, amire vb-selejtezőben 21 éve nem volt képes az uruguayi válogatott. Pedig a rivális még az interkontinentális pótselejtezőt érő ötödik helyért csatázott – sikertelenül.

Diego Alonso játékos korában csatár volt, megjárta hazája mellett Argentínát, Spanyolországot, Mexikót és Kínát is. El Tornadónak becézték, a legjobb szezonjaként pedig alighanem a 2001/2002-esre emlékszik, amikor kölcsönben volt az Atléticónál, élvonalba segítette a madridiakat és ő lett a bajnokság gólkirálya. A válogatottban hét mérkőzésen lépett pályára, ezeken nem szerzett gólt, de van egy Copa América-ezüstje, kétszer is csereként állt be a torna során, a fináléba vezető úton a Paraguay elleni negyeddöntőben, majd a Chile elleni elődöntőben is értékesítette a maga lövését a büntetőpárbajban.

Ahogy visszavonult 2011-ben, rögtön edzőnek állt, és akkor sem hagyott fel a vándorlással: otthon kezdett, de aztán dolgozott Paraguayban, Mexikóban, valamint az amerikai-kanadai ligában, az MLS-ben is, ő volt <strong>David Beckham</strong> klubja, az Inter Miami első vezetőedzője. Vagyis hiába nem volt az uruguayi kinevezése előtt majdnem egy évig munkája, azt nem lehet mondani, hogy tapasztalatlanul vállalta volna el a feladatot.

A dél-amerikai részsikerek láttán 2014-ben a mexikói Pachuca látott benne fantáziát, és milyen jól tették a klubvezetők: egy szórakoztató, magasan letámadós csapatot kaptak cserébe, amely 2016-ban megnyerte a mexikói bajnokság tavaszi szakaszát, 2017-ben az észak- és közép-amerikai Bajnokok Ligáját, majd abban az évben a bronzérmes volt a klubvilágbajnokságon. Innen csakis felfelé vezethetett az út, a jó nevekből álló Monterrey volt a következő állomás, egy újabb BL-győzelmet sikerült behúzni (2019), de a bajnoki botladozás miatt menesztették, így a 2019-es Aperturát már utódjával nyerte meg a csapat.

<span class="highlight-block-small">Diego Alonso nagy erősségének tartják, hogy könnyen szót ért játékosaival, erre jó példa, hogy a Monterrey győzelme után <strong>Vincent Janssen</strong> és <strong>Charly Rodriguez</strong> is korábbi edzőjének mondott köszönetet.</span>

E mellett pedig jó érzékkel terelgeti a fiatal labdarúgókat: míg Mexikóban dolgozott, olyan focisták találtak magukra az irányítása mellett, mint <strong>Hirving Lozano</strong> (most Napoli) vagy <strong>Érick Gutierrez</strong> (PSV Eindhoven).

[caption id="attachment_4100" align="alignnone" width="1024"]<img class="size-full wp-image-4100" src="https://sport24.24.hu/app/uploads/sites/24/2022/03/diego-alonso.jpg" alt="" width="1024" height="643" /> Diego Alonso[/caption]

Épp ezért is Miamiban nagy reményekkel várták a franchise első MLS-szezonjára, egy fiatal edzőnek egy ilyen új projekt elég jó lépés a karrierjében, és ha csak az eredménysort nézzük, nem is feltétlen múlta alul a várakozásokat, de sikeresnek sem mondható az ott töltött időszaka. A Miami a keleti konferencia tizedik helyén végezve játszhatott egy ki-ki meccset a Nashville-lel a rájátszásba jutásért, de azt elveszítette 3-0-ra. Csakhogy az Interre egyfelől nagy figyelem irányult, mellette pedig az egyik legnagyobb költekező volt a klub, kudarcnak élték meg a rájátszásról lemaradást, így aztán mindössze egy szezon után <strong>Paul McDonough</strong> sportigazgató, <strong>Kurt Schmid</strong> technikai vezető, valamint Alonso is elhagyta a csapatot. (Tavaly csak a tizenegyedik helyen végzett az Inter Miami, így még csak nem is játszhatott a playoffba kerülésért.)

A munkanélkülivé váló Diego Alonso közel egy évet töltött el Spanyolországban, ottani kapcsolatai révén is kapta meg az uruguayi kispadot. A válogatottnál aztán a stabilitást hozta el és elsősorban a védelembe, <strong>Diego Godínt</strong> és <strong>José María Gímenezt</strong> megcserélte középen (előbbi jobbra, utóbbi balra került), a bal szélre Mathias Oliveirát, a jobb szélre pedig a barcelonai <strong>Ronald Araújót</strong> rakta, míg a kapuban a sérült Fernando Muslera helyett az újonc <strong>Sergio Rochetnek</strong> szavazott bizalmat.

<span class="highlight-block-small">Ez a hátsó alakzat a sorsdöntő meccseken mindössze egy gólt kapott.</span>

A középpálya és a támadók nagyobb szabadságot kaptak, na meg eljött <strong>Luis Suárez</strong> ideje is: a kulcspillanatokban már megannyiszor bizonyító csatár három gólt idénre tartogatott a selejtezőben szerzett nyolcból, a Paraguay és a Chile elleni ráadásul a győztes találat volt – mellette még a Venezuela elleni 4-1-nél volt eredményes, ő állította be a végeredményt.

A kétszeres világbajnok sorozata így nem szakadt meg és az egymást követő negyedik tornájára is kijutott. Uruguay ráadásul a második kalapból várhatja a sorsolást, azaz nyugodtan mondhatjuk, hogy továbbjutási esélyekkel utazik majd Katarba, de persze a vb is lesz az igazi erőfelmérő, mert azt el kell ismerni, hogy kedvező volt a csapat sorsolása idénre a selejtezőben.
<h2>A Peru elleni győzelem, amivel meglett a biztos kijutás:</h2>
https://www.youtube.com/watch?v=dBBKPfnX0aE&amp;ab_channel=CONMEBOL

Persze vannak még égető kérdések az uruguayi válogatott körül, a selejtezőben a legtöbb játékpercet a pályán töltők közül Godín, Suárez, <strong>Martín Cáceres</strong>, Muslera és <strong>Edinson Cavani</strong> is már 30 felett járnak. Csakhogy egy kifejezetten érdekes keret áll az új kapitány rendelkezésére, az „öregek” mellett ugyanis már tele a válogatott fiatalokkal, hogy mást ne mondjunk, a realos Federico Valverde szép csendben húzóemberre vált, mindössze 23 évesen.

A veteránok pótlásán pedig majd ráér december után gondolkodni Diego Alonso.
