{"version":"1.0","provider_name":"Sport24","provider_url":"https:\/\/sport24.24.hu","author_name":"Fut\u00f3 Csaba","author_url":"https:\/\/sport24.24.hu\/author\/futocs\/","title":"Mit lehet tenni, ha elhagy egy korszakos zseni? El\u0151 kell \u00e1llni a t\u00f6k\u00e9letes B tervvel","html":"Az el\u0151zm\u00e9nyek ut\u00e1n senkit sem \u00e9rt v\u00e1ratlanul, de az\u00e9rt biztosan f\u00e1jt az AC Milan szurkol\u00f3inak, amikor j\u00fanius k\u00f6zep\u00e9n gyakorlatilag m\u00e1r k\u00e9sz t\u00e9nyk\u00e9nt kezelte mindenki, hogy <strong>Gianluigi Donnarumma<\/strong> elhagyja a csapatot \u00e9s a PSG j\u00e1t\u00e9kosa lesz \u2013 j\u00falius k\u00f6zep\u00e9n \u00edrt al\u00e1 v\u00e9g\u00fcl \u00faj csapat\u00e1hoz. Tette mindezt azok ut\u00e1n, hogy a Serie A-szezon legjobb kapus\u00e1nak v\u00e1lasztott\u00e1k, bajnoki ez\u00fcst\u00e9remhez \u00e9s Bajnokok Lig\u00e1ja-indul\u00e1shoz seg\u00edtette a Rossonerit. A m\u00e9g mindig csak 22 \u00e9ves kapus azt\u00e1n az Eur\u00f3pa-bajnoks\u00e1gon is bizony\u00edtotta klasszis\u00e1t: a d\u00f6nt\u0151ben k\u00e9t tizenegyest is v\u00e9dett a p\u00e1rbajban, az arany\u00e9rem ut\u00e1n pedig az eg\u00e9sz torna legjobb kapus\u00e1nak megv\u00e1lasztott\u00e1k.\r\n\r\nEgy ilyen kaliber\u0171 j\u00e1t\u00e9kos elveszt\u00e9se b\u00e1rmilyen klubot megrend\u00edtene, f\u0151leg, ha a szerz\u0151d\u00e9se lej\u00e1rt\u00e1val ingyen l\u00e9p le. Csakhogy a mil\u00e1n\u00f3i vezet\u0151s\u00e9g, l\u00e1tva hogyan haladnak a dolgok Donnarumm\u00e1val, m\u00e1r el\u0151re bebiztos\u00edtotta mag\u00e1t, \u00e9s m\u00e9g az olasz kapus t\u00e1voz\u00e1sa el\u0151tt megegyezett a francia bajnok Lille-lel<strong> Mike Maignan<\/strong> \u00e1tigazol\u00e1s\u00e1r\u00f3l. Adtak a franci\u00e1\u00e9rt b\u0151 14 milli\u00f3 eur\u00f3t \u00e9s \u00f6t\u00e9ves szerz\u0151d\u00e9st \u00edrattak al\u00e1 vele.\r\n\r\n<span class=\"highlight-block-small\">A t\u00f6rt\u00e9net anyagi oldala felett j\u00f3t\u00e9konyan szemet hunyva b\u0151 f\u00e9l \u00e9v ut\u00e1n meg lehet \u00e1llap\u00edtani, hogy egyik legjobb j\u00e1t\u00e9kosa lel\u00e9p\u00e9s\u00e9t kifejezetten j\u00f3l v\u00e9szelte \u00e1t a Milan.<\/span>\r\n\r\nA Francia Guyan\u00e1n sz\u00fcletett Maignan a legjobbak k\u00f6z\u00f6tt van t\u00f6bb v\u00e9d\u00e9si mutat\u00f3ban is Olaszorsz\u00e1gban. 50 h\u00e1r\u00edt\u00e1sa ugyan a k\u00f6z\u00e9pmez\u0151nyre el\u00e9g (meccseket hagyott ki csukl\u00f3s\u00e9r\u00fcl\u00e9s miatt, az\u00e9rt is az alacsonyabb sz\u00e1m), \u00e1m 78,1 sz\u00e1zal\u00e9kkal v\u00e9d (ezzel m\u00e1sodik a Serie A-ban), majdnem minden m\u00e1sodik tal\u00e1lkoz\u00f3j\u00e1t lehozza kapott g\u00f3l n\u00e9lk\u00fcl (42,1 sz\u00e1zal\u00e9k, ez a harmadik legjobb mutat\u00f3 a lig\u00e1ban).\r\n\r\n<img class=\"alignnone size-full wp-image-3676\" src=\"https:\/\/sport24.24.hu\/app\/uploads\/sites\/24\/2022\/02\/mike-maignan.jpg\" alt=\"\" width=\"1024\" height=\"682\" \/>\r\n\r\nMindezek mellett a m\u00e9lyebb statisztikai rangsorokban is el\u00f6l \u00e1ll: p\u00e9ld\u00e1ul a l\u00f6v\u00e9sek ut\u00e1ni kalkul\u00e1lhat\u00f3 g\u00f3lok \u2013 a tizenegyeseket \u00e9s az \u00f6ng\u00f3lokat nem sz\u00e1m\u00edtva \u2013 mutat\u00f3j\u00e1ban plusz 3,8-cal \u00e1ll, azaz ennyivel kevesebbszer kellett maga m\u00f6g\u00e9 ny\u00falnia, mint amilyen min\u0151s\u00e9gi pr\u00f3b\u00e1lkoz\u00e1sok \u00e9rkeztek a kapuj\u00e1ra. Ezzel is a m\u00e1sodik legjobb a bajnoks\u00e1gban.\r\n\r\n<span class=\"highlight-block-small\">Sokat lehetne m\u00e9g sorolni milyen \u00e9rdemei vannak a kapusstatisztik\u00e1kban, \u00e1m amivel m\u00e9g nagy er\u0151ss\u00e9ge a Milannak, hogy kis t\u00falz\u00e1ssal olyan, mintha egy m\u00e9lys\u00e9gi ir\u00e1ny\u00edt\u00f3 lenne.<\/span>\r\n<div class=\"payable-content-section\"><\/div>\r\nMaignan m\u00e1r a Lille-n\u00e9l is kit\u0171nt azzal, hogy miut\u00e1n megkaparintotta a labd\u00e1t, k\u00e9zzel vagy l\u00e1bbal egyb\u0151l megpr\u00f3b\u00e1lta ind\u00edtani csapat\u00e1t, hogy azt\u00e1n gyors kontr\u00e1t lehessen vezetni a rendezetlen v\u00e9delmekkel szemben. Emellett pedig, ha kell, k\u00e9pes ak\u00e1r az ellenf\u00e9l t\u00e9rfel\u00e9re is pontosan felpasszolni a labd\u00e1t.\r\n\r\nUt\u00f3bbira l\u00e1thattunk egy t\u00f6k\u00e9letes p\u00e9ld\u00e1t a Serie A legut\u00f3bbi fordul\u00f3j\u00e1ban. A Milan a Sampdoria elleni hazai meccs\u00e9n a 8. percben megszerezte a gy\u0151ztes g\u00f3lt: Maignan par\u00e1d\u00e9san ind\u00edtotta meg a v\u00e9delem m\u00f6g\u00e9 a sz\u00e9len <strong>Rafael Lea\u00f3t<\/strong>, aki azt\u00e1n egy okos csellel \u00e9s l\u00f6v\u00e9ssel z\u00e1rta le a vill\u00e1mgyors akci\u00f3t. A kapus passza \u00e9s a g\u00f3l k\u00f6z\u00f6tt mind\u00f6ssze nyolc m\u00e1sodperc telt el. A mil\u00e1n\u00f3i csapatban legut\u00f3bb m\u00e9g <strong>Dida<\/strong> adott g\u00f3lpasszt a Serie A-ban. <a href=\"https:\/\/twitter.com\/IFTVofficial\/status\/1492842175297638400\">2006-ban<\/a>.\r\n\r\nhttps:\/\/i.imgur.com\/py6405K.mp4\r\n\r\nNem nagy meg\u00e1llap\u00edt\u00e1s, hogy egy l\u00e1bbal is \u00fcgyes kapus mekkora er\u0151s\u00edt\u00e9s egy csapatnak, eleve seg\u00edti \u00e1thidalni az ellenf\u00e9l presszingj\u00e9t, k\u00f6nnyebben siker\u00fcl \u00e1tj\u00e1tszani a let\u00e1mad\u00e1st azzal, hogy \u00edgy egy mez\u0151nyj\u00e1t\u00e9kos mindig \u00fcresen maradhat az \u00e9p\u00edtkez\u00e9s sor\u00e1n. De Maignan ebben annyira j\u00f3, hogy <a href=\"https:\/\/fbref.com\/en\/players\/fcb38f57\/Mike-Maignan#all_stats_passing\">az FBref statisztik\u00e1i<\/a> szerint\r\n<ul>\r\n \t<li>a szezonban m\u00e9g nem volt pontatlan passza 27 m\u00e9teren bel\u00fcl (\u00f6sszesen 310 k\u00eds\u00e9rletb\u0151l),<\/li>\r\n \t<li>de enn\u00e9l hosszabban is 60 sz\u00e1zal\u00e9kkal j\u00e1tszotta meg a t\u00e1rsakat (206 pontos\/343 k\u00eds\u00e9rlet).<\/li>\r\n \t<li>K\u00e9t olyan passza volt, amit kapura l\u00f6v\u00e9s k\u00f6vetett (az egyikb\u0151l g\u00f3l lett) \u00e9s volt kilenc olyan ind\u00edt\u00e1sa is, amely az ellenf\u00e9l harmad\u00e1ban tal\u00e1lt Milan-j\u00e1t\u00e9kost.<\/li>\r\n<\/ul>\r\nMindez az\u00e9rt is felt\u0171n\u0151, mert Donnarumm\u00e1nak akadtak l\u00e1tv\u00e1nyos bakijai is, amikor l\u00e1bbal kellett megj\u00e1tszania a labd\u00e1t. Ism\u00e9t egy Sampdoria elleni p\u00e9ld\u00e1t lehet felhozni: az el\u0151z\u0151 szezonban az olasz v\u00e1logatott kapusa egy biztons\u00e1gi passz helyett \u00fcgyetlen\u00fcl az ellenf\u00e9l r\u00e1ront\u00f3 j\u00e1t\u00e9kos\u00e1ra r\u00fagta a labd\u00e1t, ami azt\u00e1n a kapuj\u00e1ba pattant.\r\n\r\nhttps:\/\/www.youtube.com\/watch?v=coX6rsc4pgM&amp;ab_channel=SpiritoZero\r\n\r\nAzzal, hogy Maignan \u00fcgyes l\u00e1bbal \u00e9s j\u00f3l olvassa a j\u00e1t\u00e9kot azt is eredm\u00e9nyezi, hogy sz\u00edvesen avatkozik bele a j\u00e1t\u00e9kba is, s\u0171r\u0171n mozdul ki a kapuj\u00e1b\u00f3l \u2013 olykor ak\u00e1r m\u00e9g t\u00falzott kock\u00e1zatot is v\u00e1llalva. Mindenesetre a tizenhatoson k\u00edv\u00fcl meccsenk\u00e9nt \u00e1tlagban egy defenz\u00edv akci\u00f3 ker\u00fcl a neve mell\u00e9, amin\u00e9l szint\u00e9n csak egy kapus tud t\u00f6bbet az eg\u00e9sz olasz mez\u0151nyben a jelenlegi szezonban. A k\u00f6zbeavatkoz\u00e1sai nem csak abban mer\u00fclnek ki, hogy kir\u00fagja a labd\u00e1t taccsra, hanem pr\u00f3b\u00e1lja azt megj\u00e1tszani, vagy ak\u00e1r belemegy olyan rizik\u00f3s helyzetekbe is, hogy a lasztit fedezve faultot harcoljon ki.\r\n<h3>Brav\u00farok \u00e9s passzok m\u00e1r r\u00f6gt\u00f6n az els\u0151 olasz bajnokij\u00e1n, augusztusban:<\/h3>\r\nhttps:\/\/www.youtube.com\/watch?v=SLjBjhV205g\r\n\r\nA Donnarumm\u00e1n\u00e1l n\u00e9gy \u00e9vvel id\u0151sebb Maignanr\u00f3l kijelenthet\u0151, hogy tehets\u00e9gben nincs egy szinten az olasszal, aki 17 \u00e9ves kora el\u0151tt m\u00e1r bajnokin v\u00e9dett a Milan els\u0151 csapat\u00e1ban \u00e9s nyugodtan nevezhet\u0151 korszakos zseninek. De hogy egy t\u00f6k\u00e9letes B megold\u00e1s volt az Eb-d\u00f6nt\u0151 h\u0151s\u00e9nek p\u00f3tl\u00e1s\u00e1ra, azt m\u00e1r egy f\u00e9l szezon alatt siker\u00fclt bizony\u00edtania.","type":"rich","thumbnail_url":"https:\/\/s.24.hu\/app\/uploads\/sites\/24\/2022\/02\/gigi-maignan-150x150.jpg","thumbnail_width":150,"thumbnail_height":150}

Futó Csaba

Mit lehet tenni, ha elhagy egy korszakos zseni? Elő kell állni a tökéletes B tervvel

Az előzmények után senkit sem ért váratlanul, de azért biztosan fájt az AC Milan szurkolóinak, amikor június közepén gyakorlatilag már kész tényként kezelte mindenki, hogy <strong>Gianluigi Donnarumma</strong> elhagyja a csapatot és a PSG játékosa lesz – július közepén írt alá végül új csapatához. Tette mindezt azok után, hogy a Serie A-szezon legjobb kapusának választották, bajnoki ezüstéremhez és Bajnokok Ligája-induláshoz segítette a Rossonerit. A még mindig csak 22 éves kapus aztán az Európa-bajnokságon is bizonyította klasszisát: a döntőben két tizenegyest is védett a párbajban, az aranyérem után pedig az egész torna legjobb kapusának megválasztották.

Egy ilyen kaliberű játékos elvesztése bármilyen klubot megrendítene, főleg, ha a szerződése lejártával ingyen lép le. Csakhogy a milánói vezetőség, látva hogyan haladnak a dolgok Donnarummával, már előre bebiztosította magát, és még az olasz kapus távozása előtt megegyezett a francia bajnok Lille-lel<strong> Mike Maignan</strong> átigazolásáról. Adtak a franciáért bő 14 millió eurót és ötéves szerződést írattak alá vele.

<span class="highlight-block-small">A történet anyagi oldala felett jótékonyan szemet hunyva bő fél év után meg lehet állapítani, hogy egyik legjobb játékosa lelépését kifejezetten jól vészelte át a Milan.</span>

A Francia Guyanán született Maignan a legjobbak között van több védési mutatóban is Olaszországban. 50 hárítása ugyan a középmezőnyre elég (meccseket hagyott ki csuklósérülés miatt, azért is az alacsonyabb szám), ám 78,1 százalékkal véd (ezzel második a Serie A-ban), majdnem minden második találkozóját lehozza kapott gól nélkül (42,1 százalék, ez a harmadik legjobb mutató a ligában).

<img class="alignnone size-full wp-image-3676" src="https://sport24.24.hu/app/uploads/sites/24/2022/02/mike-maignan.jpg" alt="" width="1024" height="682" />

Mindezek mellett a mélyebb statisztikai rangsorokban is elöl áll: például a lövések utáni kalkulálható gólok – a tizenegyeseket és az öngólokat nem számítva – mutatójában plusz 3,8-cal áll, azaz ennyivel kevesebbszer kellett maga mögé nyúlnia, mint amilyen minőségi próbálkozások érkeztek a kapujára. Ezzel is a második legjobb a bajnokságban.

<span class="highlight-block-small">Sokat lehetne még sorolni milyen érdemei vannak a kapusstatisztikákban, ám amivel még nagy erőssége a Milannak, hogy kis túlzással olyan, mintha egy mélységi irányító lenne.</span>
<div class="payable-content-section"></div>
Maignan már a Lille-nél is kitűnt azzal, hogy miután megkaparintotta a labdát, kézzel vagy lábbal egyből megpróbálta indítani csapatát, hogy aztán gyors kontrát lehessen vezetni a rendezetlen védelmekkel szemben. Emellett pedig, ha kell, képes akár az ellenfél térfelére is pontosan felpasszolni a labdát.

Utóbbira láthattunk egy tökéletes példát a Serie A legutóbbi fordulójában. A Milan a Sampdoria elleni hazai meccsén a 8. percben megszerezte a győztes gólt: Maignan parádésan indította meg a védelem mögé a szélen <strong>Rafael Leaót</strong>, aki aztán egy okos csellel és lövéssel zárta le a villámgyors akciót. A kapus passza és a gól között mindössze nyolc másodperc telt el. A milánói csapatban legutóbb még <strong>Dida</strong> adott gólpasszt a Serie A-ban. <a href="https://twitter.com/IFTVofficial/status/1492842175297638400">2006-ban</a>.

https://i.imgur.com/py6405K.mp4

Nem nagy megállapítás, hogy egy lábbal is ügyes kapus mekkora erősítés egy csapatnak, eleve segíti áthidalni az ellenfél presszingjét, könnyebben sikerül átjátszani a letámadást azzal, hogy így egy mezőnyjátékos mindig üresen maradhat az építkezés során. De Maignan ebben annyira jó, hogy <a href="https://fbref.com/en/players/fcb38f57/Mike-Maignan#all_stats_passing">az FBref statisztikái</a> szerint
<ul>
 	<li>a szezonban még nem volt pontatlan passza 27 méteren belül (összesen 310 kísérletből),</li>
 	<li>de ennél hosszabban is 60 százalékkal játszotta meg a társakat (206 pontos/343 kísérlet).</li>
 	<li>Két olyan passza volt, amit kapura lövés követett (az egyikből gól lett) és volt kilenc olyan indítása is, amely az ellenfél harmadában talált Milan-játékost.</li>
</ul>
Mindez azért is feltűnő, mert Donnarummának akadtak látványos bakijai is, amikor lábbal kellett megjátszania a labdát. Ismét egy Sampdoria elleni példát lehet felhozni: az előző szezonban az olasz válogatott kapusa egy biztonsági passz helyett ügyetlenül az ellenfél rárontó játékosára rúgta a labdát, ami aztán a kapujába pattant.

https://www.youtube.com/watch?v=coX6rsc4pgM&amp;ab_channel=SpiritoZero

Azzal, hogy Maignan ügyes lábbal és jól olvassa a játékot azt is eredményezi, hogy szívesen avatkozik bele a játékba is, sűrűn mozdul ki a kapujából – olykor akár még túlzott kockázatot is vállalva. Mindenesetre a tizenhatoson kívül meccsenként átlagban egy defenzív akció kerül a neve mellé, aminél szintén csak egy kapus tud többet az egész olasz mezőnyben a jelenlegi szezonban. A közbeavatkozásai nem csak abban merülnek ki, hogy kirúgja a labdát taccsra, hanem próbálja azt megjátszani, vagy akár belemegy olyan rizikós helyzetekbe is, hogy a lasztit fedezve faultot harcoljon ki.
<h3>Bravúrok és passzok már rögtön az első olasz bajnokiján, augusztusban:</h3>
https://www.youtube.com/watch?v=SLjBjhV205g

A Donnarummánál négy évvel idősebb Maignanról kijelenthető, hogy tehetségben nincs egy szinten az olasszal, aki 17 éves kora előtt már bajnokin védett a Milan első csapatában és nyugodtan nevezhető korszakos zseninek. De hogy egy tökéletes B megoldás volt az Eb-döntő hősének pótlására, azt már egy fél szezon alatt sikerült bizonyítania.
