{"version":"1.0","provider_name":"Sport24","provider_url":"https:\/\/sport24.24.hu","author_name":"Fut\u00f3 Csaba","author_url":"https:\/\/sport24.24.hu\/author\/futocs\/","title":"\u00cdgy lesz v\u00e9ge a Simeone-\u00e9r\u00e1nak Madridban?","html":"Barcelon\u00e1ban folytat\u00f3dott az Atl\u00e9tico Madrid vessz\u0151fut\u00e1sa, annak ellen\u00e9re is, hogy a lehet\u0151 legjobban indult a rangad\u00f3 a c\u00edmv\u00e9d\u0151 sz\u00e1m\u00e1ra: a csapat legvesz\u00e9lyesebb j\u00e1t\u00e9kosa, a lassan a p\u00e1lya minden r\u00e9sz\u00e9n bevetett <strong>Yannick Carrasco<\/strong> m\u00e1r a 8. percben vezet\u00e9st szerzett, \u00e1m ezut\u00e1n sorban kapta a g\u00f3lokat a vend\u00e9gv\u00e9delem, a Barca pedig v\u00e9g\u00fcl <a href=\"https:\/\/rangado.24.hu\/nemzetkozi_foci\/2022\/02\/06\/la-liga-legyozte-az-atletico-madridot-a-barcelona\/\">4-2-re nyert<\/a> m\u00e9g \u00fagy is, hogy a 69. perct\u0151l emberh\u00e1tr\u00e1nyban j\u00e1tszott <strong>Dani Alves<\/strong> ki\u00e1ll\u00edt\u00e1sa miatt. A riv\u00e1lisok helyet cser\u00e9ltek a tabell\u00e1n, <strong>Xavi\u00e9k<\/strong> felj\u00f6ttek a negyedik helyre, az Atleti pedig az \u00f6t\u00f6dik, 17 pontra van leszakadva az \u00e9len \u00e1ll\u00f3 Real Madrid m\u00f6g\u00f6tt, ami m\u00e9g \u00fagy is tetemes h\u00e1tr\u00e1ny, hogy egy m\u00e9rk\u0151z\u00e9ssel kevesebbet j\u00e1tszott.\r\n\r\nDecember 23-\u00e1n volt t\u00edz \u00e9ve, hogy <strong>Diego Simeon\u00e9t<\/strong> kinevezt\u00e9k az Atl\u00e9tico Madrid \u00e9l\u00e9re, jelenleg \u0151 a legr\u00e9gebb \u00f3ta ugyanann\u00e1l a klubn\u00e1l dolgoz\u00f3 edz\u0151 az eur\u00f3pai toplig\u00e1kban. A csapat a t\u00f6rt\u00e9nete sor\u00e1n 33 tr\u00f3fe\u00e1t szerzett, ebb\u0151l nyolcat \u2013 k\u00f6zte k\u00e9t bajnoki c\u00edmet \u2013 az argentin szakemberrel, \u00e9s azt se feledj\u00fck, hogy k\u00e9tszer is m\u00e1r szinte az egyik kez\u00fck a Bajnokok Lig\u00e1ja-serlegen lehetett a madridiaknak, de el\u0151bb hosszabb\u00edt\u00e1sban, majd tizenegyesekkel buktak el a Real elleni d\u00f6nt\u0151ben.\r\n\r\n<span class=\"highlight-block-small\">M\u00e9gis, ha valaminek, akkor \u00e9pp az \u00fcnnepl\u00e9snek nincs most itt az ideje, ugyanis a Simeone-korszak messze legnehezebb id\u0151szak\u00e1t \u00e9li az Atleti. De vajon mi t\u00f6rt\u00e9nt?<\/span>\r\n<div class=\"payable-content-section\"><\/div>\r\nEgy hossz\u00fa \u00e9veken \u00e1t ugyanann\u00e1l a csapatn\u00e1l dolgoz\u00f3 edz\u0151 karrierj\u00e9ben \u00f3hatatlanul el\u0151fordulnak hull\u00e1mv\u00f6lgyek. Nincs ez m\u00e1sk\u00e9pp Simeone \u00e9s az Atl\u00e9tico Madrid eset\u00e9ben sem, voltak f\u00e1jdalmasan korai kupab\u00facs\u00fak, mint ahogy az is el\u0151fordult, hogy m\u00e1r a csoportk\u00f6rben kiesett a BL-b\u0151l a csapat \u2013 akkor viszont egy Eur\u00f3pa Liga-sikerrel siker\u00fclt megmenteni az eur\u00f3pai szezont. Ami viszont nem t\u00f6rt\u00e9nt meg egyetlen teljes szezonj\u00e1ban sem, hogy ne v\u00e9gzett volna legal\u00e1bb a dobog\u00f3n a Madrid, ennek viszont most megvan a re\u00e1lis es\u00e9lye; a Realt kitart\u00f3an \u00fcld\u00f6z\u0151 Sevilla is 11 ponttal el\u0151zi az Atletit, m\u00edg a harmadik hely\u00e9rt zajl\u00f3 versenyben a Betis, a Barcelona, a Villarreal \u00e9s a Real Sociedad is r\u00e9szt vesz.\r\n\r\nSimeone v\u00e9dekez\u00e9s-orient\u00e1lt, a nagy meccseken sokszor az ellenf\u00e9l j\u00e1t\u00e9k\u00e1nak t\u00f6nkret\u00e9tel\u00e9re t\u00f6rekv\u0151 felfog\u00e1s\u00e1ra \u00e9p\u00fcl\u0151 filoz\u00f3fi\u00e1hoz tal\u00e1n nehezen illeszkedik az, hogy t\u00e1mad\u00e1sban brut\u00e1lis arzen\u00e1l \u00e1ll az edz\u0151 rendelkez\u00e9s\u00e9re: a m\u00e1r megl\u00e9v\u0151 <strong>Lius Su\u00e1rez<\/strong>, <strong>Joao F\u00e9lix<\/strong>, <strong>Angel Correa<\/strong> h\u00e1rmashoz \u00e9rkezett m\u00e9g a visszat\u00e9r\u0151 <strong>Antoine Griezmann<\/strong>, valamint a Herth\u00e1t\u00f3l igazolt <strong>Matheus Cunha<\/strong>. Mintha komfortz\u00f3n\u00e1j\u00e1n k\u00edv\u00fcli is esne Diego Simeon\u00e9nak, hogy ekkora vari\u00e1ci\u00f3s lehet\u0151s\u00e9ge van, csakhogy az Atl\u00e9tico erre eddig r\u00e1c\u00e1fol, ugyanis a g\u00f3lok ter\u00e9n rendben van a csapat, a 38 tal\u00e1lat a La Lig\u00e1ban a harmadik legt\u00f6bb (igaz, komoly t\u00falteljes\u00edt\u00e9s is), mik\u00f6zben az eml\u00edtett \u00f6t j\u00e1t\u00e9kos k\u00f6z\u00fcl n\u00e9gyen is legal\u00e1bb \u00f6t g\u00f3ln\u00e1l j\u00e1rnak m\u00e1r a szezonban minden sorozatot figyelembe v\u00e9ve.\r\n\r\n<span class=\"highlight-block-small\">Ami igaz\u00e1b\u00f3l a legmeglep\u0151bb, hogy sebezhet\u0151 h\u00e1tul az Atl\u00e9tico Madrid.<\/span>\r\n\r\n<a href=\"https:\/\/rangado.24.hu\/nemzetkozi_foci\/2022\/02\/06\/la-liga-legyozte-az-atletico-madridot-a-barcelona\/\">Jan Oblak<\/a> katasztrof\u00e1lis szezonj\u00e1r\u00f3l m\u00e1r \u00edrtunk, a szlov\u00e9n kapus mutat\u00f3i pedig az\u00f3ta csak romlottak \u2013 a Barcelona elleni m\u00e9rk\u0151z\u00e9sen p\u00e9ld\u00e1ul \u00fagy kapott n\u00e9gy g\u00f3lt, hogy nem volt egyetlen v\u00e9d\u00e9se sem. Le\u00edrni is megd\u00f6bbent\u0151: 43,8 sz\u00e1zal\u00e9kos \u201ehat\u00e9konys\u00e1ggal\u201d v\u00e9d, ami a legrosszabb az eg\u00e9sz mez\u0151nyben. A m\u00e1sodik legrosszabb mutat\u00f3t az Alav\u00e9s kapusai hozt\u00e1k \u00f6ssze, akik a l\u00f6v\u00e9sek 60,4 sz\u00e1zal\u00e9k\u00e1t h\u00e1r\u00edtott\u00e1k.\r\n\r\n[central_article_recommendation title=\"Kapcsol\u00f3d\u00f3\" url=\"https:\/\/sport24.24.hu\/foci\/2022\/01\/02\/jan-oblak-ember-atletico-madrid\/\" image=\"1\" lead=\"1\"]\r\n\r\nEz a t\u00f6r\u00e9kenys\u00e9g a v\u00e9delemben \u00fagy m\u00e9g ink\u00e1bb szemet sz\u00farhat, hogy az alap statisztik\u00e1kban egy\u00e9bk\u00e9nt eg\u00e9sz j\u00f3l \u00e1ll az Atl\u00e9tico. A madridi h\u00e1ts\u00f3 alakzat ugyanis\r\n<ul>\r\n \t<li>a legkevesebb kaput eltal\u00e1l\u00f3 l\u00f6v\u00e9st enged\u00e9lyezte az ellenfeleknek (48-at),<\/li>\r\n \t<li>ebb\u0151l k\u00f6vetkezik az is, hogy a legkevesebb min\u0151s\u00e9gi helyzetet (17,6 xG) az Atleti ellen dolgozt\u00e1k ki a csapatok.<\/li>\r\n<\/ul>\r\nCsakhogy k\u00f6zben m\u00e1r 30 g\u00f3lt kapott eddig az Atl\u00e9tico, azaz kev\u00e9s, \u00e9s nem is olyan min\u0151s\u00e9gi l\u00f6v\u00e9sb\u0151l siker\u00fclt sokszor bevenni Oblak kapuj\u00e1t. A szlov\u00e9n \u2013 \u00e9rz\u00e9sre \u00e9s statisztikailag is \u2013 rengeteg olyan helyzetb\u0151l kap g\u00f3lt, amiket kor\u00e1bban megoldott, de a v\u00e9delmet sem lehet felmenteni a felel\u0151ss\u00e9g al\u00f3l. K\u00fcl\u00f6n\u00f6sen a bead\u00e1sokn\u00e1l sebezhet\u0151 l\u00e1tv\u00e1nyosan a madridi v\u00e9delem, a fejp\u00e1rbajoknak csak a 48 sz\u00e1zal\u00e9k\u00e1t nyerik meg a j\u00e1t\u00e9kosok a saj\u00e1t tizenhatosukon bel\u00fcl.\r\n\r\n<img class=\"alignnone size-full wp-image-3629\" src=\"https:\/\/sport24.24.hu\/app\/uploads\/sites\/24\/2022\/02\/felipe.jpg\" alt=\"\" width=\"1024\" height=\"681\" \/>\r\n\r\n\u00c9s b\u00e1r Simeone \u2013 sokszor k\u00e9nyszer\u0171s\u00e9gb\u0151l is \u2013 s\u0171r\u0171n v\u00e1ltogatja a h\u00e1ts\u00f3 n\u00e9gyest\/h\u00e1rmast, az l\u00e1tszik, hogy <strong>Felipe<\/strong> kezdet\u00e9se \u00f6ngyilkoss\u00e1g: az eddigi tizenk\u00e9t bajnokib\u00f3l \u00f6t\u00f6t vesz\u00edtett el vele a csapat, vagy m\u00e1sik oldalr\u00f3l n\u00e9zve, mind\u00f6ssze h\u00e1rmat nyert meg vele. Ugyan a p\u00e1rharcai 57 sz\u00e1zal\u00e9k\u00e1t megnyerte eddig a brazil, a k\u00f6zel\u00e9ben sincs <strong>Jos\u00e9 Mar\u00eda G\u00edmenez<\/strong> vagy <strong>Stevan Savic<\/strong> hat\u00e9konys\u00e1g\u00e1nak, \u00e9s b\u00e1r a Barca ellen veres\u00e9g lett a rangad\u00f3 v\u00e9ge, Felipe m\u00e1r csak a kispadon kapott helyet. Persze nem lehet csak a brazil nyak\u00e1ba varrni a rossz szerepl\u00e9st, de az l\u00e1tszik, hogy a megszokotthoz k\u00e9pest min\u0151s\u00e9gileg gyeng\u00e9bb v\u00e9delem, valamint Oblak gyeng\u00e9lked\u00e9se egy\u00fctt eredm\u00e9nyezik az Atl\u00e9tico Madrid rosszabb szerepl\u00e9s\u00e9t.\r\n\r\nAk\u00e1rhogy is, Diego Simeone ir\u00e1ny\u00edt\u00e1s\u00e1val a legm\u00e9lyebb g\u00f6d\u00f6rb\u0151l kellene kim\u00e1sznia a csapatnak. \u00c9s, ha siker\u00fcl is valamennyire kozmetik\u00e1zni, az egyik legfontosabb k\u00e9rd\u00e9s lesz, hogy a sok sz\u00e9p eml\u00e9k ellen\u00e9re is az \u00e1lland\u00f3s\u00e1gra szavaz majd a vezet\u00e9s, vagy pedig elj\u00f6tt a v\u00e1ltoz\u00e1s ideje.","type":"rich","thumbnail_url":"https:\/\/s.24.hu\/app\/uploads\/sites\/24\/2022\/02\/simeone-150x150.jpg","thumbnail_width":150,"thumbnail_height":150}

Futó Csaba

Így lesz vége a Simeone-érának Madridban?

Barcelonában folytatódott az Atlético Madrid vesszőfutása, annak ellenére is, hogy a lehető legjobban indult a rangadó a címvédő számára: a csapat legveszélyesebb játékosa, a lassan a pálya minden részén bevetett <strong>Yannick Carrasco</strong> már a 8. percben vezetést szerzett, ám ezután sorban kapta a gólokat a vendégvédelem, a Barca pedig végül <a href="https://rangado.24.hu/nemzetkozi_foci/2022/02/06/la-liga-legyozte-az-atletico-madridot-a-barcelona/">4-2-re nyert</a> még úgy is, hogy a 69. perctől emberhátrányban játszott <strong>Dani Alves</strong> kiállítása miatt. A riválisok helyet cseréltek a tabellán, <strong>Xaviék</strong> feljöttek a negyedik helyre, az Atleti pedig az ötödik, 17 pontra van leszakadva az élen álló Real Madrid mögött, ami még úgy is tetemes hátrány, hogy egy mérkőzéssel kevesebbet játszott.

December 23-án volt tíz éve, hogy <strong>Diego Simeonét</strong> kinevezték az Atlético Madrid élére, jelenleg ő a legrégebb óta ugyanannál a klubnál dolgozó edző az európai topligákban. A csapat a története során 33 trófeát szerzett, ebből nyolcat – közte két bajnoki címet – az argentin szakemberrel, és azt se feledjük, hogy kétszer is már szinte az egyik kezük a Bajnokok Ligája-serlegen lehetett a madridiaknak, de előbb hosszabbításban, majd tizenegyesekkel buktak el a Real elleni döntőben.

<span class="highlight-block-small">Mégis, ha valaminek, akkor épp az ünneplésnek nincs most itt az ideje, ugyanis a Simeone-korszak messze legnehezebb időszakát éli az Atleti. De vajon mi történt?</span>
<div class="payable-content-section"></div>
Egy hosszú éveken át ugyanannál a csapatnál dolgozó edző karrierjében óhatatlanul előfordulnak hullámvölgyek. Nincs ez másképp Simeone és az Atlético Madrid esetében sem, voltak fájdalmasan korai kupabúcsúk, mint ahogy az is előfordult, hogy már a csoportkörben kiesett a BL-ből a csapat – akkor viszont egy Európa Liga-sikerrel sikerült megmenteni az európai szezont. Ami viszont nem történt meg egyetlen teljes szezonjában sem, hogy ne végzett volna legalább a dobogón a Madrid, ennek viszont most megvan a reális esélye; a Realt kitartóan üldöző Sevilla is 11 ponttal előzi az Atletit, míg a harmadik helyért zajló versenyben a Betis, a Barcelona, a Villarreal és a Real Sociedad is részt vesz.

Simeone védekezés-orientált, a nagy meccseken sokszor az ellenfél játékának tönkretételére törekvő felfogására épülő filozófiához talán nehezen illeszkedik az, hogy támadásban brutális arzenál áll az edző rendelkezésére: a már meglévő <strong>Lius Suárez</strong>, <strong>Joao Félix</strong>, <strong>Angel Correa</strong> hármashoz érkezett még a visszatérő <strong>Antoine Griezmann</strong>, valamint a Herthától igazolt <strong>Matheus Cunha</strong>. Mintha komfortzónáján kívüli is esne Diego Simeonénak, hogy ekkora variációs lehetősége van, csakhogy az Atlético erre eddig rácáfol, ugyanis a gólok terén rendben van a csapat, a 38 találat a La Ligában a harmadik legtöbb (igaz, komoly túlteljesítés is), miközben az említett öt játékos közül négyen is legalább öt gólnál járnak már a szezonban minden sorozatot figyelembe véve.

<span class="highlight-block-small">Ami igazából a legmeglepőbb, hogy sebezhető hátul az Atlético Madrid.</span>

<a href="https://rangado.24.hu/nemzetkozi_foci/2022/02/06/la-liga-legyozte-az-atletico-madridot-a-barcelona/">Jan Oblak</a> katasztrofális szezonjáról már írtunk, a szlovén kapus mutatói pedig azóta csak romlottak – a Barcelona elleni mérkőzésen például úgy kapott négy gólt, hogy nem volt egyetlen védése sem. Leírni is megdöbbentő: 43,8 százalékos „hatékonysággal” véd, ami a legrosszabb az egész mezőnyben. A második legrosszabb mutatót az Alavés kapusai hozták össze, akik a lövések 60,4 százalékát hárították.

[central_article_recommendation title="Kapcsolódó" url="https://sport24.24.hu/foci/2022/01/02/jan-oblak-ember-atletico-madrid/" image="1" lead="1"]

Ez a törékenység a védelemben úgy még inkább szemet szúrhat, hogy az alap statisztikákban egyébként egész jól áll az Atlético. A madridi hátsó alakzat ugyanis
<ul>
 	<li>a legkevesebb kaput eltaláló lövést engedélyezte az ellenfeleknek (48-at),</li>
 	<li>ebből következik az is, hogy a legkevesebb minőségi helyzetet (17,6 xG) az Atleti ellen dolgozták ki a csapatok.</li>
</ul>
Csakhogy közben már 30 gólt kapott eddig az Atlético, azaz kevés, és nem is olyan minőségi lövésből sikerült sokszor bevenni Oblak kapuját. A szlovén – érzésre és statisztikailag is – rengeteg olyan helyzetből kap gólt, amiket korábban megoldott, de a védelmet sem lehet felmenteni a felelősség alól. Különösen a beadásoknál sebezhető látványosan a madridi védelem, a fejpárbajoknak csak a 48 százalékát nyerik meg a játékosok a saját tizenhatosukon belül.

<img class="alignnone size-full wp-image-3629" src="https://sport24.24.hu/app/uploads/sites/24/2022/02/felipe.jpg" alt="" width="1024" height="681" />

És bár Simeone – sokszor kényszerűségből is – sűrűn váltogatja a hátsó négyest/hármast, az látszik, hogy <strong>Felipe</strong> kezdetése öngyilkosság: az eddigi tizenkét bajnokiból ötöt veszített el vele a csapat, vagy másik oldalról nézve, mindössze hármat nyert meg vele. Ugyan a párharcai 57 százalékát megnyerte eddig a brazil, a közelében sincs <strong>José María Gímenez</strong> vagy <strong>Stevan Savic</strong> hatékonyságának, és bár a Barca ellen vereség lett a rangadó vége, Felipe már csak a kispadon kapott helyet. Persze nem lehet csak a brazil nyakába varrni a rossz szereplést, de az látszik, hogy a megszokotthoz képest minőségileg gyengébb védelem, valamint Oblak gyengélkedése együtt eredményezik az Atlético Madrid rosszabb szereplését.

Akárhogy is, Diego Simeone irányításával a legmélyebb gödörből kellene kimásznia a csapatnak. És, ha sikerül is valamennyire kozmetikázni, az egyik legfontosabb kérdés lesz, hogy a sok szép emlék ellenére is az állandóságra szavaz majd a vezetés, vagy pedig eljött a változás ideje.
