{"version":"1.0","provider_name":"Sport24","provider_url":"https:\/\/sport24.24.hu","author_name":"Fut\u00f3 Csaba","author_url":"https:\/\/sport24.24.hu\/author\/futocs\/","title":"Az NB I K\u00f6z\u00e9p-Eur\u00f3pa Katarja","html":"Az \u00e9v utols\u00f3 Ziccer\u00e9ben <strong>K\u00e1lnoki Kis Attila<\/strong> a Sport24 \u00e1lland\u00f3 szerz\u0151j\u00e9vel,<strong> Marosi Gergellyel<\/strong> \u00e9rt\u00e9kelte a 12 csapat teljes\u00edtm\u00e9ny\u00e9t, de sz\u00f3ba ker\u00fclt az is,\r\n<ul>\r\n \t<li>j\u00f3t tesz-e a magyar futballnak, hogy az NB I Eur\u00f3p\u00e1ban is ritka m\u00f3don \"falubajnoks\u00e1g\",<\/li>\r\n \t<li>hogy mik\u00f6zben \u00e9vr\u0151l \u00e9vre n\u0151 az idegenl\u00e9gi\u00f3sok j\u00e1t\u00e9kperce, az MLSZ v\u00edzi\u00f3ja ellen\u00e9re egyre cs\u00f6kken a n\u00e9z\u0151sz\u00e1m.<\/li>\r\n<\/ul>\r\n[central_article_recommendation title=\"Kapcsol\u00f3d\u00f3\" url=\"https:\/\/sport24.24.hu\/foci\/2021\/12\/21\/foci-nb1-osz-ertekeles\/\" image=\"1\" lead=\"1\"]","type":"rich","thumbnail_url":"https:\/\/s.24.hu\/app\/uploads\/sites\/24\/2021\/12\/fradi-kisvarda-150x150.jpg","thumbnail_width":150,"thumbnail_height":150}

Futó Csaba

Az NB I Közép-Európa Katarja

Az év utolsó Ziccerében <strong>Kálnoki Kis Attila</strong> a Sport24 állandó szerzőjével,<strong> Marosi Gergellyel</strong> értékelte a 12 csapat teljesítményét, de szóba került az is,
<ul>
 	<li>jót tesz-e a magyar futballnak, hogy az NB I Európában is ritka módon "falubajnokság",</li>
 	<li>hogy miközben évről évre nő az idegenlégiósok játékperce, az MLSZ víziója ellenére egyre csökken a nézőszám.</li>
</ul>
[central_article_recommendation title="Kapcsolódó" url="https://sport24.24.hu/foci/2021/12/21/foci-nb1-osz-ertekeles/" image="1" lead="1"]
