{"version":"1.0","provider_name":"Sport24","provider_url":"https:\/\/sport24.24.hu","author_name":"Fut\u00f3 Csaba","author_url":"https:\/\/sport24.24.hu\/author\/futocs\/","title":"VAR-hat\u00e1s az NB I-ben: ki kell der\u00fclnie, ha egy j\u00e1t\u00e9kvezet\u0151 gyeng\u00e9bb k\u00e9pess\u00e9g\u0171","html":"<ul>\r\n \t<li>A k\u00e9rd\u00e9s az, ha ennyire pozit\u00edv a VAR meg\u00edt\u00e9l\u00e9se, mi\u00e9rt vannak m\u00e9g mindig vit\u00e1s esetek?<\/li>\r\n \t<li>Helyes az a szurkol\u00f3i kritika, hogy sok esetben f\u00f6l\u00f6slegesen \u00e9s t\u00fal sok\u00e1ig \u00e1ll a j\u00e1t\u00e9k? K\u00f6vetkezetlen a VAR-haszn\u00e1lat vagy mindez norm\u00e1lis?<\/li>\r\n \t<li>Hogyan, mivel b\u00fcntetik a VAR ellen\u00e9re hib\u00e1z\u00f3 j\u00e1t\u00e9kvezet\u0151ket \u00e9s\/vagy a VAR-szob\u00e1ban \u00fcl\u0151 koll\u00e9g\u00e1kat?<\/li>\r\n \t<li>\u00d6sszess\u00e9g\u00e9ben tiszt\u00e1bb\u00e1 teheti-e a VAR a magyar futballt?<\/li>\r\n<\/ul>\r\n[central_article_recommendation title=\"Kapcsol\u00f3d\u00f3\" url=\"https:\/\/rangado.24.hu\/magyar_foci\/2021\/12\/20\/nb-1-piros-lap-piros-lapok-szama-labdarugas-foci\/\" image=\"1\" lead=\"1\"]\r\n\r\nA videob\u00edr\u00f3 bevezet\u00e9s\u00e9nek pozit\u00edv tapasztalatair\u00f3l, hi\u00e1nyoss\u00e1gair\u00f3l, az MLSZ vonatkoz\u00f3 statisztik\u00e1inak \u00e9rtelmez\u00e9s\u00e9r\u0151l a kor\u00e1bbi FIFA j\u00e1t\u00e9kvezet\u0151vel, <strong>Szab\u00f3 Zsolttal<\/strong> a 24.hu f\u0151szerkeszt\u0151je, <strong>Pet\u0151 P\u00e9ter<\/strong> \u00e9s <strong>K\u00e1lnoki Kis Attila<\/strong> besz\u00e9lgetett.","type":"rich","thumbnail_url":"https:\/\/s.24.hu\/app\/uploads\/sites\/24\/2021\/12\/var-150x150.jpg","thumbnail_width":150,"thumbnail_height":150}

Futó Csaba

VAR-hatás az NB I-ben: ki kell derülnie, ha egy játékvezető gyengébb képességű

<ul>
 	<li>A kérdés az, ha ennyire pozitív a VAR megítélése, miért vannak még mindig vitás esetek?</li>
 	<li>Helyes az a szurkolói kritika, hogy sok esetben fölöslegesen és túl sokáig áll a játék? Következetlen a VAR-használat vagy mindez normális?</li>
 	<li>Hogyan, mivel büntetik a VAR ellenére hibázó játékvezetőket és/vagy a VAR-szobában ülő kollégákat?</li>
 	<li>Összességében tisztábbá teheti-e a VAR a magyar futballt?</li>
</ul>
[central_article_recommendation title="Kapcsolódó" url="https://rangado.24.hu/magyar_foci/2021/12/20/nb-1-piros-lap-piros-lapok-szama-labdarugas-foci/" image="1" lead="1"]

A videobíró bevezetésének pozitív tapasztalatairól, hiányosságairól, az MLSZ vonatkozó statisztikáinak értelmezéséről a korábbi FIFA játékvezetővel, <strong>Szabó Zsolttal</strong> a 24.hu főszerkesztője, <strong>Pető Péter</strong> és <strong>Kálnoki Kis Attila</strong> beszélgetett.
