{"version":"1.0","provider_name":"Sport24","provider_url":"https:\/\/sport24.24.hu","author_name":"Fut\u00f3 Csaba","author_url":"https:\/\/sport24.24.hu\/author\/futocs\/","title":"\u201ePusk\u00e1s nem az\u00e9rt van el\u0151t\u00e9rben, mert a legh\u00edresebb magyar, hanem mert a politika el\u0151t\u00e9rbe hozta\u201d","html":"<ul>\r\n \t<li>De mib\u0151l fakad a Pusk\u00e1s-kultusz?<\/li>\r\n \t<li>Mi\u00e9rt az Aranycsapat n\u00e9vsor\u00e1t f\u00fajja a t\u00f6bbs\u00e9g fejb\u0151l, mi\u00e9rt nem a szint\u00e9n vb-ez\u00fcst\u00e9rmes 1938-as magyar labdar\u00fag\u00f3-v\u00e1logatott kezd\u0151 tizenegy\u00e9t?<\/li>\r\n \t<li>Mi az, amit a legismertebb magyar hagyat\u00e9kk\u00e9nt itt hagyott nek\u00fcnk, \u00e9s mi az, amib\u0151l t\u00e1pl\u00e1lkozhat, a j\u00f6v\u0151t tekintve \u00e9p\u00edtkezhet a honi futball?<\/li>\r\n<\/ul>\r\nMinderr\u0151l <strong>Hegyi Iv\u00e1n<\/strong>, <strong>Marosi Gergely<\/strong> \u00e9s <strong>K\u00e1lnoki Kis Attila<\/strong> besz\u00e9lgetett.\r\n\r\n<span class=\"highlight-block\">A Ziccer Extra kor\u00e1bbi ad\u00e1sait <a href=\"https:\/\/sport24.24.hu\/tag\/podcast\/\">ITT<\/a> tal\u00e1lja.<\/span>","type":"rich","thumbnail_url":"https:\/\/s.24.hu\/app\/uploads\/sites\/24\/2021\/11\/puskas-ferenc-150x150.jpg","thumbnail_width":150,"thumbnail_height":150}

Futó Csaba

„Puskás nem azért van előtérben, mert a leghíresebb magyar, hanem mert a politika előtérbe hozta”

<ul>
 	<li>De miből fakad a Puskás-kultusz?</li>
 	<li>Miért az Aranycsapat névsorát fújja a többség fejből, miért nem a szintén vb-ezüstérmes 1938-as magyar labdarúgó-válogatott kezdő tizenegyét?</li>
 	<li>Mi az, amit a legismertebb magyar hagyatékként itt hagyott nekünk, és mi az, amiből táplálkozhat, a jövőt tekintve építkezhet a honi futball?</li>
</ul>
Minderről <strong>Hegyi Iván</strong>, <strong>Marosi Gergely</strong> és <strong>Kálnoki Kis Attila</strong> beszélgetett.

<span class="highlight-block">A Ziccer Extra korábbi adásait <a href="https://sport24.24.hu/tag/podcast/">ITT</a> találja.</span>
