{"version":"1.0","provider_name":"Sport24","provider_url":"https:\/\/sport24.24.hu","author_name":"Bruckner G\u00e1bor","author_url":"https:\/\/sport24.24.hu\/author\/brucknerg\/","title":"Lengyel\u2013magyar: massz\u00edv, hun t\u00edpus\u00fa harcmodor","html":"Sok\u00e1ig a F\u00fcrge Nyuszi rekl\u00e1memberk\u00e9nt n\u00e9zegettem a p\u00e9csi plak\u00e1tokon <strong>Dibusz D\u00e9nest<\/strong> (6,5), aki Vars\u00f3ban is f\u00fcrge volt. Az els\u0151 f\u00e9lid\u0151ben volt egy \u00f6nfel\u00e1ldoz\u00f3 talajgyakorlata, <strong>Swiderski<\/strong> fejes\u00e9t pedig max akkor v\u00e9dhette volna, ha k\u00e9t m\u00e9ter h\u00faszra n\u0151 \u2013 m\u00e1s k\u00e9rd\u00e9s, hogy a felh\u0151fejesre tal\u00e1n nem ker\u00fcl sor, ha kij\u00f6n a sz\u00f6gletn\u00e9l.\r\n\r\n<strong>Fiola Attila<\/strong> (7,5) ez\u00fattal a h\u00e1romv\u00e9d\u0151s rendszer jobb oldal\u00e1n j\u00e1tszott, hozta a massz\u00edv, hun t\u00edpus\u00fa harcmodort. Mok\u00e1ny testalkat, oroszl\u00e1nsz\u00edv, kiv\u00e1l\u00f3 alkalmazkod\u00f3k\u00e9pess\u00e9g \u2013 mindez megvolt most is,\r\n\r\n<span class=\"highlight-block\">\u00e9s m\u00e9g a laptopok is meg\u00faszt\u00e1k.<\/span>\r\n\r\n[caption id=\"attachment_2677\" align=\"alignnone\" width=\"2000\"]<img class=\"size-full wp-image-2677\" src=\"https:\/\/sport24.24.hu\/app\/uploads\/sites\/24\/2021\/11\/000_9rq2n2.jpg\" alt=\"\" width=\"2000\" height=\"1577\" \/> Fiola Attila blokkja \u00e9s Krzysztof Piatek[\/caption]\r\n\r\nT\u00f6bb l\u00e1tv\u00e1nyos \u00e9s fontos ment\u00e9se volt <strong>Lang \u00c1d\u00e1mnak<\/strong> (7,5). Vars\u00f3ban pont \u00fagy n\u00e9zett ki, ahogy egy k\u00f6z\u00e9ps\u0151 v\u00e9d\u0151nek ki kell n\u00e9znie, a szok\u00e1sos szarvashib\u00e1ja is elmaradt. Ezt a be\u00e1ll\u00edt\u00e1st k\u00e9ne elmenteni n\u00e1la.\r\n<div class=\"payable-content-section\"><\/div>\r\n<strong>Szalai Attila<\/strong> (7) is hozta a form\u00e1j\u00e1t: volt n\u00e9h\u00e1ny \u00e9rthetetlen\u00fcl eladott labd\u00e1ja (passzhat\u00e9konys\u00e1g 61 sz\u00e1zal\u00e9k), de a szil\u00e1rds\u00e1g\u00e1val most sem volt baj. Az az\u00e9rt az \u0151 szerencs\u00e9je is, hogy a legvesz\u00e9lyesebb lengyel v\u00e9gig a kispadon kortyolgatott.\r\n\r\n<strong>Loic Nego<\/strong> (7) sz\u00e9p lassan a leghasznosabb, legfontosabb magyar j\u00e1t\u00e9koss\u00e1 n\u00f6vi ki mag\u00e1t a v\u00e1logatottban. Megb\u00edzhat\u00f3an, takar\u00e9kosan, de legf\u0151k\u00e9pp intelligensen focizik.\r\n\r\nTal\u00e1n az egyik leggyeng\u00e9bb meccse volt ez a v\u00e1logatottban <strong>Nagy \u00c1d\u00e1mnak<\/strong> (5,5). Rengeteg rossz passz, \u00fcresbe futkoz\u00e1s, rossz \u00fctem\u0171 kil\u00e9p\u00e9s. A meccs sportszer\u0171tlens\u00e9g\u00e9t jellemzi, hogy m\u00e9g \u0151 is felr\u00fagott egy-k\u00e9t lengyelt. Kis pihi nem \u00e1rtana most: egy vicces szelfi a ferde toronyn\u00e1l, egy s\u00e9ta a pisai egyetem botanikus kertj\u00e9ben (\u00e1ll\u00edt\u00f3lag az a legr\u00e9gebbi Eur\u00f3p\u00e1ban!).\r\n\r\n<strong>Sch\u00e4fer Andr\u00e1s<\/strong> (8) a 82. percben csod\u00e1latos mozdulattal ugratta ki<strong> Nagy Zsoltot<\/strong>, k\u00e9t perccel k\u00e9s\u0151bb pedig a tizenhatosunk el\u0151l k\u00fcldte azonnal t\u00e1mad\u00e1sba <strong>Kiss Tam\u00e1st<\/strong> \u2013 olyan helyzetb\u0151l, amikor a legt\u00f6bben annak is \u00f6r\u00fcltek volna, ha a lel\u00e1t\u00f3ra tudj\u00e1k r\u00fagni a labd\u00e1t. K\u00e9t apr\u00f3 pillanatk\u00e9p a meccsr\u0151l, \u00e9s akkor a g\u00f3lj\u00e1t m\u00e9g nem is eml\u00edtett\u00fck. Vars\u00f3ban kider\u00fclt r\u00f3la, hogy nemcsak lend\u00fcletes, j\u00f3 \u00fctem\u00e9rz\u00e9k\u0171 futballista, hanem fantasztikusan l\u00e1t a p\u00e1ly\u00e1n.\r\n\r\n<span class=\"highlight-block\">A mez\u0151ny legjobbja volt \u2013 impon\u00e1l\u00f3 statokkal!<\/span>\r\n\r\n[caption id=\"attachment_2672\" align=\"alignnone\" width=\"2000\"]<img class=\"size-full wp-image-2672\" src=\"https:\/\/sport24.24.hu\/app\/uploads\/sites\/24\/2021\/11\/000_9rq2nd.jpg\" alt=\"\" width=\"2000\" height=\"1698\" \/> Sch\u00e4fer Andr\u00e1s szerezte az els\u0151 magyar g\u00f3lt[\/caption]\r\n\r\nNagy Zsoltr\u00f3l (6) mindig az jut eszembe, hogy j\u00e1tszhatna a hely\u00e9n <strong>Kecsk\u00e9s<\/strong> a D\u00f3zs\u00e1b\u00f3l vagy <strong>Palaczky<\/strong> a P\u00e9csb\u0151l. Azt\u00e1n az, hogy mindegy, se nem jobb, se nem rosszabb. Furcs\u00e1n szerethet\u0151 j\u00e1t\u00e9kosok fordulnak meg a balbunk\u00f3 posztj\u00e1n, kev\u00e9s itt a m\u0171v\u00e9sz, ann\u00e1l t\u00f6bb a fogcsikorgat\u00f3 sprint, a brut\u00e1lis sarabol\u00e1s az oldalvonaln\u00e1l, a f\u00f6ldbe r\u00fag\u00e1s, a melank\u00f3lia.\r\n\r\nNagy potenci\u00e1lt l\u00e1tok <strong>Sch\u00f6n Szabolcsban<\/strong> (6,5), az olasz v\u00e1logatottba mostan\u00e1ban p\u00e9ld\u00e1ul sim\u00e1n bef\u00e9rne, rem\u00e9lem, elj\u00f6n m\u00e9g az id\u0151, amikor <strong>Insign\u00e9t<\/strong> csak az olasz Sch\u00f6nk\u00e9nt emlegetik majd. Vit\u00e1lis, gyors, lend\u00fcletes \u2013 igaz, n\u00e9ha \u00fagy v\u00e1lasztj\u00e1k el a labd\u00e1t\u00f3l, mint egy kisiskol\u00e1st.\r\n\r\n<strong>Varga Kevin<\/strong> (6) h\u00fasz\u00e9vesen dupl\u00e1zott a balmaz\u00fajv\u00e1rosi stadionavat\u00f3n a Palermo ellen, de az \u00f6r\u00f6k \u00edg\u00e9ret szerep\u00e9b\u0151l mintha az\u00f3ta sem tudott volna kin\u0151ni. Vars\u00f3ban tan\u00e1ri mozdulatsorral ind\u00edtotta a meccset: okszival \u00e1tvett egy labd\u00e1t, majd r\u00f6gt\u00f6n ind\u00edtott bel\u0151le. A folytat\u00e1sban azt\u00e1n hol elt\u0171nt, hol felt\u0171nt. Konzisztencia, Kevin, konzisztencia!\r\n\r\n[caption id=\"attachment_2676\" align=\"alignnone\" width=\"2000\"]<img class=\"size-full wp-image-2676\" src=\"https:\/\/sport24.24.hu\/app\/uploads\/sites\/24\/2021\/11\/000_9rq2g6_1.jpg\" alt=\"\" width=\"2000\" height=\"1696\" \/> Varga Kevin \u00e9s Jan Bednarek[\/caption]\r\n\r\n<strong>Szalai \u00c1d\u00e1m<\/strong> (7) tov\u00e1bbra sem <strong>Cristiano Ronaldo<\/strong> vagy <strong>Lionel Messi<\/strong>, de akinek ez nem tetszik, az h\u00fazza fel a focimezt, \u00e9s brusztoljon m\u00e1sf\u00e9l \u00f3r\u00e1t a k\u00e9tm\u00e9teres <strong>Dawidowicz-cal<\/strong> az oldal\u00e1n. Egy\u00e9bk\u00e9nt a m\u00e1sodik magyar g\u00f3l Szalai sarkaz\u00e1s\u00e1val indult, sz\u00f3val err\u0151l ennyit! #h\u0151s\u0151m\r\n\r\nAhhoz k\u00e9pest, hogy a cserek\u00e9nt be\u00e1llt <strong>Gazdag D\u00e1niel<\/strong> \u00e9s Kiss Tam\u00e1s egy sz\u00f6glet elv\u00e9gz\u00e9se k\u00f6zben majdnem egym\u00e1snak szaladt, egy perc m\u00falva par\u00e1d\u00e9s g\u00f3lt hoztak \u00f6ssze. Sz\u00e9p volt, fi\u00fak!\r\n\r\n<strong>Marco Rossinak<\/strong> (7) megvan az a k\u00e9pess\u00e9ge, ami nagyon kev\u00e9s futballedz\u0151nek:\r\n\r\n<span class=\"highlight-block\">soha nem adja fel. <\/span>\r\n\r\nRitk\u00e1n szoktuk ezt mondani edz\u0151kre, de a kem\u00e9ny fej\u0171 olasznak ez az egyik legjobb tulajdons\u00e1ga. Az alb\u00e1nok elleni gy\u00f6trelmek ut\u00e1n a csapat nem omlott \u00f6ssze, hanem ikszelt Londonban, majd gy\u0151z\u00f6tt Vars\u00f3ban, ami az edz\u0151 komoly motiv\u00e1ci\u00f3s k\u00e9pess\u00e9geire, pszichol\u00f3giai \u00e9rz\u00e9k\u00e9re utal. Ez persze t\u00fal sokat most sem \u00e9r, negyedik helyen v\u00e9gezt\u00fcnk a csoportban (Alb\u00e1nia m\u00f6g\u00f6tt), de a sz\u00e1nk \u00edze m\u00e9gsem olyan keser\u0171, voltak sz\u00e9p pillanatok ezen a k\u00e9t tal\u00e1lkoz\u00f3n.\r\n\r\n[prefabricated_shortcode in_app=\"0\" code=\"%3Cdiv%20class%3D%22article_box_border%22%20style%3D%22background%3A%20url%28%27https%3A%2F%2F24.p3k.hu%2Fapp%2Fuploads%2Fsites%2F24%2F2021%2F05%2Fsport24-pattern.png%27%29%20no-repeat%20left%20-16px%20%23f3f3f4%3B%20border%3A%20none%3B%22%3E%0D%0A%3Cdiv%20class%3D%22article_solidheader%22%3E%0D%0A%3Ch2%20style%3D%22color%3A%20%23111115%21important%3B%20font-size%3A%2036px%3B%20font-weight%3A%20bold%3B%20margin-bottom%3A%2030px%3B%20margin-top%3A%2020px%3B%20text-align%3A%20center%3B%20line-height%3A%2036px%3B%22%3E%3Cimg%20class%3D%22aligncenter%20size-full%20wp-image-141%22%20src%3D%22https%3A%2F%2F24.p3k.hu%2Fapp%2Fuploads%2Fsites%2F24%2F2021%2F05%2Fs24-logo-dt.png%22%20alt%3D%22%22%20width%3D%22408%22%20height%3D%2290%22%20%2F%3E%3C%2Fh2%3E%0D%0A%3Ch2%20style%3D%22color%3A%20%23111115%21important%3B%20font-size%3A%2036px%3B%20font-weight%3A%20bold%3B%20margin-bottom%3A%2030px%3B%20margin-top%3A%2020px%3B%20text-align%3A%20center%3B%20line-height%3A%2040px%3B%22%3ECsatlakozz%20a%20Sport24%20k%C3%B6z%C3%B6ss%C3%A9ghez%2C%20mondd%20el%20v%C3%A9lem%C3%A9nyedet%20z%C3%A1rt%20Facebook-csoportunkban%2C%20%C3%A9s%20vegy%C3%A9l%20r%C3%A9szt%20csak%20el%C5%91fizet%C5%91knek%20el%C3%A9rhet%C5%91%20exkluz%C3%ADv%20esem%C3%A9nyeinken.%3C%2Fh2%3E%0D%0A%3C%2Fdiv%3E%0D%0A%3Cp%20style%3D%22background%3A%20%2357A600%3B%20margin-top%3A%2020px%3B%20padding%3A%2020px%3B%20text-align%3A%20center%3B%22%3E%3Ca%20style%3D%22color%3A%20%23ffffff%3B%20font-size%3A%2026px%3B%20font-weight%3A%20600%3B%22%20href%3D%22https%3A%2F%2Fwww.facebook.com%2Fgroups%2F212344460412327%22%3ECSATLAKOZOM%3C%2Fa%3E%3C%2Fp%3E%0D%0A%0D%0A%3C%2Fdiv%3E\"]","type":"rich","thumbnail_url":"https:\/\/s.24.hu\/app\/uploads\/sites\/24\/2021\/11\/075_jastrzebowski-polskawe211115_npfpo-e1637067718415-150x150.jpg","thumbnail_width":150,"thumbnail_height":150}

Bruckner Gábor

Lengyel–magyar: masszív, hun típusú harcmodor

Sokáig a Fürge Nyuszi reklámemberként nézegettem a pécsi plakátokon <strong>Dibusz Dénest</strong> (6,5), aki Varsóban is fürge volt. Az első félidőben volt egy önfeláldozó talajgyakorlata, <strong>Swiderski</strong> fejesét pedig max akkor védhette volna, ha két méter húszra nő – más kérdés, hogy a felhőfejesre talán nem kerül sor, ha kijön a szögletnél.

<strong>Fiola Attila</strong> (7,5) ezúttal a háromvédős rendszer jobb oldalán játszott, hozta a masszív, hun típusú harcmodort. Mokány testalkat, oroszlánszív, kiváló alkalmazkodóképesség – mindez megvolt most is,

<span class="highlight-block">és még a laptopok is megúszták.</span>

[caption id="attachment_2677" align="alignnone" width="2000"]<img class="size-full wp-image-2677" src="https://sport24.24.hu/app/uploads/sites/24/2021/11/000_9rq2n2.jpg" alt="" width="2000" height="1577" /> Fiola Attila blokkja és Krzysztof Piatek[/caption]

Több látványos és fontos mentése volt <strong>Lang Ádámnak</strong> (7,5). Varsóban pont úgy nézett ki, ahogy egy középső védőnek ki kell néznie, a szokásos szarvashibája is elmaradt. Ezt a beállítást kéne elmenteni nála.
<div class="payable-content-section"></div>
<strong>Szalai Attila</strong> (7) is hozta a formáját: volt néhány érthetetlenül eladott labdája (passzhatékonyság 61 százalék), de a szilárdságával most sem volt baj. Az azért az ő szerencséje is, hogy a legveszélyesebb lengyel végig a kispadon kortyolgatott.

<strong>Loic Nego</strong> (7) szép lassan a leghasznosabb, legfontosabb magyar játékossá növi ki magát a válogatottban. Megbízhatóan, takarékosan, de legfőképp intelligensen focizik.

Talán az egyik leggyengébb meccse volt ez a válogatottban <strong>Nagy Ádámnak</strong> (5,5). Rengeteg rossz passz, üresbe futkozás, rossz ütemű kilépés. A meccs sportszerűtlenségét jellemzi, hogy még ő is felrúgott egy-két lengyelt. Kis pihi nem ártana most: egy vicces szelfi a ferde toronynál, egy séta a pisai egyetem botanikus kertjében (állítólag az a legrégebbi Európában!).

<strong>Schäfer András</strong> (8) a 82. percben csodálatos mozdulattal ugratta ki<strong> Nagy Zsoltot</strong>, két perccel később pedig a tizenhatosunk elől küldte azonnal támadásba <strong>Kiss Tamást</strong> – olyan helyzetből, amikor a legtöbben annak is örültek volna, ha a lelátóra tudják rúgni a labdát. Két apró pillanatkép a meccsről, és akkor a gólját még nem is említettük. Varsóban kiderült róla, hogy nemcsak lendületes, jó ütemérzékű futballista, hanem fantasztikusan lát a pályán.

<span class="highlight-block">A mezőny legjobbja volt – imponáló statokkal!</span>

[caption id="attachment_2672" align="alignnone" width="2000"]<img class="size-full wp-image-2672" src="https://sport24.24.hu/app/uploads/sites/24/2021/11/000_9rq2nd.jpg" alt="" width="2000" height="1698" /> Schäfer András szerezte az első magyar gólt[/caption]

Nagy Zsoltról (6) mindig az jut eszembe, hogy játszhatna a helyén <strong>Kecskés</strong> a Dózsából vagy <strong>Palaczky</strong> a Pécsből. Aztán az, hogy mindegy, se nem jobb, se nem rosszabb. Furcsán szerethető játékosok fordulnak meg a balbunkó posztján, kevés itt a művész, annál több a fogcsikorgató sprint, a brutális sarabolás az oldalvonalnál, a földbe rúgás, a melankólia.

Nagy potenciált látok <strong>Schön Szabolcsban</strong> (6,5), az olasz válogatottba mostanában például simán beférne, remélem, eljön még az idő, amikor <strong>Insignét</strong> csak az olasz Schönként emlegetik majd. Vitális, gyors, lendületes – igaz, néha úgy választják el a labdától, mint egy kisiskolást.

<strong>Varga Kevin</strong> (6) húszévesen duplázott a balmazújvárosi stadionavatón a Palermo ellen, de az örök ígéret szerepéből mintha azóta sem tudott volna kinőni. Varsóban tanári mozdulatsorral indította a meccset: okszival átvett egy labdát, majd rögtön indított belőle. A folytatásban aztán hol eltűnt, hol feltűnt. Konzisztencia, Kevin, konzisztencia!

[caption id="attachment_2676" align="alignnone" width="2000"]<img class="size-full wp-image-2676" src="https://sport24.24.hu/app/uploads/sites/24/2021/11/000_9rq2g6_1.jpg" alt="" width="2000" height="1696" /> Varga Kevin és Jan Bednarek[/caption]

<strong>Szalai Ádám</strong> (7) továbbra sem <strong>Cristiano Ronaldo</strong> vagy <strong>Lionel Messi</strong>, de akinek ez nem tetszik, az húzza fel a focimezt, és brusztoljon másfél órát a kétméteres <strong>Dawidowicz-cal</strong> az oldalán. Egyébként a második magyar gól Szalai sarkazásával indult, szóval erről ennyit! #hősőm

Ahhoz képest, hogy a csereként beállt <strong>Gazdag Dániel</strong> és Kiss Tamás egy szöglet elvégzése közben majdnem egymásnak szaladt, egy perc múlva parádés gólt hoztak össze. Szép volt, fiúk!

<strong>Marco Rossinak</strong> (7) megvan az a képessége, ami nagyon kevés futballedzőnek:

<span class="highlight-block">soha nem adja fel. </span>

Ritkán szoktuk ezt mondani edzőkre, de a kemény fejű olasznak ez az egyik legjobb tulajdonsága. Az albánok elleni gyötrelmek után a csapat nem omlott össze, hanem ikszelt Londonban, majd győzött Varsóban, ami az edző komoly motivációs képességeire, pszichológiai érzékére utal. Ez persze túl sokat most sem ér, negyedik helyen végeztünk a csoportban (Albánia mögött), de a szánk íze mégsem olyan keserű, voltak szép pillanatok ezen a két találkozón.

[prefabricated_shortcode in_app="0" code="%3Cdiv%20class%3D%22article_box_border%22%20style%3D%22background%3A%20url%28%27https%3A%2F%2F24.p3k.hu%2Fapp%2Fuploads%2Fsites%2F24%2F2021%2F05%2Fsport24-pattern.png%27%29%20no-repeat%20left%20-16px%20%23f3f3f4%3B%20border%3A%20none%3B%22%3E%0D%0A%3Cdiv%20class%3D%22article_solidheader%22%3E%0D%0A%3Ch2%20style%3D%22color%3A%20%23111115%21important%3B%20font-size%3A%2036px%3B%20font-weight%3A%20bold%3B%20margin-bottom%3A%2030px%3B%20margin-top%3A%2020px%3B%20text-align%3A%20center%3B%20line-height%3A%2036px%3B%22%3E%3Cimg%20class%3D%22aligncenter%20size-full%20wp-image-141%22%20src%3D%22https%3A%2F%2F24.p3k.hu%2Fapp%2Fuploads%2Fsites%2F24%2F2021%2F05%2Fs24-logo-dt.png%22%20alt%3D%22%22%20width%3D%22408%22%20height%3D%2290%22%20%2F%3E%3C%2Fh2%3E%0D%0A%3Ch2%20style%3D%22color%3A%20%23111115%21important%3B%20font-size%3A%2036px%3B%20font-weight%3A%20bold%3B%20margin-bottom%3A%2030px%3B%20margin-top%3A%2020px%3B%20text-align%3A%20center%3B%20line-height%3A%2040px%3B%22%3ECsatlakozz%20a%20Sport24%20k%C3%B6z%C3%B6ss%C3%A9ghez%2C%20mondd%20el%20v%C3%A9lem%C3%A9nyedet%20z%C3%A1rt%20Facebook-csoportunkban%2C%20%C3%A9s%20vegy%C3%A9l%20r%C3%A9szt%20csak%20el%C5%91fizet%C5%91knek%20el%C3%A9rhet%C5%91%20exkluz%C3%ADv%20esem%C3%A9nyeinken.%3C%2Fh2%3E%0D%0A%3C%2Fdiv%3E%0D%0A%3Cp%20style%3D%22background%3A%20%2357A600%3B%20margin-top%3A%2020px%3B%20padding%3A%2020px%3B%20text-align%3A%20center%3B%22%3E%3Ca%20style%3D%22color%3A%20%23ffffff%3B%20font-size%3A%2026px%3B%20font-weight%3A%20600%3B%22%20href%3D%22https%3A%2F%2Fwww.facebook.com%2Fgroups%2F212344460412327%22%3ECSATLAKOZOM%3C%2Fa%3E%3C%2Fp%3E%0D%0A%0D%0A%3C%2Fdiv%3E"]
