{"version":"1.0","provider_name":"Sport24","provider_url":"https:\/\/sport24.24.hu","author_name":"Bruckner G\u00e1bor","author_url":"https:\/\/sport24.24.hu\/author\/brucknerg\/","title":"Serie A-rajt: a Juventus felt\u00e1mad\u00e1sa, Mourinho r\u00f3mai renesz\u00e1nsza?","html":"<h2>Sandro Tonali komplexit\u00e1sa<\/h2>\r\nA 21 \u00e9ves k\u00f6z\u00e9pp\u00e1ly\u00e1s els\u0151 \u00e9vada igencsak gyeng\u00e9re sikeredett Mil\u00e1n\u00f3ban, a klub m\u00e9gis megtartotta, <strong>Tonali<\/strong> pedig maga kezdem\u00e9nyezte, hogy cs\u00f6kkents\u00e9k a fizet\u00e9s\u00e9t. A p\u00e1ly\u00e1n v\u00e9gre kev\u00e9sb\u00e9 szer\u00e9nykedik, a j\u00e1t\u00e9k minden elem\u00e9ben kimagasl\u00f3an teljes\u00edt. Az el\u0151z\u0151 bajnoks\u00e1gban egy g\u00f3lt sem l\u0151tt, most mindj\u00e1rt kett\u0151n\u00e9l tart. Az els\u0151 egy az egyben <strong>Pirlo<\/strong> deb\u00fct\u00e1l\u00f3 tal\u00e1lat\u00e1t id\u00e9zi (szabadr\u00fag\u00e1sb\u00f3l), a m\u00e1sodik pedig egy Atalanta elleni mesterm\u0171 volt. Aki l\u00e1tta, megjegyzi: az els\u0151 f\u00e9lid\u0151 v\u00e9g\u00e9n el\u0151bb elvette a labd\u00e1t <strong>Remo Freulert\u0151l<\/strong>, majd h\u00e1rom l\u00e9p\u00e9s ut\u00e1n laza mozdulattal csavart a kapuba. \u00c1radt bel\u0151le az er\u0151, a magabiztoss\u00e1g \u00e9s az elegancia \u2013 egy pillanatra a t\u00f6k\u00e9letes k\u00f6z\u00e9pp\u00e1ly\u00e1s k\u00e9pe sejlett fel a n\u00e9z\u0151 el\u0151tt. Nem v\u00e9letlen\u00fcl mondta r\u00f3la Pirlo, hogy k\u00e1r kettej\u00fcket <a href=\"https:\/\/sempremilan.com\/watch-the-eerie-similarities-between-pirlo-and-tonalis-first-goals-for-ac-milan\" target=\"_blank\" rel=\"noopener noreferrer\">egym\u00e1shoz hasonl\u00edtani<\/a>, mivel Tonali komplexebb futballista n\u00e1la. Nem ak\u00e1rmilyen dics\u00e9ret. Legyen igaza, \u00e9s akkor sz\u00e9p \u00e9vek el\u00e9 n\u00e9z\u00fcnk.\r\n\r\n[caption id=\"attachment_2227\" align=\"alignnone\" width=\"2000\"]<img class=\"wp-image-2227 size-full\" src=\"https:\/\/sport24.24.hu\/app\/uploads\/sites\/24\/2021\/10\/075_livemedia-acmilanv210922_npd3o.jpg\" alt=\"\" width=\"2000\" height=\"1333\" \/> Sandro Tonali az AC Milan-Venezia FC m\u00e9rk\u0151z\u00e9sen, 2021. szeptember 22-\u00e9n[\/caption]\r\n\r\n<div class=\"payable-content-section\"><\/div>\r\n<h2>Jos\u00e9 Mourinho r\u00f3mai renesz\u00e1nsza?<\/h2>\r\nAz AS Roma \u00e9s <strong>Jos\u00e9 Mourinho<\/strong> \u2013 a ny\u00e1r szenz\u00e1ci\u00f3ja els\u0151re az elm\u00falt \u00e9vek egyik legh\u00fcly\u00e9bb \u00f6tlet\u00e9nek t\u0171nt.\r\n\r\n<span class=\"highlight-block\">Ha van edz\u0151, aki nem illik a Roma futballhagyom\u00e1ny\u00e1hoz, az Mourinho. <\/span>\r\n\r\nA Betis elleni felk\u00e9sz\u00fcl\u00e9si meccsen t\u00f6rt\u00e9ntek ezt igazolt\u00e1k: a Roma 5-2-re kikapott, a csapatb\u00f3l pedig h\u00e1rom j\u00e1t\u00e9kost ki\u00e1ll\u00edtottak. Tov\u00e1bb\u00e1 Mourinh\u00f3t. Azt\u00e1n a Roma az els\u0151 hat t\u00e9tm\u00e9rk\u0151z\u00e9s\u00e9t megnyerte (k\u00f6zte Mourinho ezredik hivatalos fell\u00e9p\u00e9s\u00e9t edz\u0151k\u00e9nt, a Sassuolo ellen, az id\u00e9ny egyik legjobb meccs\u00e9n), \u00e9s b\u00e1r a f\u0151v\u00e1rosi derbit elbukta a csapat, a portug\u00e1l edz\u0151 nyilv\u00e1nval\u00f3an hozott valamit, ami legut\u00f3bb tal\u00e1n a <strong>Spalletti<\/strong>-f\u00e9le garnit\u00far\u00e1t jellemezte. Sz\u00e9p j\u00e1t\u00e9kot l\u00e1ttunk <strong>Di Francesc\u00f3t\u00f3l<\/strong> \u00e9s <strong>Fonsec\u00e1t\u00f3l<\/strong> is, de Mourinh\u00f3val mintha stabilit\u00e1s \u00e9s tart\u00e1s k\u00f6lt\u00f6z\u00f6tt volna a r\u00f3maiak \u00f6lt\u00f6z\u0151j\u00e9be. Ahol \u00fagy t\u0171nik, minden a legnagyobb rendben, a j\u00e1t\u00e9kosok \u00e1radoznak a portug\u00e1lr\u00f3l. Egyel\u0151re, bujk\u00e1l benn\u00fcnk a kis\u00f6rd\u00f6g. Egy j\u00f3 bajnoki helyez\u00e9s, illetve a Konferencia Liga megnyer\u00e9se mindenesetre j\u00f3t tenne a csapat \u00f6nbizalm\u00e1nak \u00e9s Mourinho megkopott renom\u00e9j\u00e1nak is.\r\n<h2>Juventus\u2013Chelsea, a fordul\u00f3pont<\/h2>\r\n\u201eL\u00e1that\u00f3 a t\u00f6bbi j\u00e1t\u00e9koson, hogy nem tudj\u00e1k, mit kezdjenek vele. \u0150 csak mag\u00e1ra \u00e9s a g\u00f3lokra gondol\u201d \u2013 mindezt <strong>Danny Blind<\/strong> nyilatkozta <strong>Cristiano Ronald\u00f3r\u00f3l<\/strong> azok ut\u00e1n, hogy a Manchesterbe visszat\u00e9rt szt\u00e1rfutballista az els\u0151 h\u00e9t t\u00e9tm\u00e9rk\u0151z\u00e9s\u00e9n \u00f6t g\u00f3lt szerzett a United j\u00e1t\u00e9kosak\u00e9nt. Nem kellett sok\u00e1ig v\u00e1rni arra a felismer\u00e9sre, hogy a l\u0151tt g\u00f3lok sz\u00e1ma nem minden, d\u00f6rzs\u00f6lgetik a tenyer\u00fcket azok, akik szerint a Juventus visszaes\u00e9s\u00e9ben is komoly szerepe volt Ronaldo j\u00e1t\u00e9kfelfog\u00e1s\u00e1nak. Persze, a Juventus kr\u00edzis\u00e9t nem lehet Ronaldo nyak\u00e1ba varrni. A sz\u00e9tes\u00e9s az Ajax elleni 2019-es BL-kies\u00e9s ut\u00e1n gyorsult fel, a Chelsea elleni BL-m\u00e9rk\u0151z\u00e9sre pedig tal\u00e1n \u00fagy eml\u00e9ksz\u00fcnk majd vissza, mint arra a napra, amelyen\r\n\r\n<span class=\"highlight-block\">a Juventus visszatal\u00e1lt a helyes \u00f6sv\u00e9nyre. <\/span>\r\n\r\nEgyszer\u0171en az\u00e9rt, mert a Chelsea ellen olyan akarat \u00e9s hit munk\u00e1lt a j\u00e1t\u00e9kosokban, mint nagyon r\u00e9gen. Az \u00fagynevezett \u201egy\u0151ztes mentalit\u00e1s\u201d. K\u00f6zben Chiesa rohaml\u00e9pt\u00e9kben emelkedik vil\u00e1gklassziss\u00e1, a Torino elleni derbin pedig az is kider\u00fclt, hogy <strong>Locatelli<\/strong> az a k\u00f6z\u00e9pp\u00e1ly\u00e1s, akire a Juventusnak \u00e9vek \u00f3ta sz\u00fcks\u00e9ge volt. <strong>Marchisio<\/strong> f\u00e9nykor\u00e1ban sem volt olyan j\u00f3, mint amilyen Locatelli lehet. A tragikus szezonrajt ellen\u00e9re \u00fagy gondolom, hogy a Juventusn\u00e1l n\u00e9h\u00e1ny h\u00f3nap m\u00falva m\u00e1r senki sem fog Ronald\u00f3r\u00f3l besz\u00e9lni. (M\u00e1r csak <strong>Bernardeschi<\/strong> hely\u00e9t kellene megtal\u00e1lni, lehet\u0151leg a p\u00e1ly\u00e1n.)\r\n<h2>Calhanoglu \u00e9s a BL-nulla<\/h2>\r\nA Genoa elleni bajnoki nyit\u00e1nyon egy g\u00f3llal \u00e9s k\u00e9t g\u00f3lpasszal mutatkozott be az Interben <strong>Hakan Calhanoglu<\/strong>, aki hossz\u00fa \u00e9vek ut\u00e1n az els\u0151 futballista, aki k\u00f6zvetlen\u00fcl igazolt \u00e1t az egyik mil\u00e1n\u00f3i klubt\u00f3l a m\u00e1sikba. Akkor m\u00e9g azt hihett\u00e9k az Inter drukkerei, hogy megfogt\u00e1k az isten l\u00e1b\u00e1t a t\u00f6r\u00f6kkel, Calhanoglu azonban n\u00e9h\u00e1ny j\u00f3 meccs ut\u00e1n elt\u0171nt, a Gazzetta dello Sport oszt\u00e1lyzatai alapj\u00e1n jelenleg \u0151 az Inter legrosszabbul teljes\u00edt\u0151 focist\u00e1ja. Ez volt vele a legnagyobb baj v\u00f6r\u00f6s-feket\u00e9ben is: a rapszodikuss\u00e1g. Mindez a csapatra is igaz. <strong>Simone Inzaghi<\/strong> j\u00e1t\u00e9kfelfog\u00e1sa hasonl\u00edt a <strong>Conte<\/strong>-modellhez (<strong>Dzeko<\/strong> mondjuk nem \u00e9pp <strong>Lukaku<\/strong>), \u00e9s a bajnoks\u00e1gban m\u0171k\u00f6dik is az Inter, az azonban egyre k\u00ednosabb, hogy a Bajnokok Lig\u00e1j\u00e1ban mennyire nem megy az olasz csapatnak. A Real Madrid elleni hazai veres\u00e9g ut\u00e1n egy \u00e9ven bel\u00fcl a harmadik 0-0 k\u00f6vetkezett a Sahtar Donyeck ellen \u2013 vagyis az Inter sorozatban a harmadik BL-m\u00e9rk\u0151z\u00e9s\u00e9n nem tudott g\u00f3lt szerezni (mik\u00f6zben a bajnoks\u00e1gban 7 meccs\/22 g\u00f3l a m\u00e9rlege). Ok\u00e9, a BL-ben sem rossz a j\u00e1t\u00e9k, csak kimaradnak a helyzetek, nem el\u00e9g \u00e9les a csapat \u2013 csak h\u00e1t a Bajnokok Lig\u00e1j\u00e1ban k\u00f6rbe n\u00e9zve olyan riv\u00e1lisokat tal\u00e1lunk, mint a PSG, a Bayern vagy a Liverpool; ezek a csapatok ki\u00fct\u00e9sekkel nyerik a meccseiket, mik\u00f6zben az olasz bajnok magyar\u00e1zkod\u00e1sra k\u00e9nyszer\u00fcl.\r\n\r\n[caption id=\"attachment_2225\" align=\"alignnone\" width=\"2000\"]<img class=\"wp-image-2225 size-full\" src=\"https:\/\/sport24.24.hu\/app\/uploads\/sites\/24\/2021\/10\/000_98987y.jpg\" alt=\"\" width=\"2000\" height=\"1333\" \/> Hakan Calhanoglu az AC Milan-Genoa m\u00e9rk\u0151z\u00e9sen, 2021. \u00e1prilis 18-\u00e1n[\/caption]\r\n<h2>Spalletti, a Napoli ide\u00e1lis edz\u0151je<\/h2>\r\nAz olasz liga \u00fcde sz\u00ednfoltja a Napoli, amely id\u00e9n, egyed\u00fclik\u00e9nt a mez\u0151nyben mind a h\u00e9t bajnokij\u00e1t megnyerte. \u00dagy t\u0171nik, <strong>Luciano Spalletti<\/strong> a t\u00f6k\u00e9letes v\u00e1laszt\u00e1s a Napoli kispadj\u00e1ra. A klub \u00fajabb fel\u00edvel\u0151 szakasza <strong>Sarrival<\/strong> kezd\u0151d\u00f6tt (az alapokat <strong>Mazzarri<\/strong> tette le!), akivel kifejezetten l\u00e1tv\u00e1nyos futballt j\u00e1tszott a csapat, m\u00e9g <strong>Guardiola<\/strong> is agyba-f\u0151be dics\u00e9rte a Sarriballt (azt\u00e1n a Cityvel persze j\u00f3l elverte a Napolit). <strong>Ancelotti<\/strong> rossz v\u00e1laszt\u00e1s volt, a taktikus \u00e1lmatag gentlemenfocija nem passzolt a d\u00e9liekhez, <strong>Gattuso<\/strong> pedig alighanem k\u00f6zepesn\u00e9l nem jobb edz\u0151.\r\n\r\n<span class=\"highlight-block\"> Spalletti mintha k\u00e9pes lenne egyens\u00falyt teremteni a fegyelem \u00e9s a kreativit\u00e1s k\u00f6z\u00f6tt, <\/span>\r\n\r\nr\u00e1ad\u00e1sul n\u00e9h\u00e1ny j\u00e1t\u00e9kos mintha szintet l\u00e9pett volna az elm\u00falt hetekben. K\u00fcl\u00f6n\u00f6sen <strong>Elmas<\/strong> \u00e9s <strong>Oshimen<\/strong> fejl\u0151d\u00e9se \u00f6rvendetes, <strong>Anguissa<\/strong> f\u00e9l l\u00e1bbal is jobb focista lenne, mint a Gattuso \u00e1ltal favoriz\u00e1lt <strong>Bakayoko<\/strong>, m\u00edg <strong>Koulibalyt<\/strong> \u00e9ppen most v\u00e1lasztott\u00e1k meg a h\u00f3nap j\u00e1t\u00e9kos\u00e1nak a Serie A-ban. Spallettit pedig a h\u00f3nap edz\u0151j\u00e9nek.\r\n\r\n[prefabricated_shortcode in_app=\"0\" code=\"%3Cdiv%20class%3D%22article_box_border%22%20style%3D%22background%3A%20url%28%27https%3A%2F%2F24.p3k.hu%2Fapp%2Fuploads%2Fsites%2F24%2F2021%2F05%2Fsport24-pattern.png%27%29%20no-repeat%20left%20-16px%20%23f3f3f4%3B%20border%3A%20none%3B%22%3E%0D%0A%3Cdiv%20class%3D%22article_solidheader%22%3E%0D%0A%3Ch2%20style%3D%22color%3A%20%23111115%21important%3B%20font-size%3A%2036px%3B%20font-weight%3A%20bold%3B%20margin-bottom%3A%2030px%3B%20margin-top%3A%2020px%3B%20text-align%3A%20center%3B%20line-height%3A%2036px%3B%22%3E%3Cimg%20class%3D%22aligncenter%20size-full%20wp-image-141%22%20src%3D%22https%3A%2F%2F24.p3k.hu%2Fapp%2Fuploads%2Fsites%2F24%2F2021%2F05%2Fs24-logo-dt.png%22%20alt%3D%22%22%20width%3D%22408%22%20height%3D%2290%22%20%2F%3E%3C%2Fh2%3E%0D%0A%3Ch2%20style%3D%22color%3A%20%23111115%21important%3B%20font-size%3A%2036px%3B%20font-weight%3A%20bold%3B%20margin-bottom%3A%2030px%3B%20margin-top%3A%2020px%3B%20text-align%3A%20center%3B%20line-height%3A%2040px%3B%22%3ECsatlakozz%20a%20Sport24%20k%C3%B6z%C3%B6ss%C3%A9ghez%2C%20mondd%20el%20v%C3%A9lem%C3%A9nyedet%20z%C3%A1rt%20Facebook-csoportunkban%2C%20%C3%A9s%20vegy%C3%A9l%20r%C3%A9szt%20csak%20el%C5%91fizet%C5%91knek%20el%C3%A9rhet%C5%91%20exkluz%C3%ADv%20esem%C3%A9nyeinken.%3C%2Fh2%3E%0D%0A%3C%2Fdiv%3E%0D%0A%3Cp%20style%3D%22background%3A%20%2357A600%3B%20margin-top%3A%2020px%3B%20padding%3A%2020px%3B%20text-align%3A%20center%3B%22%3E%3Ca%20style%3D%22color%3A%20%23ffffff%3B%20font-size%3A%2026px%3B%20font-weight%3A%20600%3B%22%20href%3D%22https%3A%2F%2Fwww.facebook.com%2Fgroups%2F212344460412327%22%3ECSATLAKOZOM%3C%2Fa%3E%3C%2Fp%3E%0D%0A%0D%0A%3C%2Fdiv%3E\"]","type":"rich","thumbnail_url":"https:\/\/s.24.hu\/app\/uploads\/sites\/24\/2021\/10\/075_bottanelli-torinoju211002_npvdk-150x150.jpg","thumbnail_width":150,"thumbnail_height":150}

Bruckner Gábor

Serie A-rajt: a Juventus feltámadása, Mourinho római reneszánsza?

<h2>Sandro Tonali komplexitása</h2>
A 21 éves középpályás első évada igencsak gyengére sikeredett Milánóban, a klub mégis megtartotta, <strong>Tonali</strong> pedig maga kezdeményezte, hogy csökkentsék a fizetését. A pályán végre kevésbé szerénykedik, a játék minden elemében kimagaslóan teljesít. Az előző bajnokságban egy gólt sem lőtt, most mindjárt kettőnél tart. Az első egy az egyben <strong>Pirlo</strong> debütáló találatát idézi (szabadrúgásból), a második pedig egy Atalanta elleni mestermű volt. Aki látta, megjegyzi: az első félidő végén előbb elvette a labdát <strong>Remo Freulertől</strong>, majd három lépés után laza mozdulattal csavart a kapuba. Áradt belőle az erő, a magabiztosság és az elegancia – egy pillanatra a tökéletes középpályás képe sejlett fel a néző előtt. Nem véletlenül mondta róla Pirlo, hogy kár kettejüket <a href="https://sempremilan.com/watch-the-eerie-similarities-between-pirlo-and-tonalis-first-goals-for-ac-milan" target="_blank" rel="noopener noreferrer">egymáshoz hasonlítani</a>, mivel Tonali komplexebb futballista nála. Nem akármilyen dicséret. Legyen igaza, és akkor szép évek elé nézünk.

[caption id="attachment_2227" align="alignnone" width="2000"]<img class="wp-image-2227 size-full" src="https://sport24.24.hu/app/uploads/sites/24/2021/10/075_livemedia-acmilanv210922_npd3o.jpg" alt="" width="2000" height="1333" /> Sandro Tonali az AC Milan-Venezia FC mérkőzésen, 2021. szeptember 22-én[/caption]

<div class="payable-content-section"></div>
<h2>José Mourinho római reneszánsza?</h2>
Az AS Roma és <strong>José Mourinho</strong> – a nyár szenzációja elsőre az elmúlt évek egyik leghülyébb ötletének tűnt.

<span class="highlight-block">Ha van edző, aki nem illik a Roma futballhagyományához, az Mourinho. </span>

A Betis elleni felkészülési meccsen történtek ezt igazolták: a Roma 5-2-re kikapott, a csapatból pedig három játékost kiállítottak. Továbbá Mourinhót. Aztán a Roma az első hat tétmérkőzését megnyerte (közte Mourinho ezredik hivatalos fellépését edzőként, a Sassuolo ellen, az idény egyik legjobb meccsén), és bár a fővárosi derbit elbukta a csapat, a portugál edző nyilvánvalóan hozott valamit, ami legutóbb talán a <strong>Spalletti</strong>-féle garnitúrát jellemezte. Szép játékot láttunk <strong>Di Francescótól</strong> és <strong>Fonsecától</strong> is, de Mourinhóval mintha stabilitás és tartás költözött volna a rómaiak öltözőjébe. Ahol úgy tűnik, minden a legnagyobb rendben, a játékosok áradoznak a portugálról. Egyelőre, bujkál bennünk a kisördög. Egy jó bajnoki helyezés, illetve a Konferencia Liga megnyerése mindenesetre jót tenne a csapat önbizalmának és Mourinho megkopott renoméjának is.
<h2>Juventus–Chelsea, a fordulópont</h2>
„Látható a többi játékoson, hogy nem tudják, mit kezdjenek vele. Ő csak magára és a gólokra gondol” – mindezt <strong>Danny Blind</strong> nyilatkozta <strong>Cristiano Ronaldóról</strong> azok után, hogy a Manchesterbe visszatért sztárfutballista az első hét tétmérkőzésén öt gólt szerzett a United játékosaként. Nem kellett sokáig várni arra a felismerésre, hogy a lőtt gólok száma nem minden, dörzsölgetik a tenyerüket azok, akik szerint a Juventus visszaesésében is komoly szerepe volt Ronaldo játékfelfogásának. Persze, a Juventus krízisét nem lehet Ronaldo nyakába varrni. A szétesés az Ajax elleni 2019-es BL-kiesés után gyorsult fel, a Chelsea elleni BL-mérkőzésre pedig talán úgy emlékszünk majd vissza, mint arra a napra, amelyen

<span class="highlight-block">a Juventus visszatalált a helyes ösvényre. </span>

Egyszerűen azért, mert a Chelsea ellen olyan akarat és hit munkált a játékosokban, mint nagyon régen. Az úgynevezett „győztes mentalitás”. Közben Chiesa rohamléptékben emelkedik világklasszissá, a Torino elleni derbin pedig az is kiderült, hogy <strong>Locatelli</strong> az a középpályás, akire a Juventusnak évek óta szüksége volt. <strong>Marchisio</strong> fénykorában sem volt olyan jó, mint amilyen Locatelli lehet. A tragikus szezonrajt ellenére úgy gondolom, hogy a Juventusnál néhány hónap múlva már senki sem fog Ronaldóról beszélni. (Már csak <strong>Bernardeschi</strong> helyét kellene megtalálni, lehetőleg a pályán.)
<h2>Calhanoglu és a BL-nulla</h2>
A Genoa elleni bajnoki nyitányon egy góllal és két gólpasszal mutatkozott be az Interben <strong>Hakan Calhanoglu</strong>, aki hosszú évek után az első futballista, aki közvetlenül igazolt át az egyik milánói klubtól a másikba. Akkor még azt hihették az Inter drukkerei, hogy megfogták az isten lábát a törökkel, Calhanoglu azonban néhány jó meccs után eltűnt, a Gazzetta dello Sport osztályzatai alapján jelenleg ő az Inter legrosszabbul teljesítő focistája. Ez volt vele a legnagyobb baj vörös-feketében is: a rapszodikusság. Mindez a csapatra is igaz. <strong>Simone Inzaghi</strong> játékfelfogása hasonlít a <strong>Conte</strong>-modellhez (<strong>Dzeko</strong> mondjuk nem épp <strong>Lukaku</strong>), és a bajnokságban működik is az Inter, az azonban egyre kínosabb, hogy a Bajnokok Ligájában mennyire nem megy az olasz csapatnak. A Real Madrid elleni hazai vereség után egy éven belül a harmadik 0-0 következett a Sahtar Donyeck ellen – vagyis az Inter sorozatban a harmadik BL-mérkőzésén nem tudott gólt szerezni (miközben a bajnokságban 7 meccs/22 gól a mérlege). Oké, a BL-ben sem rossz a játék, csak kimaradnak a helyzetek, nem elég éles a csapat – csak hát a Bajnokok Ligájában körbe nézve olyan riválisokat találunk, mint a PSG, a Bayern vagy a Liverpool; ezek a csapatok kiütésekkel nyerik a meccseiket, miközben az olasz bajnok magyarázkodásra kényszerül.

[caption id="attachment_2225" align="alignnone" width="2000"]<img class="wp-image-2225 size-full" src="https://sport24.24.hu/app/uploads/sites/24/2021/10/000_98987y.jpg" alt="" width="2000" height="1333" /> Hakan Calhanoglu az AC Milan-Genoa mérkőzésen, 2021. április 18-án[/caption]
<h2>Spalletti, a Napoli ideális edzője</h2>
Az olasz liga üde színfoltja a Napoli, amely idén, egyedüliként a mezőnyben mind a hét bajnokiját megnyerte. Úgy tűnik, <strong>Luciano Spalletti</strong> a tökéletes választás a Napoli kispadjára. A klub újabb felívelő szakasza <strong>Sarrival</strong> kezdődött (az alapokat <strong>Mazzarri</strong> tette le!), akivel kifejezetten látványos futballt játszott a csapat, még <strong>Guardiola</strong> is agyba-főbe dicsérte a Sarriballt (aztán a Cityvel persze jól elverte a Napolit). <strong>Ancelotti</strong> rossz választás volt, a taktikus álmatag gentlemenfocija nem passzolt a déliekhez, <strong>Gattuso</strong> pedig alighanem közepesnél nem jobb edző.

<span class="highlight-block"> Spalletti mintha képes lenne egyensúlyt teremteni a fegyelem és a kreativitás között, </span>

ráadásul néhány játékos mintha szintet lépett volna az elmúlt hetekben. Különösen <strong>Elmas</strong> és <strong>Oshimen</strong> fejlődése örvendetes, <strong>Anguissa</strong> fél lábbal is jobb focista lenne, mint a Gattuso által favorizált <strong>Bakayoko</strong>, míg <strong>Koulibalyt</strong> éppen most választották meg a hónap játékosának a Serie A-ban. Spallettit pedig a hónap edzőjének.

[prefabricated_shortcode in_app="0" code="%3Cdiv%20class%3D%22article_box_border%22%20style%3D%22background%3A%20url%28%27https%3A%2F%2F24.p3k.hu%2Fapp%2Fuploads%2Fsites%2F24%2F2021%2F05%2Fsport24-pattern.png%27%29%20no-repeat%20left%20-16px%20%23f3f3f4%3B%20border%3A%20none%3B%22%3E%0D%0A%3Cdiv%20class%3D%22article_solidheader%22%3E%0D%0A%3Ch2%20style%3D%22color%3A%20%23111115%21important%3B%20font-size%3A%2036px%3B%20font-weight%3A%20bold%3B%20margin-bottom%3A%2030px%3B%20margin-top%3A%2020px%3B%20text-align%3A%20center%3B%20line-height%3A%2036px%3B%22%3E%3Cimg%20class%3D%22aligncenter%20size-full%20wp-image-141%22%20src%3D%22https%3A%2F%2F24.p3k.hu%2Fapp%2Fuploads%2Fsites%2F24%2F2021%2F05%2Fs24-logo-dt.png%22%20alt%3D%22%22%20width%3D%22408%22%20height%3D%2290%22%20%2F%3E%3C%2Fh2%3E%0D%0A%3Ch2%20style%3D%22color%3A%20%23111115%21important%3B%20font-size%3A%2036px%3B%20font-weight%3A%20bold%3B%20margin-bottom%3A%2030px%3B%20margin-top%3A%2020px%3B%20text-align%3A%20center%3B%20line-height%3A%2040px%3B%22%3ECsatlakozz%20a%20Sport24%20k%C3%B6z%C3%B6ss%C3%A9ghez%2C%20mondd%20el%20v%C3%A9lem%C3%A9nyedet%20z%C3%A1rt%20Facebook-csoportunkban%2C%20%C3%A9s%20vegy%C3%A9l%20r%C3%A9szt%20csak%20el%C5%91fizet%C5%91knek%20el%C3%A9rhet%C5%91%20exkluz%C3%ADv%20esem%C3%A9nyeinken.%3C%2Fh2%3E%0D%0A%3C%2Fdiv%3E%0D%0A%3Cp%20style%3D%22background%3A%20%2357A600%3B%20margin-top%3A%2020px%3B%20padding%3A%2020px%3B%20text-align%3A%20center%3B%22%3E%3Ca%20style%3D%22color%3A%20%23ffffff%3B%20font-size%3A%2026px%3B%20font-weight%3A%20600%3B%22%20href%3D%22https%3A%2F%2Fwww.facebook.com%2Fgroups%2F212344460412327%22%3ECSATLAKOZOM%3C%2Fa%3E%3C%2Fp%3E%0D%0A%0D%0A%3C%2Fdiv%3E"]
