{"version":"1.0","provider_name":"Sport24","provider_url":"https:\/\/sport24.24.hu","author_name":"Aranyossy \u00c1ron","author_url":"https:\/\/sport24.24.hu\/author\/aranyossya\/","title":"A Blasz IV-es focicsapat, amely\u00e9rt rajonganak Braz\u00edli\u00e1ban","html":"Az Ajt\u00f3-ablak Ziccer kor\u00e1bbi ad\u00e1sai <a href=\"https:\/\/sport24.24.hu\/ajto-ablak-ziccer-sport24-podcast\/\">ITT<\/a> \u00e9rhet\u0151k el.","type":"rich","thumbnail_url":"https:\/\/s.24.hu\/app\/uploads\/sites\/24\/2021\/10\/erodziccer-e1633778265769-150x150.jpg","thumbnail_width":150,"thumbnail_height":150}

Aranyossy Áron

A Blasz IV-es focicsapat, amelyért rajonganak Brazíliában

Az Ajtó-ablak Ziccer korábbi adásai <a href="https://sport24.24.hu/ajto-ablak-ziccer-sport24-podcast/">ITT</a> érhetők el.
