{"version":"1.0","provider_name":"Sport24","provider_url":"https:\/\/sport24.24.hu","author_name":"Fut\u00f3 Csaba","author_url":"https:\/\/sport24.24.hu\/author\/futocs\/","title":"Zidane fantasztikus, de nem szeretem","html":"<strong>Zidane<\/strong> soha nem tartozott a kedvenceim k\u00f6z\u00e9 \u2013 pedig volt r\u00e1 es\u00e9ly, hogy az legyen. A kilencvenes \u00e9vek v\u00e9g\u00e9nek <strong>Marcello Lippi<\/strong> \u00e1ltal vez\u00e9nyelt Juventusa nagy kedvencem volt. Egy kis szerencs\u00e9vel lehetett volna olyan legend\u00e1s \u00e9s korszakos csapat is, mint amilyen kor\u00e1bban a Milan, k\u00e9s\u0151bb pedig a Barcelona \u00e9s a Real Madrid lett. Egym\u00e1s ut\u00e1n h\u00e1rom BL-d\u00f6nt\u0151 (ebb\u0151l csak az els\u0151t nyerte meg a Juve, pont Zidane n\u00e9lk\u00fcl), brut\u00e1lis let\u00e1mad\u00f3focival, szerethet\u0151 futballszt\u00e1rokkal. A Juventus Zidane 1996-os leigazol\u00e1sa ut\u00e1n ker\u00fclhetett volna igaz\u00e1n a cs\u00facsra. Azon a ny\u00e1ron a PSG ellen 9-2-es \u00f6sszes\u00edt\u00e9ssel nyerte meg az Eur\u00f3pai Szuperkup\u00e1t a csapat, majd olyan eml\u00e9kezetes meccsek ut\u00e1n jutott be a BL-d\u00f6nt\u0151be, mint az Ajax elleni hazai 4-1. (A kett\u0151 k\u00f6zt 6-1-re gy\u0151ztek a San Sir\u00f3ban a Milan elleni bajnokin.) Azt\u00e1n elbukt\u00e1k a BL-d\u00f6nt\u0151t a Dortmunddal (az a veres\u00e9g m\u00e1ig a futballidentit\u00e1som egyik legf\u00e1jdalmasabb eml\u00e9ke), egy \u00e9vvel k\u00e9s\u0151bb pedig a Real Madriddal szemben, \u00edgy Zidane l\u00e9nyeg\u00e9ben \u201esemmit\u201d sem nyert a Juventusszal.\r\n\r\nSzerettem, ahogy Zidane abban a csapatban futballozott, sok\u00e1ig megvolt a k\u00e9mia k\u00f6zte \u00e9s a t\u00f6bbiek k\u00f6z\u00f6tt. Azt\u00e1n 2001-ben akkori vil\u00e1grekordot jelent\u0151 \u00f6sszeg\u00e9rt eligazolt a Real Madridhoz, ahol az els\u0151 szezonj\u00e1ban mindj\u00e1rt meg is szerezte a kor\u00e1bban elmaradt BL-tr\u00f3fe\u00e1t. Az a Leverkusen elleni felejthetetlen g\u00f3l milyen sz\u00e9p lett volna zebracs\u00edkos mezben\u2026 Nem tudtam neki \u00f6r\u00fclni. N\u00e9ztem a galaktikusokat, <strong>Fig\u00f3t<\/strong>, <strong>Beckhamet<\/strong>, Zidane-t, de egy\u00e1ltal\u00e1n nem \u00e9rdekelt a dolog.\r\n\r\n<span class=\"highlight-block-small\">Ellendrukker lettem, \u00e9s a 2006-os v\u00e9b\u00e9-d\u00f6nt\u0151ben m\u00e1r semmif\u00e9le sajn\u00e1latot sem \u00e9reztem ir\u00e1nta.<\/span>\r\n<div class=\"payable-content-section\"><\/div>\r\n<img class=\"alignnone size-full wp-image-1930\" src=\"https:\/\/sport24.24.hu\/app\/uploads\/sites\/24\/2021\/09\/043_ddp_par831693.jpg\" alt=\"\" width=\"1500\" height=\"1171\" \/>\r\n\r\nEml\u00e9kezetes k\u00e9p, Zidane a p\u00e1lyafut\u00e1sa utols\u00f3 meccs\u00e9n lefel\u00e9 ballag a l\u00e9pcs\u0151n, az el\u0151t\u00e9rben a vil\u00e1gbajnoki tr\u00f3fea. Valahol a p\u00e1ly\u00e1n meg a bunk\u00f3 <strong>Materazzi<\/strong> r\u00f6h\u00f6g a mark\u00e1ba. K\u00fcl\u00f6n\u00f6sebben nem \u00e9rdekeltek Zidane \u00e9rzelmei, az olaszoknak drukkoltam, a 2000-es Eb-d\u00f6nt\u0151 katasztr\u00f3f\u00e1ja miatt ennyi kij\u00e1rt nekik. K\u00fcl\u00f6nben sem szeretem, ha valaki egy nagy olaszal\u00e1z\u00e1ssal lesz nemzetk\u00f6zi szt\u00e1r, m\u00e1rpedig Zidane ezzel kezdte. Az 1996-os Bordeaux\u2013Milan UEFA-kupa visszav\u00e1g\u00f3n a franci\u00e1k 3-0-ra nyertek, Zidane \u00e9s <strong>Dugarry<\/strong> \u00e9lete egyik legjobb meccs\u00e9t hozta, a Bordeaux pedig k\u00e9s\u0151bb bejutott a kupad\u00f6nt\u0151be is. (\u00c9rdekess\u00e9g, hogy az a Milan elleni felejthetetlen meccs nemcsak Zidane-t, hanem Dugarryt is Olaszorsz\u00e1gig vitte, a center ugyanazon a ny\u00e1ron \u00e1tment a Milanba, ahol egy szezon alatt \u00f6t g\u00f3lt szerzett.) Sz\u00f3val Zidane k\u00e1b\u00e9 h\u00fasz \u00e9ve leker\u00fclt a radaromr\u00f3l, mint mindenki, akinek b\u00e1rmi k\u00f6ze lesz a Real Madridhoz, kiv\u00e9ve <strong>Hagit<\/strong> \u00e9s <strong>Prosineckit<\/strong>, de ezt most hagyjuk. Az edz\u0151i karrierj\u00e9t neh\u00e9z lett volna ignor\u00e1lni, mindannyian l\u00e1ttuk, ahogy a j\u00f3l szabott \u00f6lt\u00f6nyeiben m\u00e9rs\u00e9kelt \u00e9rdekl\u0151d\u00e9st mutat az ir\u00e1nt, hogy szuperszonikus csapata sorozatban h\u00e1rom Bajnokok Lig\u00e1ja-tr\u00f3fe\u00e1t lap\u00e1tol \u00f6ssze (kor\u00e1bban m\u00e9g a dupl\u00e1z\u00e1s sem siker\u00fclt egyetlen klubnak sem).\r\n\r\nAzt\u00e1n n\u00e9h\u00e1ny hete a Facebook bedobott nekem egy vide\u00f3t a 2000-es Eb el\u0151d\u00f6nt\u0151j\u00e9r\u0151l. Csak Zidane megmozdul\u00e1sai voltak rajta a portug\u00e1lok elleni meccsr\u0151l. Eleinte csak az t\u0171nt fel, hogy milyen \u00fctemtelen, darabos a mozg\u00e1sa, mik\u00f6zben m\u00e9gis van benne valami sikaml\u00f3s, valami eleg\u00e1ns. K\u00e9t-h\u00e1rom csel ut\u00e1n, est\u00e9ben, a f\u00f6ld\u00f6n fekve ugratja ki t\u00e1rsait, a portug\u00e1lok m\u00e1r ett\u0151l is teljesen kik\u00e9sz\u00fclnek. Vagy azok a k\u00fcls\u0151vel adott, laza bokapasszok, mint a grundon. Keresztlabda, labdatov\u00e1bbsim\u00edt\u00e1s sarokkal \u2013 minden megy neki. Azt\u00e1n j\u00f6nnek az \u00e1tl\u00e9p\u0151s cselek, majd a lehetetlen sz\u00f3l\u00f3k. Ezekre nem is eml\u00e9keztem, sz\u00e1momra Zidane az a futballista volt, aki l\u00e1tott a p\u00e1ly\u00e1n, olyan lehet\u0151s\u00e9geket, sz\u00f6geket \u00e9s egy\u00fctt\u00e1ll\u00e1sokat volt k\u00e9pes \u00e9szrevenni, amit nagyon kevesen \u2013 r\u00e1ad\u00e1sul pontosan oda is tudta r\u00fagni a labd\u00e1t a t\u00e1rsainak. Csod\u00e1latos volt az a k\u00e9pess\u00e9ge, ahogy a test\u00e9nek minden porcik\u00e1j\u00e1val mozgatta \u00e9s fedezte a labd\u00e1t. H\u00fasz \u00e9v ut\u00e1n le vagyok ny\u0171g\u00f6zve.\r\n\r\n<iframe style=\"border: none;overflow: hidden\" src=\"https:\/\/www.facebook.com\/plugins\/video.php?height=476&amp;href=https%3A%2F%2Fwww.facebook.com%2FEURO2020%2Fvideos%2F985503452211522%2F&amp;show_text=false&amp;width=476&amp;t=0\" width=\"476\" height=\"476\" frameborder=\"0\" scrolling=\"no\" allowfullscreen=\"allowfullscreen\"><\/iframe>\r\n\r\nKeresek a meccsr\u0151l egy hosszabb \u00f6sszefoglal\u00f3t, ebben is csak Zidane szerepel. \u00c9s ahogy n\u00e9zem \u0151t, vagyis csak Zidane-t n\u00e9zem, felt\u0171nik, hogy a t\u00e1rsai hozz\u00e1 k\u00e9pest unalmas robotfigur\u00e1k. Sz\u00fcks\u00e9g van r\u00e1juk, term\u00e9szetesen, <strong>Vieir\u00e1nak<\/strong> az a dolga, hogy kiny\u00fajtsa a p\u00f3kl\u00e1bait, \u00e9s <strong>Deschamps-ra<\/strong> is sz\u00fcks\u00e9g van egy kellemes h\u00e1romsz\u00f6gel\u00e9shez. Csak egy n\u00e9gym\u00e9teres p\u00f6ci, k\u00f6sz, Didier, m\u00e1r viszem is tov\u00e1bb. Tov\u00e1bb viharzik, mondan\u00e1 <strong>Kn\u00e9zy Jen\u0151<\/strong>. Sz\u00f3val Zidane m\u00e1s val\u00f3s\u00e1gban mozog a p\u00e1ly\u00e1n, a t\u00e1rsak gyakran nem is tudnak feln\u0151ni mell\u00e9. K\u00fczd, kattog, ki\u00fcgyeskedi a labd\u00e1t, a t\u00f6bbiek meg elcseszik. <strong>Petit<\/strong> l\u00e1ba alatt elgurul, hell\u00f3. <strong>Thuram<\/strong> lelkesen beindul, de nem tudja levenni. <strong>Henry<\/strong> se. <strong>Anelka<\/strong> csukafejes k\u00f6zben elcs\u00faszik, rem\u00e9nytelen eset.\r\n\r\nAzt hiszem, Zidane-t soha nem fogj\u00e1k emlegetni minden id\u0151k legnagyobb j\u00e1t\u00e9kosai k\u00f6z\u00f6tt, gondolok itt <strong>Pusk\u00e1sra<\/strong>, <strong>Pel\u00e9re<\/strong>, <strong>Maradon\u00e1ra<\/strong>, <strong>Messire<\/strong>, <strong>Cristiano Ronald\u00f3ra<\/strong>. Mi\u00e9rt nem? A tr\u00f3fe\u00e1i megvannak hozz\u00e1. A tud\u00e1sa is, nyilv\u00e1n. Materazzi lefejel\u00e9se? Maradon\u00e1nak voltak durv\u00e1bb h\u00faz\u00e1sai, r\u00e1ad\u00e1sul Materazzi miatt ez az akci\u00f3 sokakn\u00e1l ink\u00e1bb \u00e9rt piros pontot, mint piros lapot. Nem tudom.\r\n\r\n<span class=\"highlight-block-small\">N\u00e9zem Zidane-t, fantasztikus, de tov\u00e1bbra sem tudom szeretni. Vagy legal\u00e1bbis k\u00f6zel ker\u00fclni hozz\u00e1. De ez a kis vide\u00f3 arra m\u00e9gis j\u00f3 volt, hogy megvegyem az \u00f6n\u00e9letrajzi k\u00f6nyv\u00e9t.<\/span>","type":"rich","thumbnail_url":"https:\/\/s.24.hu\/app\/uploads\/sites\/24\/2021\/09\/gettyimages-682179794-150x150.jpg","thumbnail_width":150,"thumbnail_height":150}

Futó Csaba

<strong>Zidane</strong> soha nem tartozott a kedvenceim közé – pedig volt rá esély, hogy az legyen. A kilencvenes évek végének <strong>Marcello Lippi</strong> által vezényelt Juventusa nagy kedvencem volt. Egy kis szerencsével lehetett volna olyan legendás és korszakos csapat is, mint amilyen korábban a Milan, később pedig a Barcelona és a Real Madrid lett. Egymás után három BL-döntő (ebből csak az elsőt nyerte meg a Juve, pont Zidane nélkül), brutális letámadófocival, szerethető futballsztárokkal. A Juventus Zidane 1996-os leigazolása után kerülhetett volna igazán a csúcsra. Azon a nyáron a PSG ellen 9-2-es összesítéssel nyerte meg az Európai Szuperkupát a csapat, majd olyan emlékezetes meccsek után jutott be a BL-döntőbe, mint az Ajax elleni hazai 4-1. (A kettő közt 6-1-re győztek a San Siróban a Milan elleni bajnokin.) Aztán elbukták a BL-döntőt a Dortmunddal (az a vereség máig a futballidentitásom egyik legfájdalmasabb emléke), egy évvel később pedig a Real Madriddal szemben, így Zidane lényegében „semmit” sem nyert a Juventusszal.

Szerettem, ahogy Zidane abban a csapatban futballozott, sokáig megvolt a kémia közte és a többiek között. Aztán 2001-ben akkori világrekordot jelentő összegért eligazolt a Real Madridhoz, ahol az első szezonjában mindjárt meg is szerezte a korábban elmaradt BL-trófeát. Az a Leverkusen elleni felejthetetlen gól milyen szép lett volna zebracsíkos mezben… Nem tudtam neki örülni. Néztem a galaktikusokat, <strong>Figót</strong>, <strong>Beckhamet</strong>, Zidane-t, de egyáltalán nem érdekelt a dolog.

<span class="highlight-block-small">Ellendrukker lettem, és a 2006-os vébé-döntőben már semmiféle sajnálatot sem éreztem iránta.</span>
<div class="payable-content-section"></div>
<img class="alignnone size-full wp-image-1930" src="https://sport24.24.hu/app/uploads/sites/24/2021/09/043_ddp_par831693.jpg" alt="" width="1500" height="1171" />

Emlékezetes kép, Zidane a pályafutása utolsó meccsén lefelé ballag a lépcsőn, az előtérben a világbajnoki trófea. Valahol a pályán meg a bunkó <strong>Materazzi</strong> röhög a markába. Különösebben nem érdekeltek Zidane érzelmei, az olaszoknak drukkoltam, a 2000-es Eb-döntő katasztrófája miatt ennyi kijárt nekik. Különben sem szeretem, ha valaki egy nagy olaszalázással lesz nemzetközi sztár, márpedig Zidane ezzel kezdte. Az 1996-os Bordeaux–Milan UEFA-kupa visszavágón a franciák 3-0-ra nyertek, Zidane és <strong>Dugarry</strong> élete egyik legjobb meccsét hozta, a Bordeaux pedig később bejutott a kupadöntőbe is. (Érdekesség, hogy az a Milan elleni felejthetetlen meccs nemcsak Zidane-t, hanem Dugarryt is Olaszországig vitte, a center ugyanazon a nyáron átment a Milanba, ahol egy szezon alatt öt gólt szerzett.) Szóval Zidane kábé húsz éve lekerült a radaromról, mint mindenki, akinek bármi köze lesz a Real Madridhoz, kivéve <strong>Hagit</strong> és <strong>Prosineckit</strong>, de ezt most hagyjuk. Az edzői karrierjét nehéz lett volna ignorálni, mindannyian láttuk, ahogy a jól szabott öltönyeiben mérsékelt érdeklődést mutat az iránt, hogy szuperszonikus csapata sorozatban három Bajnokok Ligája-trófeát lapátol össze (korábban még a duplázás sem sikerült egyetlen klubnak sem).

Aztán néhány hete a Facebook bedobott nekem egy videót a 2000-es Eb elődöntőjéről. Csak Zidane megmozdulásai voltak rajta a portugálok elleni meccsről. Eleinte csak az tűnt fel, hogy milyen ütemtelen, darabos a mozgása, miközben mégis van benne valami sikamlós, valami elegáns. Két-három csel után, estében, a földön fekve ugratja ki társait, a portugálok már ettől is teljesen kikészülnek. Vagy azok a külsővel adott, laza bokapasszok, mint a grundon. Keresztlabda, labdatovábbsimítás sarokkal – minden megy neki. Aztán jönnek az átlépős cselek, majd a lehetetlen szólók. Ezekre nem is emlékeztem, számomra Zidane az a futballista volt, aki látott a pályán, olyan lehetőségeket, szögeket és együttállásokat volt képes észrevenni, amit nagyon kevesen – ráadásul pontosan oda is tudta rúgni a labdát a társainak. Csodálatos volt az a képessége, ahogy a testének minden porcikájával mozgatta és fedezte a labdát. Húsz év után le vagyok nyűgözve.

<iframe style="border: none;overflow: hidden" src="https://www.facebook.com/plugins/video.php?height=476&amp;href=https%3A%2F%2Fwww.facebook.com%2FEURO2020%2Fvideos%2F985503452211522%2F&amp;show_text=false&amp;width=476&amp;t=0" width="476" height="476" frameborder="0" scrolling="no" allowfullscreen="allowfullscreen"></iframe>

Keresek a meccsről egy hosszabb összefoglalót, ebben is csak Zidane szerepel. És ahogy nézem őt, vagyis csak Zidane-t nézem, feltűnik, hogy a társai hozzá képest unalmas robotfigurák. Szükség van rájuk, természetesen, <strong>Vieirának</strong> az a dolga, hogy kinyújtsa a póklábait, és <strong>Deschamps-ra</strong> is szükség van egy kellemes háromszögeléshez. Csak egy négyméteres pöci, kösz, Didier, már viszem is tovább. Tovább viharzik, mondaná <strong>Knézy Jenő</strong>. Szóval Zidane más valóságban mozog a pályán, a társak gyakran nem is tudnak felnőni mellé. Küzd, kattog, kiügyeskedi a labdát, a többiek meg elcseszik. <strong>Petit</strong> lába alatt elgurul, helló. <strong>Thuram</strong> lelkesen beindul, de nem tudja levenni. <strong>Henry</strong> se. <strong>Anelka</strong> csukafejes közben elcsúszik, reménytelen eset.

Azt hiszem, Zidane-t soha nem fogják emlegetni minden idők legnagyobb játékosai között, gondolok itt <strong>Puskásra</strong>, <strong>Pelére</strong>, <strong>Maradonára</strong>, <strong>Messire</strong>, <strong>Cristiano Ronaldóra</strong>. Miért nem? A trófeái megvannak hozzá. A tudása is, nyilván. Materazzi lefejelése? Maradonának voltak durvább húzásai, ráadásul Materazzi miatt ez az akció sokaknál inkább ért piros pontot, mint piros lapot. Nem tudom.

<span class="highlight-block-small">Nézem Zidane-t, fantasztikus, de továbbra sem tudom szeretni. Vagy legalábbis közel kerülni hozzá. De ez a kis videó arra mégis jó volt, hogy megvegyem az önéletrajzi könyvét.</span>
