{"version":"1.0","provider_name":"Sport24","provider_url":"https:\/\/sport24.24.hu","author_name":"Fut\u00f3 Csaba","author_url":"https:\/\/sport24.24.hu\/author\/futocs\/","title":"Le\u00e1stunk oda, ahova a magyar futballban nem szok\u00e1s \u2013 a Gyirm\u00f3t \u00fatja a megye II-t\u0151l az NB I-ig","html":"Ugyan az NB I-es szezonban m\u00e9g v\u00e1rat mag\u00e1ra az els\u0151 gy\u0151zelem, az \u00fajonc k\u00e9t pontot szerzett az eddigi h\u00e1rom fordul\u00f3ban: d\u00f6ntetlent j\u00e1tszott az MTK-val \u00e9s legut\u00f3bb a Feh\u00e9rv\u00e1rral, ezek mellett pedig kikapott att\u00f3l a Kisv\u00e1rd\u00e1t\u00f3l 2-1-re, amely egyed\u00fclik\u00e9nt a mez\u0151nyb\u0151l hib\u00e1tlan rajtot vett.","type":"rich","thumbnail_url":"https:\/\/s.24.hu\/app\/uploads\/sites\/24\/2021\/08\/gyirmot-150x150.jpg","thumbnail_width":150,"thumbnail_height":150}

Futó Csaba

Leástunk oda, ahova a magyar futballban nem szokás – a Gyirmót útja a megye II-től az NB I-ig

Ugyan az NB I-es szezonban még várat magára az első győzelem, az újonc két pontot szerzett az eddigi három fordulóban: döntetlent játszott az MTK-val és legutóbb a Fehérvárral, ezek mellett pedig kikapott attól a Kisvárdától 2-1-re, amely egyedüliként a mezőnyből hibátlan rajtot vett.
