{"version":"1.0","provider_name":"Sport24","provider_url":"https:\/\/sport24.24.hu","author_name":"Bruckner G\u00e1bor","author_url":"https:\/\/sport24.24.hu\/author\/brucknerg\/","title":"A v\u00e9gre cs\u00facsra jut\u00f3 Inter lett a pand\u00e9mia \u00e1llatorvosi lova","html":"<strong>Lionel Messi<\/strong> P\u00e1rizsba szerz\u0151d\u00e9se m\u00e9g \u00fagy is t\u00f6k\u00e9letes l\u00e1tlelete az esem\u00e9nyeknek, hogy tudjuk, a Barca kor\u00e1bbi vezet\u00e9se lelkesen korm\u00e1nyozta a hull\u00e1ms\u00edr fel\u00e9 a katal\u00e1n z\u00e1szl\u00f3shaj\u00f3t. El\u00e9g nagy a csend a Real Madridn\u00e1l, illetve a nem arabok \u00e9s oroszok \u00e1ltal birtokolt angol csapatokn\u00e1l is, a Juventus pedig v\u00e9rt izzadva pr\u00f3b\u00e1lta leigazolni <strong>Manuel Locatellit<\/strong>, mindenf\u00e9le k\u00f6lcs\u00f6n+kiv\u00e1s\u00e1rl\u00e1si z\u00e1rad\u00e9kkal pr\u00f3b\u00e1lkoztak a Sassuol\u00f3n\u00e1l (\u00edgy is siker\u00fclt v\u00e9g\u00fcl megszerezni\u00fck), pedig az ilyesmi az Agnelli m\u00e1gn\u00e1scsal\u00e1d kor\u00e1bbi \u00e9vtizedeiben elk\u00e9pzelhetetlen lett volna. \u00c9s ott van a legnagyobb vesztes, az Inter.\r\n<h2>A legrosszabbkor \u00fct be a m\u00e9nk\u0171<\/h2>\r\nA mil\u00e1n\u00f3i klub nagyon magasr\u00f3l esett nagyon m\u00e9lyre 2011-ben, az olasz bajnok, kupagy\u0151ztes \u00e9s BL-gy\u0151ztes (az els\u0151 olasz tripl\u00e1z\u00f3) csapat gyorsan sz\u00e9tesett, \u00e9s az egy \u00e9vvel k\u00e9s\u0151bb megnyert Olasz Kupa egy \u00e9vtizeden \u00e1t az egyetlen tr\u00f3fe\u00e1ja volt az Internek. A Juve dominanci\u00e1j\u00e1t hoz\u00f3 k\u00f6vetkez\u0151 id\u0151szakban a <strong>Massimo Moratti<\/strong> \u00e1ltal vezetett klubnak es\u00e9lye sem volt nyerni eg\u00e9szen a 2020-as \u00e9vekig, \u00e9s a legend\u00e1s eln\u00f6k fia 2013-ban el is adta az Intert.\r\n<div class=\"payable-content-section\"><\/div>\r\nA mil\u00e1n\u00f3i fels\u0151 t\u00edzezer kedvenc klubj\u00e1nak t\u00f6rt\u00e9nelme sor\u00e1n ritk\u00e1n voltak anyagi term\u00e9szet\u0171 gondjai, \u00e9s a hatalmas k\u00ednai mamutc\u00e9g, a Suning International 2018-as felt\u0171n\u00e9se a h\u00e1tt\u00e9rben szavatolta, hogy ez tov\u00e1bbra is \u00edgy marad. Az Inter t\u00f6rt\u00e9net\u00e9nek legfiatalabb eln\u00f6ke, <strong>Steven Zhang<\/strong> k\u00e9t \u00e9vvel a kinevez\u00e9se ut\u00e1n m\u00e1r nagyon k\u00f6zel volt a bajnoki c\u00edmhez, 2021-ben pedig az Inter lett az a csapat, amely letasz\u00edtotta a tr\u00f3non kilenc szezonon \u00e1t p\u00f6ffeszked\u0151 Juventust. Sikersztori.\r\n\r\nAzon lehet vitatkozni a mil\u00e1n\u00f3i scudetto kapcs\u00e1n, hogy az Inter javult-e ekkor\u00e1t, vagy a Juventus lett ennyivel gyeng\u00e9bb, az viszont vit\u00e1n fel\u00fcl \u00e1ll, hogy\r\n\r\n<span class=\"highlight-block\">baromi j\u00f3l n\u00e9zett ki az Inter. <\/span>\r\n\r\n<strong>Antonio Conte<\/strong> minden er\u00e9ny\u00e9t felvonultatta a kispadon, k\u00f6zt\u00fck a legfontosabbal: mindenkib\u0151l kihozta a maximumot. A tud\u00e1suk fels\u0151 szintj\u00e9hez k\u00f6zel teljes\u00edt\u0151 j\u00e1t\u00e9kosok legyalult\u00e1k a Serie A mez\u0151ny\u00e9t, az Inter \u00fagy domin\u00e1lta a szezont, mint legut\u00f3bb <strong>Jos\u00e9 Mourinho<\/strong> ir\u00e1ny\u00edt\u00e1s\u00e1val a tripletta \u00e9v\u00e9ben.\r\n\r\nKijelenthet\u0151, hogy az Inter nemcsak a trikol\u00f3rt varrhatja a mez\u00e9re, de azt is elmondhatja, hogy a legjobb csapat volt az olasz bajnoks\u00e1gban. Mivel a kulcsj\u00e1t\u00e9kosok szinte kiv\u00e9tel n\u00e9lk\u00fcl ide\u00e1lis korban vannak, felsejlett a mark\u00e1nsabb \u0151rs\u00e9gv\u00e1lt\u00e1s k\u00e9pe a Serie A-ban.\r\n<h2>A v\u00edrus tudta csak legy\u0151zni<\/h2>\r\nA covidhelyzet minden klubra kem\u00e9nyen les\u00fajtott, de a csap\u00e1s m\u00e9rt\u00e9ke igen sz\u00e9les sk\u00e1l\u00e1n mozgott. Az Inter els\u0151sorban az\u00e9rt ker\u00fclt a t\u00f6bbiekn\u00e9l j\u00f3val kor\u00e1bban, \u00e9s a t\u00f6bbiekn\u00e9l j\u00f3val nagyobb bajba, mert a k\u00ednai tulajdonossal is ez t\u00f6rt\u00e9nt: a v\u00edrus kit\u00f6r\u00e9s\u00e9nek epicentrum\u00e1ban \u00e9rtelemszer\u0171en a hat\u00e1sok is kor\u00e1bban \u00e9reztett\u00e9k magukat, r\u00e1ad\u00e1sk\u00e9nt j\u00f6tt a k\u00ednai korm\u00e1ny d\u00f6nt\u00e9se, ami megtiltotta a k\u00fclf\u00f6ldi piacokon mozg\u00f3 v\u00e1llalatainak a p\u00e9nzk\u00f6lt\u00e9st. Egyszer\u0171en elz\u00e1rt\u00e1k a csapot.\r\n\r\nA helyzet s\u00falyoss\u00e1ga m\u00e1r 2020 tel\u00e9n a nyilv\u00e1noss\u00e1g el\u00e9 ker\u00fclt, elmaradt b\u00e9rekr\u0151l meg fizet\u00e9si r\u00e9szletekr\u0151l lehetett hallani, \u00e9s a klub sem c\u00e1folta, hogy alkudozni kezdett a j\u00e1t\u00e9kosokkal a fizet\u00e9sek optimaliz\u00e1l\u00e1s\u00e1r\u00f3l. Conte el\u00e9rte, hogy ennek az \u00f6lt\u00f6z\u0151ben \u2013 pl\u00e1ne a p\u00e1ly\u00e1n \u2013 ne legyen nyoma, de ahogyan k\u00f6zeledett a szezon v\u00e9ge, \u00e9s v\u00e1lt egyre biztosabb\u00e1 az Inter bajnoki c\u00edme,\r\n\r\n<span class=\"highlight-block\">\u00fagy lett az is egyre val\u00f3sz\u00edn\u0171bb, hogy sz\u00e9tsz\u00e9led a csapat.<\/span>\r\n\r\nA scudett\u00f3t v\u00e9g\u00fcl k\u00e9nyelmes befut\u00f3val nyerte meg az Inter, de a fieszta el\u00fcl\u00e9se ut\u00e1n n\u00e9h\u00e1ny nappal m\u00e1r arr\u00f3l \u00e9rkeztek a h\u00edrek, hogy a j\u00e1t\u00e9kosok nem akarnak lemondani k\u00e9thavi fizet\u00e9s\u00fckr\u0151l, Conte pedig azonnal lel\u00e9pett, amikor a klubigazgat\u00f3ja k\u00f6z\u00f6lte vele: minimum 100 milli\u00f3 eur\u00f3 plusszal kell z\u00e1rni az \u00e1tigazol\u00e1si szezont.\r\n\r\nA kor\u00e1bban a Juventusszal sorozatban h\u00e1rom bajnoki c\u00edmet szerz\u0151 szakember a vil\u00e1g harmadik legjobban keres\u0151 edz\u0151je volt 12 milli\u00f3 eur\u00f3s fizet\u00e9s\u00e9vel, a t\u00e1voz\u00e1sa m\u00e1r emiatt val\u00f3sz\u00edn\u0171s\u00edthet\u0151 volt, de ami ut\u00e1na j\u00f6tt, arra nem voltak felk\u00e9sz\u00fclve a szurkol\u00f3k.\r\n\r\n<img class=\"aligncenter size-full wp-image-1758\" src=\"https:\/\/sport24.24.hu\/app\/uploads\/sites\/24\/2021\/08\/000_1kh9jr.jpg\" alt=\"\" width=\"2000\" height=\"1333\" \/>\r\n<h2>H\u00e1rom kulcsember n\u00e9lk\u00fcl<\/h2>\r\nAz Inter-t\u00e1bor \u00fagy futott neki a mercat\u00f3nak, hogy tudta, egy vez\u00e9r\u00e1ldozatot biztosan hoznia kell a csapatnak Conte t\u00e1voz\u00e1sa ut\u00e1n is. Tal\u00e1n sokan meg is b\u00e9k\u00e9ltek vele, hogy az ifj\u00fa sz\u00e1rnyv\u00e9d\u0151, <strong>Achraf Hakimi<\/strong> lesz az, akit j\u00f3 \u00e1ron el tud adni a klub, hi\u00e1ba futott kiv\u00e1l\u00f3 szezont a j\u00e1t\u00e9kos. Ha csak annyi t\u00f6rt\u00e9nt volna, hogy az edz\u0151j\u00fck mellett a 22 \u00e9ves marokk\u00f3it is elvesz\u00edtik, az is komoly \u00fct\u00e9s, de kiheverhet\u0151.\r\n\r\n<strong>Romelo Lukaku<\/strong> t\u00e1voz\u00e1sa azonban m\u00e1r eg\u00e9szen m\u00e1s t\u00e9szta. A belga k\u00e9rd\u00e9s n\u00e9lk\u00fcl az Inter legfontosabb j\u00e1t\u00e9kosa volt, Conte rendszere r\u00e1 volt kihegyezve, \u00e9s Lukaku sz\u00e1ll\u00edtotta is a g\u00f3lokat. Nem lebecs\u00fclve <strong>Stefan De Vrij<\/strong> rendk\u00edv\u00fcl prec\u00edz v\u00e9d\u0151j\u00e1t\u00e9k\u00e1t,<strong> Nicolo Barella<\/strong> \u00e9s <strong>Marcelo Brozovic<\/strong> zsenij\u00e9t a p\u00e1lya k\u00f6zep\u00e9n, a belga volt a csapat j\u00e1t\u00e9k\u00e1nak gy\u00fajt\u00f3pontja.\r\n\r\nA Chelsea-n\u00e9l j\u00f3l r\u00e1\u00e9reztek, hogy egy kell\u0151en er\u0151s aj\u00e1nlat\u00e1\u00e9rt az Inter hajland\u00f3 lesz megv\u00e1lni a j\u00e1t\u00e9kost\u00f3l, \u00e9s itt vissza is kanyarodhatunk az alapgondolathoz, hogy melyik klubok \u00e9lt\u00e9k t\u00fal a pand\u00e9mi\u00e1t, \u00e9s melyek j\u00e1rtak cs\u00fany\u00e1n p\u00f3rul. Mik\u00f6zben az Internek 100 milli\u00f3s t\u0151keinjekci\u00f3 kell az \u00e9letben marad\u00e1shoz, a londoniak sim\u00e1n kipengetnek egy klubrekordnak sz\u00e1m\u00edt\u00f3 115 milli\u00f3s aj\u00e1nlatot.\r\n\r\nAz Inter klubigazgat\u00f3ja, <strong>Beppe Marotta<\/strong> k\u00e9nytelen az akci\u00f3s \u00e1ruk k\u00f6z\u00f6tt p\u00f3tl\u00e1st keresni, \u00edgy ker\u00fclt a klubhoz (ingyen) <strong>Hakan Calhanoglu<\/strong> a Milant\u00f3l, illetve a m\u00e1sf\u00e9l milli\u00f3 eur\u00f3\u00e9rt elcs\u00e1b\u00edtott <strong>Edin Dzeko<\/strong>, aki m\u00e1rciusban m\u00e1r a 35-\u00f6t t\u00f6lt\u00f6tte. Ehhez k\u00e9pest a Conte posztj\u00e1t meg\u00f6r\u00f6kl\u0151 <strong>Simone Inzaghi<\/strong> par\u00e1d\u00e9s v\u00e1laszt\u00e1s, a Lazi\u00f3val folyamatosan er\u0151n fel\u00fcl teljes\u00edt\u0151 egykori csat\u00e1rra sz\u00e9p feladat v\u00e1r Mil\u00e1n\u00f3ban, de R\u00f3m\u00e1ban nagyon j\u00f3 benyom\u00e1st tett, nem kiz\u00e1rt, hogy meg\u00e9rett a feladatra.\r\n\r\nAz Intert persze nem kell temetni, mert hasonl\u00f3 gondokkal k\u00fczdenek a konkurensek is. A Milann\u00e1l \u00e9s a Juventusn\u00e1l is a stabilit\u00e1s meg\u0151rz\u00e9se a c\u00e9l, nagy igazol\u00e1sok nem v\u00e1rhat\u00f3k egyik helyen sem (hacsak nem t\u00e1voz\u00f3kr\u00f3l lesz sz\u00f3), \u00e9s cseppet sem meglep\u0151 m\u00f3don a t\u00f6bbi klubban is igen csendesen telik a mercato. Ha minden \u00fagy marad az olasz \u00e9lcsapatokban, ahogyan most van, akkor azt a meglep\u0151 kijelent\u00e9st kell tenn\u00fcnk, hogy\r\n\r\n<span class=\"highlight-block\">az el\u0151tt\u00fcnk \u00e1ll\u00f3 szezon legnagyobb es\u00e9lyese az Atalanta.<\/span>\r\n\r\nNem vicc.\r\n\r\n[prefabricated_shortcode in_app=\"0\" code=\"%3Cdiv%20class%3D%22article_box_border%22%20style%3D%22background%3A%20url%28%27https%3A%2F%2F24.p3k.hu%2Fapp%2Fuploads%2Fsites%2F24%2F2021%2F05%2Fsport24-pattern.png%27%29%20no-repeat%20left%20-16px%20%23f3f3f4%3B%20border%3A%20none%3B%22%3E%0D%0A%3Cdiv%20class%3D%22article_solidheader%22%3E%0D%0A%3Ch2%20style%3D%22color%3A%20%23111115%21important%3B%20font-size%3A%2036px%3B%20font-weight%3A%20bold%3B%20margin-bottom%3A%2030px%3B%20margin-top%3A%2020px%3B%20text-align%3A%20center%3B%20line-height%3A%2036px%3B%22%3E%3Cimg%20class%3D%22aligncenter%20size-full%20wp-image-141%22%20src%3D%22https%3A%2F%2F24.p3k.hu%2Fapp%2Fuploads%2Fsites%2F24%2F2021%2F05%2Fs24-logo-dt.png%22%20alt%3D%22%22%20width%3D%22408%22%20height%3D%2290%22%20%2F%3E%3C%2Fh2%3E%0D%0A%3Ch2%20style%3D%22color%3A%20%23111115%21important%3B%20font-size%3A%2036px%3B%20font-weight%3A%20bold%3B%20margin-bottom%3A%2030px%3B%20margin-top%3A%2020px%3B%20text-align%3A%20center%3B%20line-height%3A%2040px%3B%22%3ECsatlakozz%20a%20Sport24%20k%C3%B6z%C3%B6ss%C3%A9ghez%2C%20mondd%20el%20v%C3%A9lem%C3%A9nyedet%20z%C3%A1rt%20Facebook-csoportunkban%2C%20%C3%A9s%20vegy%C3%A9l%20r%C3%A9szt%20csak%20el%C5%91fizet%C5%91knek%20el%C3%A9rhet%C5%91%20exkluz%C3%ADv%20esem%C3%A9nyeinken.%3C%2Fh2%3E%0D%0A%3C%2Fdiv%3E%0D%0A%3Cp%20style%3D%22background%3A%20%2357A600%3B%20margin-top%3A%2020px%3B%20padding%3A%2020px%3B%20text-align%3A%20center%3B%22%3E%3Ca%20style%3D%22color%3A%20%23ffffff%3B%20font-size%3A%2026px%3B%20font-weight%3A%20600%3B%22%20href%3D%22https%3A%2F%2Fwww.facebook.com%2Fgroups%2F212344460412327%22%3ECSATLAKOZOM%3C%2Fa%3E%3C%2Fp%3E%0D%0A%0D%0A%3C%2Fdiv%3E\"]","type":"rich","thumbnail_url":"https:\/\/s.24.hu\/app\/uploads\/sites\/24\/2021\/08\/068_aa_23052021_361266-150x150.jpg","thumbnail_width":150,"thumbnail_height":150}

Bruckner Gábor

A végre csúcsra jutó Inter lett a pandémia állatorvosi lova

<strong>Lionel Messi</strong> Párizsba szerződése még úgy is tökéletes látlelete az eseményeknek, hogy tudjuk, a Barca korábbi vezetése lelkesen kormányozta a hullámsír felé a katalán zászlóshajót. Elég nagy a csend a Real Madridnál, illetve a nem arabok és oroszok által birtokolt angol csapatoknál is, a Juventus pedig vért izzadva próbálta leigazolni <strong>Manuel Locatellit</strong>, mindenféle kölcsön+kivásárlási záradékkal próbálkoztak a Sassuolónál (így is sikerült végül megszerezniük), pedig az ilyesmi az Agnelli mágnáscsalád korábbi évtizedeiben elképzelhetetlen lett volna. És ott van a legnagyobb vesztes, az Inter.
<h2>A legrosszabbkor üt be a ménkű</h2>
A milánói klub nagyon magasról esett nagyon mélyre 2011-ben, az olasz bajnok, kupagyőztes és BL-győztes (az első olasz triplázó) csapat gyorsan szétesett, és az egy évvel később megnyert Olasz Kupa egy évtizeden át az egyetlen trófeája volt az Internek. A Juve dominanciáját hozó következő időszakban a <strong>Massimo Moratti</strong> által vezetett klubnak esélye sem volt nyerni egészen a 2020-as évekig, és a legendás elnök fia 2013-ban el is adta az Intert.
<div class="payable-content-section"></div>
A milánói felső tízezer kedvenc klubjának történelme során ritkán voltak anyagi természetű gondjai, és a hatalmas kínai mamutcég, a Suning International 2018-as feltűnése a háttérben szavatolta, hogy ez továbbra is így marad. Az Inter történetének legfiatalabb elnöke, <strong>Steven Zhang</strong> két évvel a kinevezése után már nagyon közel volt a bajnoki címhez, 2021-ben pedig az Inter lett az a csapat, amely letaszította a trónon kilenc szezonon át pöffeszkedő Juventust. Sikersztori.

Azon lehet vitatkozni a milánói scudetto kapcsán, hogy az Inter javult-e ekkorát, vagy a Juventus lett ennyivel gyengébb, az viszont vitán felül áll, hogy

<span class="highlight-block">baromi jól nézett ki az Inter. </span>

<strong>Antonio Conte</strong> minden erényét felvonultatta a kispadon, köztük a legfontosabbal: mindenkiből kihozta a maximumot. A tudásuk felső szintjéhez közel teljesítő játékosok legyalulták a Serie A mezőnyét, az Inter úgy dominálta a szezont, mint legutóbb <strong>José Mourinho</strong> irányításával a tripletta évében.

Kijelenthető, hogy az Inter nemcsak a trikolórt varrhatja a mezére, de azt is elmondhatja, hogy a legjobb csapat volt az olasz bajnokságban. Mivel a kulcsjátékosok szinte kivétel nélkül ideális korban vannak, felsejlett a markánsabb őrségváltás képe a Serie A-ban.
<h2>A vírus tudta csak legyőzni</h2>
A covidhelyzet minden klubra keményen lesújtott, de a csapás mértéke igen széles skálán mozgott. Az Inter elsősorban azért került a többieknél jóval korábban, és a többieknél jóval nagyobb bajba, mert a kínai tulajdonossal is ez történt: a vírus kitörésének epicentrumában értelemszerűen a hatások is korábban éreztették magukat, ráadásként jött a kínai kormány döntése, ami megtiltotta a külföldi piacokon mozgó vállalatainak a pénzköltést. Egyszerűen elzárták a csapot.

A helyzet súlyossága már 2020 telén a nyilvánosság elé került, elmaradt bérekről meg fizetési részletekről lehetett hallani, és a klub sem cáfolta, hogy alkudozni kezdett a játékosokkal a fizetések optimalizálásáról. Conte elérte, hogy ennek az öltözőben – pláne a pályán – ne legyen nyoma, de ahogyan közeledett a szezon vége, és vált egyre biztosabbá az Inter bajnoki címe,

<span class="highlight-block">úgy lett az is egyre valószínűbb, hogy szétszéled a csapat.</span>

A scudettót végül kényelmes befutóval nyerte meg az Inter, de a fieszta elülése után néhány nappal már arról érkeztek a hírek, hogy a játékosok nem akarnak lemondani kéthavi fizetésükről, Conte pedig azonnal lelépett, amikor a klubigazgatója közölte vele: minimum 100 millió euró plusszal kell zárni az átigazolási szezont.

A korábban a Juventusszal sorozatban három bajnoki címet szerző szakember a világ harmadik legjobban kereső edzője volt 12 millió eurós fizetésével, a távozása már emiatt valószínűsíthető volt, de ami utána jött, arra nem voltak felkészülve a szurkolók.

<img class="aligncenter size-full wp-image-1758" src="https://sport24.24.hu/app/uploads/sites/24/2021/08/000_1kh9jr.jpg" alt="" width="2000" height="1333" />
<h2>Három kulcsember nélkül</h2>
Az Inter-tábor úgy futott neki a mercatónak, hogy tudta, egy vezéráldozatot biztosan hoznia kell a csapatnak Conte távozása után is. Talán sokan meg is békéltek vele, hogy az ifjú szárnyvédő, <strong>Achraf Hakimi</strong> lesz az, akit jó áron el tud adni a klub, hiába futott kiváló szezont a játékos. Ha csak annyi történt volna, hogy az edzőjük mellett a 22 éves marokkóit is elveszítik, az is komoly ütés, de kiheverhető.

<strong>Romelo Lukaku</strong> távozása azonban már egészen más tészta. A belga kérdés nélkül az Inter legfontosabb játékosa volt, Conte rendszere rá volt kihegyezve, és Lukaku szállította is a gólokat. Nem lebecsülve <strong>Stefan De Vrij</strong> rendkívül precíz védőjátékát,<strong> Nicolo Barella</strong> és <strong>Marcelo Brozovic</strong> zsenijét a pálya közepén, a belga volt a csapat játékának gyújtópontja.

A Chelsea-nél jól ráéreztek, hogy egy kellően erős ajánlatáért az Inter hajlandó lesz megválni a játékostól, és itt vissza is kanyarodhatunk az alapgondolathoz, hogy melyik klubok élték túl a pandémiát, és melyek jártak csúnyán pórul. Miközben az Internek 100 milliós tőkeinjekció kell az életben maradáshoz, a londoniak simán kipengetnek egy klubrekordnak számító 115 milliós ajánlatot.

Az Inter klubigazgatója, <strong>Beppe Marotta</strong> kénytelen az akciós áruk között pótlást keresni, így került a klubhoz (ingyen) <strong>Hakan Calhanoglu</strong> a Milantól, illetve a másfél millió euróért elcsábított <strong>Edin Dzeko</strong>, aki márciusban már a 35-öt töltötte. Ehhez képest a Conte posztját megöröklő <strong>Simone Inzaghi</strong> parádés választás, a Lazióval folyamatosan erőn felül teljesítő egykori csatárra szép feladat vár Milánóban, de Rómában nagyon jó benyomást tett, nem kizárt, hogy megérett a feladatra.

Az Intert persze nem kell temetni, mert hasonló gondokkal küzdenek a konkurensek is. A Milannál és a Juventusnál is a stabilitás megőrzése a cél, nagy igazolások nem várhatók egyik helyen sem (hacsak nem távozókról lesz szó), és cseppet sem meglepő módon a többi klubban is igen csendesen telik a mercato. Ha minden úgy marad az olasz élcsapatokban, ahogyan most van, akkor azt a meglepő kijelentést kell tennünk, hogy

<span class="highlight-block">az előttünk álló szezon legnagyobb esélyese az Atalanta.</span>

Nem vicc.

[prefabricated_shortcode in_app="0" code="%3Cdiv%20class%3D%22article_box_border%22%20style%3D%22background%3A%20url%28%27https%3A%2F%2F24.p3k.hu%2Fapp%2Fuploads%2Fsites%2F24%2F2021%2F05%2Fsport24-pattern.png%27%29%20no-repeat%20left%20-16px%20%23f3f3f4%3B%20border%3A%20none%3B%22%3E%0D%0A%3Cdiv%20class%3D%22article_solidheader%22%3E%0D%0A%3Ch2%20style%3D%22color%3A%20%23111115%21important%3B%20font-size%3A%2036px%3B%20font-weight%3A%20bold%3B%20margin-bottom%3A%2030px%3B%20margin-top%3A%2020px%3B%20text-align%3A%20center%3B%20line-height%3A%2036px%3B%22%3E%3Cimg%20class%3D%22aligncenter%20size-full%20wp-image-141%22%20src%3D%22https%3A%2F%2F24.p3k.hu%2Fapp%2Fuploads%2Fsites%2F24%2F2021%2F05%2Fs24-logo-dt.png%22%20alt%3D%22%22%20width%3D%22408%22%20height%3D%2290%22%20%2F%3E%3C%2Fh2%3E%0D%0A%3Ch2%20style%3D%22color%3A%20%23111115%21important%3B%20font-size%3A%2036px%3B%20font-weight%3A%20bold%3B%20margin-bottom%3A%2030px%3B%20margin-top%3A%2020px%3B%20text-align%3A%20center%3B%20line-height%3A%2040px%3B%22%3ECsatlakozz%20a%20Sport24%20k%C3%B6z%C3%B6ss%C3%A9ghez%2C%20mondd%20el%20v%C3%A9lem%C3%A9nyedet%20z%C3%A1rt%20Facebook-csoportunkban%2C%20%C3%A9s%20vegy%C3%A9l%20r%C3%A9szt%20csak%20el%C5%91fizet%C5%91knek%20el%C3%A9rhet%C5%91%20exkluz%C3%ADv%20esem%C3%A9nyeinken.%3C%2Fh2%3E%0D%0A%3C%2Fdiv%3E%0D%0A%3Cp%20style%3D%22background%3A%20%2357A600%3B%20margin-top%3A%2020px%3B%20padding%3A%2020px%3B%20text-align%3A%20center%3B%22%3E%3Ca%20style%3D%22color%3A%20%23ffffff%3B%20font-size%3A%2026px%3B%20font-weight%3A%20600%3B%22%20href%3D%22https%3A%2F%2Fwww.facebook.com%2Fgroups%2F212344460412327%22%3ECSATLAKOZOM%3C%2Fa%3E%3C%2Fp%3E%0D%0A%0D%0A%3C%2Fdiv%3E"]
