{"version":"1.0","provider_name":"Sport24","provider_url":"https:\/\/sport24.24.hu","author_name":"Fut\u00f3 Csaba","author_url":"https:\/\/sport24.24.hu\/author\/futocs\/","title":"Benzema reaktiv\u00e1l\u00e1sa sem mentette meg az elt\u00e9velyedett Deschamps-ot","html":"[central_article_recommendation title=\"Kapcsol\u00f3d\u00f3\" url=\"https:\/\/sport24.24.hu\/foci\/2021\/06\/29\/ennyi-klasszissal-soha-nem-latszott-ilyen-elveszettnek-a-francia-valogatott\/\" image=\"1\" lead=\"1\"]","type":"rich","thumbnail_url":"https:\/\/s.24.hu\/app\/uploads\/sites\/24\/2021\/07\/benzema-150x150.jpg","thumbnail_width":150,"thumbnail_height":150}

Futó Csaba

Benzema reaktiválása sem mentette meg az eltévelyedett Deschamps-ot

[central_article_recommendation title="Kapcsolódó" url="https://sport24.24.hu/foci/2021/06/29/ennyi-klasszissal-soha-nem-latszott-ilyen-elveszettnek-a-francia-valogatott/" image="1" lead="1"]
