{"version":"1.0","provider_name":"Sport24","provider_url":"https:\/\/sport24.24.hu","author_name":"Fut\u00f3 Csaba","author_url":"https:\/\/sport24.24.hu\/author\/futocs\/","title":"Robban\u00e1sra k\u00e9sz a d\u00e1n dinamit?","html":"D\u00e1nia az utols\u00f3 csoportk\u00f6rnek m\u00e9g nulla ponttal, az utols\u00f3 helyr\u0151l v\u00e1gott neki, erre m\u00e1r ott is van a negyedd\u00f6nt\u0151ben.\r\n\r\n[central_article_recommendation title=\"Kapcsol\u00f3d\u00f3\" url=\"https:\/\/eb2020.24.hu\/kozvetites\/2021\/06\/26\/foci-eb-2020-wales-dania-nyolcaddonto-meccs-elo\/\" image=\"1\" lead=\"1\"]\r\n\r\nRoberto Mancini ez\u00fattal mell\u00e9ny\u00falt a kezd\u0151csapat\u00e1val, de a cser\u00e9i bej\u00f6ttek, k\u00e9t kispadr\u00f3l bek\u00fcld\u00f6tt j\u00e1t\u00e9kosa nyerte meg a hosszabb\u00edt\u00e1sba torkoll\u00f3, Ausztria elleni m\u00e9rk\u0151z\u00e9st.\r\n\r\n[central_article_recommendation title=\"Kapcsol\u00f3d\u00f3\" url=\"https:\/\/eb2020.24.hu\/kozvetites\/2021\/06\/26\/foci-eb-2020-olaszorszag-ausztria-nyolcaddonto-meccs-elo\/\" image=\"1\" lead=\"1\"]","type":"rich","thumbnail_url":"https:\/\/s.24.hu\/app\/uploads\/sites\/24\/2021\/06\/dania-1-150x150.jpg","thumbnail_width":150,"thumbnail_height":150}

Futó Csaba

Robbanásra kész a dán dinamit?

Dánia az utolsó csoportkörnek még nulla ponttal, az utolsó helyről vágott neki, erre már ott is van a negyeddöntőben.

[central_article_recommendation title="Kapcsolódó" url="https://eb2020.24.hu/kozvetites/2021/06/26/foci-eb-2020-wales-dania-nyolcaddonto-meccs-elo/" image="1" lead="1"]

Roberto Mancini ezúttal mellényúlt a kezdőcsapatával, de a cseréi bejöttek, két kispadról beküldött játékosa nyerte meg a hosszabbításba torkolló, Ausztria elleni mérkőzést.

[central_article_recommendation title="Kapcsolódó" url="https://eb2020.24.hu/kozvetites/2021/06/26/foci-eb-2020-olaszorszag-ausztria-nyolcaddonto-meccs-elo/" image="1" lead="1"]
