{"version":"1.0","provider_name":"Sport24","provider_url":"https:\/\/sport24.24.hu","author_name":"Fut\u00f3 Csaba","author_url":"https:\/\/sport24.24.hu\/author\/futocs\/","title":"VAR, kezez\u00e9s, p\u00e1rharcok \u2013 mi v\u00e1ltozott az Eb-n j\u00e1t\u00e9kvezet\u0151i szempontb\u00f3l?","html":"Sokan m\u00e9g mindig nem bar\u00e1tkoztak a videob\u00edr\u00f3 bevezet\u00e9s\u00e9vel, de <strong>Szab\u00f3 Zsolt<\/strong> szerint j\u00f3t tesz a labdar\u00fag\u00e1snak, ha a j\u00e1t\u00e9kvezet\u0151k nem t\u00e9vednek, vagy ha m\u00e9gis, ki lehet jav\u00edtani azt a hib\u00e1t.\r\n\r\n[central_article_recommendation title=\"Kapcsol\u00f3d\u00f3\" url=\"https:\/\/sport24.24.hu\/foci\/2021\/06\/25\/podcast-ajtoablak-denes-ferenc\/\" image=\"1\" lead=\"1\"]","type":"rich","thumbnail_url":"https:\/\/s.24.hu\/app\/uploads\/sites\/24\/2021\/06\/var-150x150.jpg","thumbnail_width":150,"thumbnail_height":150}

Futó Csaba

VAR, kezezés, párharcok – mi változott az Eb-n játékvezetői szempontból?

Sokan még mindig nem barátkoztak a videobíró bevezetésével, de <strong>Szabó Zsolt</strong> szerint jót tesz a labdarúgásnak, ha a játékvezetők nem tévednek, vagy ha mégis, ki lehet javítani azt a hibát.

[central_article_recommendation title="Kapcsolódó" url="https://sport24.24.hu/foci/2021/06/25/podcast-ajtoablak-denes-ferenc/" image="1" lead="1"]
