{"version":"1.0","provider_name":"Sport24","provider_url":"https:\/\/sport24.24.hu","author_name":"Fut\u00f3 Csaba","author_url":"https:\/\/sport24.24.hu\/author\/futocs\/","title":"Egy soksz\u00edn\u0171s\u00e9g\u00e9ben sikeres magyar v\u00e1logatott a t\u00e1rsadalmat is seg\u00edthet befogad\u00f3bb\u00e1 tenni","html":"A sz\u00e1mok m\u00f6g\u00e9 n\u00e9zve is kielemzt\u00fck a magyar v\u00e1logatott szerepl\u00e9s\u00e9t:\r\n\r\n[central_article_recommendation title=\"Kapcsol\u00f3d\u00f3\" url=\"https:\/\/sport24.24.hu\/foci\/2021\/06\/24\/vedekeztunk-de-nem-a-tulelesre-jatszottunk-szamok-tukreben-a-magyar-eb-szereples\/\" image=\"1\" lead=\"1\"]","type":"rich","thumbnail_url":"https:\/\/s.24.hu\/app\/uploads\/sites\/24\/2021\/06\/szalai-adam-150x150.jpg","thumbnail_width":150,"thumbnail_height":150}

Futó Csaba

Egy sokszínűségében sikeres magyar válogatott a társadalmat is segíthet befogadóbbá tenni

A számok mögé nézve is kielemztük a magyar válogatott szereplését:

[central_article_recommendation title="Kapcsolódó" url="https://sport24.24.hu/foci/2021/06/24/vedekeztunk-de-nem-a-tulelesre-jatszottunk-szamok-tukreben-a-magyar-eb-szereples/" image="1" lead="1"]
