{"version":"1.0","provider_name":"Sport24","provider_url":"https:\/\/sport24.24.hu","author_name":"Fut\u00f3 Csaba","author_url":"https:\/\/sport24.24.hu\/author\/futocs\/","title":"A n\u00e9met-magyar ut\u00e1n ad\u00f3dik a k\u00e9rd\u00e9s: hogy hagyhat b\u00e1rkit hidegen a futball?","html":"[central_article_recommendation title=\"A kor\u00e1bbi ad\u00e1sok itt \u00e9rhet\u0151k el:\" url=\"https:\/\/sport24.24.hu\/ajto-ablak-ziccer-sport24-podcast\/\" image=\"1\" lead=\"1\"]","type":"rich","thumbnail_url":"https:\/\/s.24.hu\/app\/uploads\/sites\/24\/2021\/06\/valogatott-2-150x150.jpg","thumbnail_width":150,"thumbnail_height":150}

Futó Csaba

A német-magyar után adódik a kérdés: hogy hagyhat bárkit hidegen a futball?

[central_article_recommendation title="A korábbi adások itt érhetők el:" url="https://sport24.24.hu/ajto-ablak-ziccer-sport24-podcast/" image="1" lead="1"]
