{"version":"1.0","provider_name":"Sport24","provider_url":"https:\/\/sport24.24.hu","author_name":"Fut\u00f3 Csaba","author_url":"https:\/\/sport24.24.hu\/author\/futocs\/","title":"N\u00e9metorsz\u00e1g\u2013Magyarorsz\u00e1g 2:2","html":"Ma este N\u00e9metorsz\u00e1g\u2013Magyarorsz\u00e1g futballmeccs, ami m\u00e1r r\u00e9g nem futballmeccs. A t\u00e9t \u00f3ri\u00e1si, \u00e9s az Eb el\u0151tt nehezen hittem volna el, hogy le\u00edrhatom:\r\n\r\n<span class=\"highlight-block-small\">ha ma este megverj\u00fck a n\u00e9meteket, biztosan tov\u00e1bbjutunk a legjobb tizenhat k\u00f6z\u00e9.<\/span>\r\n\r\nAz a helyzet ugyanakkor, ami kialakult, a magyar j\u00e1t\u00e9kosokkal szemben is m\u00e9ltatlan: <strong>Nagy \u00c1d\u00e1m<\/strong> al\u00e1zat\u00e1r\u00f3l,<strong> Sallai Roland<\/strong> zsenialit\u00e1s\u00e1r\u00f3l, <strong>Kleinheisler L\u00e1szl\u00f3<\/strong> sz\u00edv\u00e9r\u0151l \u00e9s<strong> Gul\u00e1csi P\u00e9ter<\/strong> v\u00e9d\u00e9seir\u0151l kellene besz\u00e9ln\u00fcnk, nem pedig arr\u00f3l, hogy milyen sz\u00edn\u0171 lesz a stadion. Duplacsavar a sztoriban, hogy a megsz\u00f3lal\u00f3k t\u00f6bbs\u00e9ge szerint ne keverj\u00fck a sportot a politik\u00e1val, mik\u00f6zben mindenki ezt csin\u00e1lja. Mi sem tudjuk ezt teljesen figyelmen k\u00edv\u00fcl hagyni az \u00e9l\u0151 k\u00f6zvet\u00edt\u00e9s\u00fcnkben, de h\u00e1t mit lehet tenni akkor, ha a magyar v\u00e1logatott t\u00f6rt\u00e9net\u00e9nek egyik legfontosabb meccse egyszerre lett futballharc \u00e9s a politikai demonstr\u00e1ci\u00f3 fel\u00fclete.\r\n\r\n21 \u00f3rakor kezd\u00fcnk, n\u00e9met\u2013magyar \u00e9l\u0151ben, arr\u00f3l, ami a p\u00e1ly\u00e1n t\u00f6rt\u00e9nik majd.\r\n\r\n&nbsp;\r\n\r\n1. perc: Feket\u00e9ben N\u00e9metorz\u00e1g, feh\u00e9rben Magyarorsz\u00e1g. (Ha valaki nem tudn\u00e1. Vagy fekete-feh\u00e9r t\u00e9v\u00e9je van. \u00c9s nem sz\u00ednes!!!!) Zuhog az es\u0151, ez kinek j\u00f3?\r\n\r\n4. perc: A labda m\u00e9g nem volt n\u00e1lunk, de Gul\u00e1csi P\u00e9ternek m\u00e1r volt dolga, laz\u00e1n v\u00e9d. Csak leeresztette a kez\u00e9t, \u00e9s belepaskolt.\r\n\r\n6. perc: Mi is a p\u00e1ly\u00e1n vagyunk: egy kiugrat\u00e1s ut\u00e1n Sallai ker\u00fclhetett volna helyzetbe, de elcs\u00faszott el\u0151tte a labda. Torghelle Sanyi tal\u00e1n oda\u00e9rt volna.\r\n\r\n8. perc: Fiola m\u00e1sodszor r\u00fagja meg Kimmichet. (Szakkomment\u00e1tor, Fekete Rich\u00e1rd, k\u00f6lt\u0151: Fiola a mai napig annyi g\u00f3lt l\u0151tt egymaga k\u00e9t\u00a0 meccsen, mint a teljes spanyol v\u00e1logatott.) Tov\u00e1bbi megjegyz\u00e9s: Fiola se lenne sokkal rosszabb center, mint Morata, aki ma a szlov\u00e1kok ellen kihagyott egy tizenegyest.\r\n\r\n11. perc: \u00c9pp azt fogalmazgattam magamban, hogy milyen fantasztikus \u00e9rz\u00e9s egy olyan magyar v\u00e1logatott l\u00e1tni, amelyiknek van terve, karaktere, ereje. <strong>Erre, basszus, Sallai bead\u00e1s\u00e1b\u00f3l Szalai g\u00f3lt fejel. VEZET\u00dcNK! M\u00e9g mindig van ember Magyarorsz\u00e1gon, aki szerint Szalai nem fantasztikus?<\/strong> K\u00e9pzelj\u00e9k m\u00e1r el a hely\u00e9n Nikolicsot. Ugye?\r\n\r\n17. perc: Az motoszk\u00e1l a fejemben, hogy ez a magyar v\u00e1logatott mit\u0151l olyan j\u00f3? OK, Havertz bead\u00e1sa ut\u00e1n volt egy kisebb adrenalinsokk, de Sane el\u0151tt elcs\u00faszott a labda.\r\n\r\n20. perc: Kocsmafilozof\u00e1lgat\u00e1s. Az\u00e9rt jobban agg\u00f3dn\u00e9k, ha mondjuk a n\u00e9metekn\u00e9l olyan t\u00edpus\u00fa focist\u00e1k lenn\u00e9nek a p\u00e1ly\u00e1n, mint Effenberg vagy Matthaus. Szerencs\u00e9re azonban Effenberg \u00faj neve Kleinheisler (m\u00e9g arcra is!), Matthaus pedig az\u00f3ta elmagyarosodott, Budapesten \u00e9l. Szerintem nek\u00fcnk szurkol. (K\u00f6zben kisebb n\u00e9met helyezetek.) (Szakkomment\u00e1tor, G\u00f6rf\u00f6l Bal\u00e1zs a Jelenkor foly\u00f3irat szerkeszt\u0151je: \"jaj, jaj, jaj\".)\r\n\r\n24. perc: Karaszjov a sokadik gyan\u00fas n\u00e9met faultn\u00e1l hallgat, hallgat, mint egy igazi orosz (Oblomov). Collin\u00e1t jobban b\u00edrtam ebb\u0151l a kopasz t\u00edpusb\u00f3l. Vagy Kojaket. Kassai Viktor r\u00e1sz\u00f3lhatna walkie-talkie-n.\r\n\r\n27. perc: <strong>Kimmichet harmadszor r\u00fagja le Fiola. S\u00e1rga. Jogos. A b\u00edr\u00f3nak h\u00e1tat ford\u00edt Botka. Vodka? K\u00e9rdezi Karasz.<\/strong>\r\n\r\n28. perc: Kellett nekem ezzel po\u00e9nkodni. Vodka is kap egy s\u00e1rg\u00e1t. A bead\u00e1sb\u00f3l nem lesz semmi. \u00c9rtik: a 28. perc, \u00e9s nincs semmi. Csak annyi, hogy vezet\u00fcnk.\r\n\r\n30. perc: G\u00fcndogan is s\u00e1rg\u00e1t kap.\r\n\r\n33. perc: J\u00e1tszik a Schafer? Nem baj, szeretj\u00fck!! \"Ez a mi\u00e9nk\" \u2013 mondja Hajd\u00fa B. M\u00e9g 60 perc. Az egy \u00f3ra.\r\n\r\n34. perc: Szalai megint mit csin\u00e1lt a k\u00f6z\u00e9pp\u00e1ly\u00e1n\u2026 Leveszi, megtartja, testcsel, fordul\u00e1s, ind\u00edt\u00e1s \u2013 mind pontos. A bead\u00e1s rossz sajnos. Azt\u00e1n Fiola egy s\u00e1rga birtok\u00e1ban ny\u00fajtott l\u00e1bbal rep\u00fcl. \u00daristen. Szerencs\u00e9re laszti. De ez nem lesz \u00edgy j\u00f3.\r\n\r\n39. perc: Nagy \u00c1d\u00e1m egy percen bel\u00fcl k\u00e9tszer szerel a tizenhatos el\u0151ter\u00e9ben, a m\u00e1sodik ut\u00e1n pedig olyan pontos, lapos ind\u00edt\u00e1st ad Kleiheislernek\u2026 Sz\u00e9p kontra, \u00f6r\u00f6m ezt n\u00e9zni. Jobbak vagyunk a n\u00e9metekn\u00e9l, ez a j\u00e1t\u00e9k m\u00e9g a franci\u00e1k ellenin\u00e9l is sokkal jobb. Egy \u00e9szrev\u00e9tel: Fiola m\u00e1r most nem kap leveg\u0151t.\r\n\r\n41. perc: A franci\u00e1k ellen tr\u00f3pusi id\u0151j\u00e1r\u00e1s volt, ma monszun. Mintha ezt az Eb-t \u00c1zsi\u00e1ban j\u00e1tszan\u00e1nk. V\u00e9g\u00fcl is meg\u00e9rte a keleti nyit\u00e1s.\r\n\r\n44. perc: Egy perc adogat\u00e1s ut\u00e1n a n\u00e9metek hazaadj\u00e1k a labd\u00e1t. A magyarok az \u00faj olaszok.\r\n\r\n45. perc: K\u00f6sz Haver. Mell\u00e9.\r\n\r\n45+2. perc: Gosens hogy j\u00e1tszott a portug\u00e1lok ellen. \u00c9s hogy j\u00e1tszik most. Ez is a mi dics\u00e9ret\u00fcnk. (Pann\u00f3nia dics\u00e9rete.)\r\n\r\nA sz\u00fcnetben Szalai a f\u00f6ldre rogy \u00e9s zih\u00e1l. Kurv\u00e1ra nem baj, m\u00e1r csak 45 perc. A sz\u00fcnetre j\u00f6jj\u00f6n egy kis V\u00e1gt\u00e1z\u00f3 Halottk\u00e9mek, \u00e9n pedig hozok valamit inni.\r\n\r\nhttps:\/\/youtu.be\/zKoCiPpS7KQ\r\n\r\n&nbsp;\r\n\r\n47. perc: Mennyi van m\u00e9g h\u00e1tra? (G\u00f6rf\u00f6l koll\u00e9ga, Jelenkor foly\u00f3irat)\r\n\r\n50. perc: Nem hazudnak a statisztik\u00e1k: Nego el\u0151l Gosens becs\u00faszva tiszt\u00e1z. A tavalyi 50 Atalanta-meccsn\u00e9z\u00e9sem ut\u00e1n ezt a mondatot m\u00e9g \u00edzlelgetnem kell.\r\n\r\n52. perc: Vezetnek a franci\u00e1k Portug\u00e1lia ellen. Ez a n\u00e9meteknek is j\u00f3, mert a harmadik hellyel \u0151k is tov\u00e1bbjutn\u00e1nak. Mi lenne, ha akkor itt abbahagyn\u00e1nk?\r\n\r\n55. perc: Fiola lek\u00f6ny\u00f6k\u00f6lte San\u00e9t. Khm, van egy s\u00e1rg\u00e1ja. Meg\u00faszta.\r\n\r\n57 .perc: Elk\u00e9peszt\u0151ek ezek a magyar labdakihozatalok. Mintha valamelyik topbajnoks\u00e1got n\u00e9zn\u00e9m.\r\n\r\n58. perc: <strong>Szalai kiharcol egy szabadr\u00fag\u00e1st, csak \u00fagy d\u0151lnek mell\u0151le a n\u00e9metek. Csak ler\u00e1ntani lehet. Minden antiszalaista monnyonle!<\/strong> (A szabadr\u00fag\u00e1s ut\u00e1n Fiola l\u0151, de ez nem a franci\u00e1k elleni suhint\u00e1s.)\r\n\r\n60. perc: Sane bemutatja az egyes figur\u00e1t a sz\u00f6gletn\u00e9l, azt\u00e1n \u00e1tr\u00fagja a labd\u00e1t a t\u00fals\u00f3 oldalvonalon is. A k\u00f6z\u00f6ns\u00e9g f\u00fcty\u00fcl. Teljesen rem\u00e9nytelen ez a n\u00e9met csapat, ha nem lenne t\u00e9tje a meccsnek, ezt mondan\u00e1m \u00e9s \u00e9rezn\u00e9m. Hogy ut\u00e1na m\u00e9g teljes legyen a Sane-blokk: k\u00e9zzel ment Fiola el\u0151l, ebb\u0151l lesz a szabadr\u00fag\u00e1s a tizenhatos oldalvonala mell\u0151l. Sallai l\u0151: kapufa (Neuer rajta volt.) Az els\u0151 f\u00e9lid\u0151ben a n\u00e9metek is l\u0151ttek egy kapuf\u00e1t, a tisztess\u00e9g kedv\u00e9\u00e9rt jegyezz\u00fck meg. (Szakkoment: Kimmich beh\u00faz\u00f3dott k\u00f6z\u00e9pre, Fekete k\u00f6lt\u0151koll\u00e9ga.)\r\n\r\n64. perc: A magyar j\u00e1t\u00e9kosok \u00f6nk\u00edv\u00fcletben j\u00e1tszanak. Nincs jobb sz\u00f3 erre.\r\n\r\n66. perc: Fiola s\u00e1rga lapot kapott. Szerintem az eg\u00e9sz orsz\u00e1g azt hitte, neki m\u00e1r van egy.\r\n\r\n69. perc: Na, most eltelt h\u00e1rom perc. Sz\u00fcletett k\u00e9t g\u00f3l. Vezet\u00fcnk 2:1-re, de amit most \u00e1t\u00e9lt\u00fcnk, arr\u00f3l nem lehet mit \u00edrni.\r\n\r\n72. perc: Sz\u00f3val Gul\u00e1csi rossz kifut\u00e1sa ut\u00e1n a n\u00e9metek kiegyenl\u00edtettek. \"Nem n\u00e9zn\u00e9m meg most Gula Facebook-fal\u00e1t\", mondja Fekete koll\u00e9ga. \u00c9s milyen a sors: a k\u00f6z\u00e9pkezd\u00e9s ut\u00e1n Szalai par\u00e1d\u00e9s ind\u00edt\u00e1sa ut\u00e1n a v\u00e9d\u0151k k\u00f6z\u00f6tt kiugr\u00f3 Schafer \u00fctemtelen mozdulattal, el\u0151rebiccent, a labda a rosszul kifut\u00f3 Neuer mellett a kapuba pattog. \u00c9ljen Gul\u00e1csi, \u00e9ljen Szalai, \u00e9ljen Schafer, \u00e9ljen mindenki!!!\r\n\r\n77. perc: R\u00fcdiger \u00e9s Sch\u00f6n versenyfut\u00e1sa. A n\u00e9met gyorsabb, pedig am\u00edg \u0151 egyet l\u00e9p, addig Sch\u00f6n kett\u0151t. (Szakkoment\u00e1r: R\u00fcdiger motorral volt.)\r\n\r\n79. perc: Passzok sz\u00e1ma 576:166. Sose \u00e9rdekelt igaz\u00e1n a Barcelona.\r\n\r\n81. perc: Ha j\u00f3l gondolom, a portug\u00e1lok \u00e9s franci\u00e1k meccs\u00e9n a jelenlegi iksz (2:2) mindk\u00e9t csapatnak megfelel. A n\u00e9metek az \u00e9let\u00fck\u00e9rt j\u00e1tszanak.\r\n\r\n82. perc: Szalait lecser\u00e9lik. \u2665\r\n\r\n84. perc: Goretzka lepattan\u00f3 l\u00f6v\u00e9se ut\u00e1n Goretzka el\u00e9 pattan a labda, m\u00e1sodj\u00e1ra m\u00e1r bel\u00f6vi a kapuba, hozz\u00e1\u00e9r egy v\u00e9d\u0151 \u00e9s a kapus is. 2:2.\r\n\r\n87. perc: A n\u00e9metek h\u00fazz\u00e1k az id\u0151t. Hihetetlen. B\u00e1rmelyik m\u00e1sik csoportb\u00f3l tov\u00e1bbjutottunk volna.\r\n\r\n88. perc: J\u00f6n Lovrencsics \u00e9s Nikolics. Az utols\u00f3 es\u00e9ly.\r\n\r\n90. perc: Karaszjov k\u00e9t perc r\u00e1ad\u00e1st mutat. Menjen a francba. K\u00f6zben jav\u00edtj\u00e1k n\u00e9gyre. De egy perce n\u00e9met bedob\u00e1sokat n\u00e9z\u00fcnk. V\u00e9gtelen\u00fcl szomor\u00fa ez az eg\u00e9sz.\r\n\r\n94. perc: V\u00c9GE. N\u00e9metorsz\u00e1g\u2013Magyarorsz\u00e1g 2:2. \"A magyar v\u00e1logatott a hal\u00e1lcsoportban h\u0151si hal\u00e1lt halt\" \u2013 mondja Hajd\u00fa B. Istv\u00e1n, \u00e9s enn\u00e9l pontosabban nem is fogalmazhatott volna. Ha valaki az Eb el\u0151tt azt mondja, hogy a magyar v\u00e1logatott ikszel a legut\u00f3bbi k\u00e9t vil\u00e1gbajnok, a franci\u00e1k \u00e9s a n\u00e9metek ellen (r\u00e1ad\u00e1sul ilyen j\u00e1t\u00e9kkal), tuti nem hiszem el. Most meg: 2 brav\u00farpont, kies\u00e9s, m\u00e9ly szomor\u00fas\u00e1g.","type":"rich","thumbnail_url":"https:\/\/s.24.hu\/app\/uploads\/sites\/24\/2021\/06\/szalai-adam1-150x150.jpg","thumbnail_width":150,"thumbnail_height":150}

Futó Csaba

Németország–Magyarország 2:2

Ma este Németország–Magyarország futballmeccs, ami már rég nem futballmeccs. A tét óriási, és az Eb előtt nehezen hittem volna el, hogy leírhatom:

<span class="highlight-block-small">ha ma este megverjük a németeket, biztosan továbbjutunk a legjobb tizenhat közé.</span>

Az a helyzet ugyanakkor, ami kialakult, a magyar játékosokkal szemben is méltatlan: <strong>Nagy Ádám</strong> alázatáról,<strong> Sallai Roland</strong> zsenialitásáról, <strong>Kleinheisler László</strong> szívéről és<strong> Gulácsi Péter</strong> védéseiről kellene beszélnünk, nem pedig arról, hogy milyen színű lesz a stadion. Duplacsavar a sztoriban, hogy a megszólalók többsége szerint ne keverjük a sportot a politikával, miközben mindenki ezt csinálja. Mi sem tudjuk ezt teljesen figyelmen kívül hagyni az élő közvetítésünkben, de hát mit lehet tenni akkor, ha a magyar válogatott történetének egyik legfontosabb meccse egyszerre lett futballharc és a politikai demonstráció felülete.

21 órakor kezdünk, német–magyar élőben, arról, ami a pályán történik majd.

&nbsp;

1. perc: Feketében Németorzág, fehérben Magyarország. (Ha valaki nem tudná. Vagy fekete-fehér tévéje van. És nem színes!!!!) Zuhog az eső, ez kinek jó?

4. perc: A labda még nem volt nálunk, de Gulácsi Péternek már volt dolga, lazán véd. Csak leeresztette a kezét, és belepaskolt.

6. perc: Mi is a pályán vagyunk: egy kiugratás után Sallai kerülhetett volna helyzetbe, de elcsúszott előtte a labda. Torghelle Sanyi talán odaért volna.

8. perc: Fiola másodszor rúgja meg Kimmichet. (Szakkommentátor, Fekete Richárd, költő: Fiola a mai napig annyi gólt lőtt egymaga két  meccsen, mint a teljes spanyol válogatott.) További megjegyzés: Fiola se lenne sokkal rosszabb center, mint Morata, aki ma a szlovákok ellen kihagyott egy tizenegyest.

11. perc: Épp azt fogalmazgattam magamban, hogy milyen fantasztikus érzés egy olyan magyar válogatott látni, amelyiknek van terve, karaktere, ereje. <strong>Erre, basszus, Sallai beadásából Szalai gólt fejel. VEZETÜNK! Még mindig van ember Magyarországon, aki szerint Szalai nem fantasztikus?</strong> Képzeljék már el a helyén Nikolicsot. Ugye?

17. perc: Az motoszkál a fejemben, hogy ez a magyar válogatott mitől olyan jó? OK, Havertz beadása után volt egy kisebb adrenalinsokk, de Sane előtt elcsúszott a labda.

20. perc: Kocsmafilozofálgatás. Azért jobban aggódnék, ha mondjuk a németeknél olyan típusú focisták lennének a pályán, mint Effenberg vagy Matthaus. Szerencsére azonban Effenberg új neve Kleinheisler (még arcra is!), Matthaus pedig azóta elmagyarosodott, Budapesten él. Szerintem nekünk szurkol. (Közben kisebb német helyezetek.) (Szakkommentátor, Görföl Balázs a Jelenkor folyóirat szerkesztője: "jaj, jaj, jaj".)

24. perc: Karaszjov a sokadik gyanús német faultnál hallgat, hallgat, mint egy igazi orosz (Oblomov). Collinát jobban bírtam ebből a kopasz típusból. Vagy Kojaket. Kassai Viktor rászólhatna walkie-talkie-n.

27. perc: <strong>Kimmichet harmadszor rúgja le Fiola. Sárga. Jogos. A bírónak hátat fordít Botka. Vodka? Kérdezi Karasz.</strong>

28. perc: Kellett nekem ezzel poénkodni. Vodka is kap egy sárgát. A beadásból nem lesz semmi. Értik: a 28. perc, és nincs semmi. Csak annyi, hogy vezetünk.

30. perc: Gündogan is sárgát kap.

33. perc: Játszik a Schafer? Nem baj, szeretjük!! "Ez a miénk" – mondja Hajdú B. Még 60 perc. Az egy óra.

34. perc: Szalai megint mit csinált a középpályán… Leveszi, megtartja, testcsel, fordulás, indítás – mind pontos. A beadás rossz sajnos. Aztán Fiola egy sárga birtokában nyújtott lábbal repül. Úristen. Szerencsére laszti. De ez nem lesz így jó.

39. perc: Nagy Ádám egy percen belül kétszer szerel a tizenhatos előterében, a második után pedig olyan pontos, lapos indítást ad Kleiheislernek… Szép kontra, öröm ezt nézni. Jobbak vagyunk a németeknél, ez a játék még a franciák elleninél is sokkal jobb. Egy észrevétel: Fiola már most nem kap levegőt.

41. perc: A franciák ellen trópusi időjárás volt, ma monszun. Mintha ezt az Eb-t Ázsiában játszanánk. Végül is megérte a keleti nyitás.

44. perc: Egy perc adogatás után a németek hazaadják a labdát. A magyarok az új olaszok.

45. perc: Kösz Haver. Mellé.

45+2. perc: Gosens hogy játszott a portugálok ellen. És hogy játszik most. Ez is a mi dicséretünk. (Pannónia dicsérete.)

A szünetben Szalai a földre rogy és zihál. Kurvára nem baj, már csak 45 perc. A szünetre jöjjön egy kis Vágtázó Halottkémek, én pedig hozok valamit inni.

https://youtu.be/zKoCiPpS7KQ

&nbsp;

47. perc: Mennyi van még hátra? (Görföl kolléga, Jelenkor folyóirat)

50. perc: Nem hazudnak a statisztikák: Nego elől Gosens becsúszva tisztáz. A tavalyi 50 Atalanta-meccsnézésem után ezt a mondatot még ízlelgetnem kell.

52. perc: Vezetnek a franciák Portugália ellen. Ez a németeknek is jó, mert a harmadik hellyel ők is továbbjutnának. Mi lenne, ha akkor itt abbahagynánk?

55. perc: Fiola lekönyökölte Sanét. Khm, van egy sárgája. Megúszta.

57 .perc: Elképesztőek ezek a magyar labdakihozatalok. Mintha valamelyik topbajnokságot nézném.

58. perc: <strong>Szalai kiharcol egy szabadrúgást, csak úgy dőlnek mellőle a németek. Csak lerántani lehet. Minden antiszalaista monnyonle!</strong> (A szabadrúgás után Fiola lő, de ez nem a franciák elleni suhintás.)

60. perc: Sane bemutatja az egyes figurát a szögletnél, aztán átrúgja a labdát a túlsó oldalvonalon is. A közönség fütyül. Teljesen reménytelen ez a német csapat, ha nem lenne tétje a meccsnek, ezt mondanám és érezném. Hogy utána még teljes legyen a Sane-blokk: kézzel ment Fiola elől, ebből lesz a szabadrúgás a tizenhatos oldalvonala mellől. Sallai lő: kapufa (Neuer rajta volt.) Az első félidőben a németek is lőttek egy kapufát, a tisztesség kedvéért jegyezzük meg. (Szakkoment: Kimmich behúzódott középre, Fekete költőkolléga.)

64. perc: A magyar játékosok önkívületben játszanak. Nincs jobb szó erre.

66. perc: Fiola sárga lapot kapott. Szerintem az egész ország azt hitte, neki már van egy.

69. perc: Na, most eltelt három perc. Született két gól. Vezetünk 2:1-re, de amit most átéltünk, arról nem lehet mit írni.

72. perc: Szóval Gulácsi rossz kifutása után a németek kiegyenlítettek. "Nem nézném meg most Gula Facebook-falát", mondja Fekete kolléga. És milyen a sors: a középkezdés után Szalai parádés indítása után a védők között kiugró Schafer ütemtelen mozdulattal, előrebiccent, a labda a rosszul kifutó Neuer mellett a kapuba pattog. Éljen Gulácsi, éljen Szalai, éljen Schafer, éljen mindenki!!!

77. perc: Rüdiger és Schön versenyfutása. A német gyorsabb, pedig amíg ő egyet lép, addig Schön kettőt. (Szakkomentár: Rüdiger motorral volt.)

79. perc: Passzok száma 576:166. Sose érdekelt igazán a Barcelona.

81. perc: Ha jól gondolom, a portugálok és franciák meccsén a jelenlegi iksz (2:2) mindkét csapatnak megfelel. A németek az életükért játszanak.

82. perc: Szalait lecserélik. ♥

84. perc: Goretzka lepattanó lövése után Goretzka elé pattan a labda, másodjára már belövi a kapuba, hozzáér egy védő és a kapus is. 2:2.

87. perc: A németek húzzák az időt. Hihetetlen. Bármelyik másik csoportból továbbjutottunk volna.

88. perc: Jön Lovrencsics és Nikolics. Az utolsó esély.

90. perc: Karaszjov két perc ráadást mutat. Menjen a francba. Közben javítják négyre. De egy perce német bedobásokat nézünk. Végtelenül szomorú ez az egész.

94. perc: VÉGE. Németország–Magyarország 2:2. "A magyar válogatott a halálcsoportban hősi halált halt" – mondja Hajdú B. István, és ennél pontosabban nem is fogalmazhatott volna. Ha valaki az Eb előtt azt mondja, hogy a magyar válogatott ikszel a legutóbbi két világbajnok, a franciák és a németek ellen (ráadásul ilyen játékkal), tuti nem hiszem el. Most meg: 2 bravúrpont, kiesés, mély szomorúság.
