{"version":"1.0","provider_name":"Sport24","provider_url":"https:\/\/sport24.24.hu","author_name":"Fut\u00f3 Csaba","author_url":"https:\/\/sport24.24.hu\/author\/futocs\/","title":"A kor\u00e1bbi \u00e9vtizedekhez k\u00e9pest Marco Rossi eg\u00e9szen m\u00e1s \u00e9rtelmet ad a futballunknak","html":"D\u00e1nia \u00fagy v\u00e1gott neki az utols\u00f3 csoportk\u00f6rnek, hogy nulla ponttal \u00e1llt az utols\u00f3 helyen, azonban a saj\u00e1t nagyar\u00e1ny\u00fa siker\u00e9nek, valamint a belg\u00e1k gy\u0151zelm\u00e9nek k\u00f6sz\u00f6nhet\u0151en m\u00e9gis ott lesz a 16 k\u00f6z\u00f6tt, ahol majd Walesszel j\u00e1tszik.\r\n\r\n[central_article_recommendation title=\"Kapcsol\u00f3d\u00f3\" url=\"https:\/\/eb2020.24.hu\/kozvetites\/2021\/06\/21\/foci-eb-2020-oroszorszag-dania-b-csoport-meccs-elo\/\" image=\"1\" lead=\"1\"]","type":"rich","thumbnail_url":"https:\/\/s.24.hu\/app\/uploads\/sites\/24\/2021\/06\/marco-rossi-150x150.jpg","thumbnail_width":150,"thumbnail_height":150}

Futó Csaba

A korábbi évtizedekhez képest Marco Rossi egészen más értelmet ad a futballunknak

Dánia úgy vágott neki az utolsó csoportkörnek, hogy nulla ponttal állt az utolsó helyen, azonban a saját nagyarányú sikerének, valamint a belgák győzelmének köszönhetően mégis ott lesz a 16 között, ahol majd Walesszel játszik.

[central_article_recommendation title="Kapcsolódó" url="https://eb2020.24.hu/kozvetites/2021/06/21/foci-eb-2020-oroszorszag-dania-b-csoport-meccs-elo/" image="1" lead="1"]
