{"version":"1.0","provider_name":"Sport24","provider_url":"https:\/\/sport24.24.hu","author_name":"Bruckner G\u00e1bor","author_url":"https:\/\/sport24.24.hu\/author\/brucknerg\/","title":"Fiola az \u00f6r\u00f6kk\u00e9val\u00f3s\u00e1gnak","html":"Ahhoz k\u00e9pest, hogy a legder\u0171l\u00e1t\u00f3bb tippem 1-4 volt a magyar\u2013franci\u00e1ra, most ott van <strong>Fiola Attila<\/strong>, ott van el\u0151tte egy t\u00e1tong\u00f3, j\u00f3kora \u00fcres ter\u00fclet, sz\u00e9pen bele is sprintel, ott a hely a sarokban, l\u00f6v\u00e9snek kell j\u00f6nnie, j\u00f6n is, \u00e9s\u2026\r\n\r\n\u2026\u00e9s itt \u00e1lljunk meg, ahogy meg\u00e1ll az id\u0151 a filmekben is!\r\n\r\nOtt vagyunk a lel\u00e1t\u00f3n \u00f6tven\u00f6tezren, ki piros magyar mezben, ki feh\u00e9rben, ki fekete p\u00f3l\u00f3ban, ki a franci\u00e1k k\u00e9kj\u00e9ben, el\u0151tt\u00fcnk n\u00e9met sr\u00e1cok, <strong>Emre Can<\/strong> dressz\u00e9t piros-feh\u00e9r-z\u00f6ld z\u00e1szl\u00f3 takarja f\u00e9lig. F\u00f6l\u00f6tt\u00fcnk a szikr\u00e1z\u00f3 k\u00e9k \u00e9g \u00e9s a felh\u0151k, no meg a tet\u0151, amely h\u0171s\u00edt\u0151 \u00e1rny\u00e9kba bor\u00edt, alattunk a focip\u00e1lya \u00f6r\u00f6k z\u00f6ldje a vibr\u00e1l\u00f3, feh\u00e9r vonalakkal, s a huszonk\u00e9t ember, aki miatt itt vagyunk. Van ebben valami id\u0151tlen, mert ugyan a stadion szebb lett \u00e9s modernebb, de h\u00e1t harminck\u00e9t \u00e9ve ugyan\u00edgy z\u00f6ld volt a p\u00e1lya, vibr\u00e1l\u00f3 feh\u00e9r vonalakkal, ugyan\u00edgy huszonk\u00e9t ember futott rajta a labda ut\u00e1n, csak akkor nem <strong>Kleinheisler L\u00e1szl\u00f3<\/strong> pr\u00f3b\u00e1lta szerelni <strong>Paul Pogb\u00e1t<\/strong>, hanem <strong>Kov\u00e1cs Ervin Carmel Busuttilt<\/strong>. \u00c1prilis volt, 1989, l\u00e9zengtek a n\u00e9z\u0151k, Magyarorsz\u00e1g\u2013M\u00e1lta, \u00e9desap\u00e1m gy\u0151zelmet \u00edg\u00e9rt, egy nyomorult tizenegyessel mentett\u00fck meg a d\u00f6ntetlent, de innen nem volt m\u00e1r vissza\u00fat.\r\n<span class=\"highlight-block-small\">Megkaptam a magyar v\u00e1logatottat, furcsa egy aj\u00e1nd\u00e9k, ritk\u00e1n volt felh\u0151tlen \u00f6r\u00f6m, gyakrabban kereszt.<\/span>\r\n\r\nZ\u00f6ld p\u00e1lya, feh\u00e9r vonal, f\u00f6l\u00f6tt\u00fcnk az \u00e9g, alattunk a huszonk\u00e9t ember \u00e9s a labda. Z\u00e1gr\u00e1bt\u00f3l Belfastig, Budapestt\u0151l Gy\u0151rig. A rem\u00e9ny valahol mindig pisl\u00e1kolt, de egy id\u0151 ut\u00e1n m\u00e1r csak legyintettem, legyintett\u00fcnk, rem\u00e9ny, hagyj m\u00e1r b\u00e9k\u00e9n, rem\u00e9nykedni csak f\u00e1jdalmas, \u00fagyis tudjuk, mi lesz a v\u00e9ge. Nagyap\u00e1mnak k\u00e9t vb-d\u00f6nt\u0151s v\u00e1logatott jutott, nekem a m\u00e1ltai 1-2 \u00e9s a moldovai 0-3, meg az 1-8 Hollandi\u00e1ban. Azt\u00e1n Kleinheisler r\u00e1k\u00fcldte, <strong>Priskin<\/strong> visszavette \u00e9s becsavarta, egy norv\u00e9gr\u00f3l bepattant, \u00e9s kint voltunk, kint az Eb-n, ami t\u00e9nyleg csoda volt a rem\u00e9nyvesztetteknek, t\u00e1gra ny\u00edlt szemmel \u00fcv\u00f6lt\u00f6tt\u00fcnk, hogy ilyen nincs. Tal\u00e1n ez\u00e9rt voltunk annyian kint Franciaorsz\u00e1gban. Ez volt az els\u0151 \u00e9jszaka egy eg\u00e9sz szurkol\u00f3gener\u00e1ci\u00f3nak, az izgatotts\u00e1g\u00e1val, a f\u00e9lelmeivel, az \u00e1rtatlans\u00e1g\u00e1val, a felfedez\u00e9sre v\u00e1l\u00f3 k\u00e1pr\u00e1zat\u00e1val. T\u00e9nyleg van ilyen? \u00c9s mi t\u00e9nyleg ott vagyunk?\r\n\r\nOtt. Csoportels\u0151s\u00e9g, nyolcadd\u00f6nt\u0151, k\u00fcl\u00f6ng\u00e9p Toulouse-ba, Az \u00e9jjel soha nem \u00e9rhet v\u00e9get, de az Eb v\u00e9get \u00e9r, Belgium ellen egy nulla n\u00e9ggyel. Egy \u00e9vvel k\u00e9s\u0151bb Andorr\u00e1ban nulla egy. Vissza a h\u00e9tk\u00f6znapokba. Magyar v\u00e1logatott, kereszt, tudom, igen, igen. Ahogy a Brian \u00e9let\u00e9ben mondt\u00e1k, \u201eKim\u00e9sz az ajt\u00f3n, balra fordulsz, fogsz egy keresztet\u201d. S\u00f3haj.\r\n<div class=\"payable-content-section\"><\/div>\r\nMost pedig megint ott vagyunk; s\u0151t itt vagyunk, Budapesten, \u00f6t \u00e9vvel, egy j\u00e1rv\u00e1nnyal, egy \u00f6r\u00f6kk\u00e9val\u00f3s\u00e1ggal k\u00e9s\u0151bb, gy\u00e1szt \u00e9s aggodalmat, traum\u00e1kat \u00e9s vesztes\u00e9geket cipelve, f\u00f6l\u00f6tt\u00fcnk az \u00e9g, alattunk a z\u00f6ld. Megosztottak vagyunk \u00e9s veszeksz\u00fcnk egym\u00e1ssal, ezerf\u00e9le \u00e9rz\u00e9s kavarog, a futball \u00e9s k\u00f6zege \u2013 a sport \u00e9s k\u00f6zege \u2013 tele van ellentmond\u00e1sokkal. Az\u00e9rt vagyunk itt \u00e9s az\u00e9rt vagyunk \u00f6tven\u00f6tezren, mert szabad, de az\u00e9rt szabad, mert az UEFA mindent megtesz p\u00e9nz\u00fcgyi vesztes\u00e9gei minimaliz\u00e1l\u00e1s\u00e1\u00e9rt, a korm\u00e1ny mindent megtesz, hogy t\u0151k\u00e9t kov\u00e1csoljon a rendez\u00e9sb\u0151l, mi meg mindent megtesz\u00fcnk, hogy egy hossz\u00fa, m\u00e1sf\u00e9l \u00e9ves t\u00e9l ut\u00e1n valamit megpr\u00f3b\u00e1ljunk visszakapni a r\u00e9gib\u0151l, a megszokottb\u00f3l, az \u00e9let\u00fcnkb\u0151l, a focinkb\u00f3l, a zajb\u00f3l, \u00fagy, ahogy megismert\u00fck, \u00fagy, ahogy megszerett\u00fck. Fekete egys\u00e9gben szemben az ultr\u00e1k, v\u00f6r\u00f6s\u00f6dik a t\u00f6meg k\u00f6r\u00fcl\u00f6tt\u00fck; lehet, ha v\u00e9letlenszer\u0171en kiemeln\u00e9nk k\u00e9t embert, semmi k\u00f6z\u00f6s sem lenne benn\u00fck, semmiben sem \u00e9rten\u00e9nek egyet, ne adj\u2019 Isten ellens\u00e9gek lenn\u00e9nek, de a futball egy helyre vonzotta \u0151ket. A stadion a radik\u00e1lis elfogad\u00e1s k\u00e9pess\u00e9g\u00e9nek legjobb gyakorl\u00f3terepe: garant\u00e1ltan egy\u00fctt szurkolsz egy csom\u00f3 emberrel, akit hatalmas szakad\u00e9k v\u00e1laszt el t\u0151led, de itt nem sz\u00e1m\u00edt.\r\n\r\n<img class=\"aligncenter size-full wp-image-872\" src=\"https:\/\/sport24.24.hu\/app\/uploads\/sites\/24\/2021\/06\/gettyimages-1324407642.jpg\" alt=\"\" width=\"2000\" height=\"1334\" \/>\r\n\r\n<span class=\"highlight-block\">\u0150k mondj\u00e1k, \u201ehajr\u00e1\u201d, mi mondjuk, \u201emagyarok\u201d.<\/span>\r\n\r\nCsak az \u00e9g van, a z\u00f6ld gyep, a vibr\u00e1l\u00f3an feh\u00e9r vonalak \u00e9s a huszonk\u00e9t ember.\r\n\r\nTudjuk \u00e1m, hogy ez az Eb nem \u2013 ez az Eb sem \u2013 old meg semmit \u00f6nmag\u00e1ban. Ugyan\u00fagy maradnak a probl\u00e9m\u00e1k, a nepotizmus, a belterjess\u00e9g, a korrupci\u00f3, ugyan\u00fagy itt vagyunk beragadva a magyar futballval\u00f3s\u00e1gba, de akkor is, j\u00f3 l\u00e1tni, ahogy valami m\u0171k\u00f6dik, ott lent a p\u00e1lya z\u00f6ldj\u00e9n. S azt is j\u00f3 \u00e9rezni, hogy a futball kisaj\u00e1t\u00edthatatlan. Nem konzervat\u00edv \u00e9s nem liber\u00e1lis, egyszerre nemzeti \u00e9s nemzetk\u00f6zi, s hi\u00e1ba akar b\u00e1rki \u2013 kir\u00e1ly, eln\u00f6k, korm\u00e1nyf\u0151, p\u00e1rt, rezsim, m\u00e1gn\u00e1s, klub, szponzor, szurkol\u00f3csoport \u2013 egyed\u00fcli ig\u00e9nyt form\u00e1lni r\u00e1, a futball a mi\u00e9nk, k\u00f6z\u00f6s tulajdon, k\u00f6z\u00f6s j\u00e1t\u00e9k, k\u00f6z\u00f6s t\u00e9ma, k\u00f6z\u00f6s szerelem.\r\n\r\nTudjuk mindannyian, hogy <strong>Szalai \u00c1d\u00e1m<\/strong> nem <strong>Karim Benzema, Nagy \u00c1d\u00e1m<\/strong> nem <strong>N\u2019Golo Kant\u00e9,<\/strong> tudjuk, hogy <strong>Kylian Mbapp\u00e9<\/strong> sokkal jobb, mint Fiola Attila, de m\u00e9gis, most Fiola van helyzetben, ott van a t\u00e9r, ott az id\u0151. Kiugrik, s l\u00e1tjuk a kapu m\u00f6g\u00fcl, hogy \u00fcresen t\u00e1tong a sarok.\r\n\r\nLend\u00fcl a l\u00e1b.\r\n\r\n<span class=\"highlight-block-small\">Fiola l\u0151, a labda begurul, a b\u00edr\u00f3 k\u00f6z\u00e9pre mutat, del\u00edrium, filmszakad\u00e1s. <\/span>\r\n\r\nHitetlenkedve n\u00e9zek az \u00e9gre, azt ord\u00edtom, lehet-e anyak\u00f6nyveztetni azt a nevet, hogy Fiola? Lehet ilyen? Lehet, hogy vezet\u00fcnk a vil\u00e1gbajnok ellen? Lehet, hogy 1-0? Fiola g\u00f3lj\u00e1val? Lehet, hogy megtartjuk? Esetleg nem lehetne lef\u00fajni? Csak most az egyszer?\r\n\r\n<img class=\"aligncenter size-full wp-image-875\" src=\"https:\/\/sport24.24.hu\/app\/uploads\/sites\/24\/2021\/06\/gettyimages-1324413608.jpg\" alt=\"\" width=\"2000\" height=\"1340\" \/>\r\n\r\nNem lehet. Csod\u00e1t sem l\u00e1tunk, legal\u00e1bbis nem akkor\u00e1t, mint amekkora a gy\u0151zelem lenne, de egy kicsiny futballk\u00e1pr\u00e1zatot igen. A h\u00e1rmas s\u00edpsz\u00f3t alig halljuk, csak l\u00e1tjuk, hogy a j\u00e1t\u00e9kosok egym\u00e1s nyak\u00e1ba borulnak, Magyarorsz\u00e1g\u2013Franciaorsz\u00e1g 1-1, pontszerz\u00e9s a vil\u00e1gbajnok ellen, piros-feh\u00e9r-z\u00f6ld minden, amerre n\u00e9z\u00fcnk, kiv\u00e9ve el\u0151tt\u00fcnk a vend\u00e9gt\u00e1bor k\u00e9kj\u00e9t. Csak az itt van \u00e9s csak a most, csak a k\u00e9k \u00e9g f\u00f6l\u00f6tt\u00fcnk, csak a z\u00f6ld gyep alattunk, vibr\u00e1l\u00f3 feh\u00e9r vonalakkal \u00e9s huszonk\u00e9t j\u00e1t\u00e9kossal. \u00cdgy van most \u00e9s \u00edgy lehetett sz\u00e1z \u00e9ve.\r\n\r\n<span class=\"highlight-block\">A futball \u00f6r\u00f6k, \u00e9s \u00f6r\u00f6k a futball\u00f6r\u00f6m is.<\/span>\r\n\r\n[prefabricated_shortcode in_app=\"0\" code=\"%3Cdiv%20class%3D%22article_box_border%22%20style%3D%22background%3A%20url%28%27https%3A%2F%2F24.p3k.hu%2Fapp%2Fuploads%2Fsites%2F24%2F2021%2F05%2Fsport24-pattern.png%27%29%20no-repeat%20left%20-16px%20%23f3f3f4%3B%20border%3A%20none%3B%22%3E%0D%0A%3Cdiv%20class%3D%22article_solidheader%22%3E%0D%0A%3Ch2%20style%3D%22color%3A%20%23111115%21important%3B%20font-size%3A%2036px%3B%20font-weight%3A%20bold%3B%20margin-bottom%3A%2030px%3B%20margin-top%3A%2020px%3B%20text-align%3A%20center%3B%20line-height%3A%2036px%3B%22%3E%3Cimg%20class%3D%22aligncenter%20size-full%20wp-image-141%22%20src%3D%22https%3A%2F%2F24.p3k.hu%2Fapp%2Fuploads%2Fsites%2F24%2F2021%2F05%2Fs24-logo-dt.png%22%20alt%3D%22%22%20width%3D%22408%22%20height%3D%2290%22%20%2F%3E%3C%2Fh2%3E%0D%0A%3Ch2%20style%3D%22color%3A%20%23111115%21important%3B%20font-size%3A%2036px%3B%20font-weight%3A%20bold%3B%20margin-bottom%3A%2030px%3B%20margin-top%3A%2020px%3B%20text-align%3A%20center%3B%20line-height%3A%2040px%3B%22%3ECsatlakozz%20a%20Sport24%20k%C3%B6z%C3%B6ss%C3%A9ghez%2C%20mondd%20el%20v%C3%A9lem%C3%A9nyedet%20z%C3%A1rt%20Facebook-csoportunkban%2C%20%C3%A9s%20vegy%C3%A9l%20r%C3%A9szt%20csak%20el%C5%91fizet%C5%91knek%20el%C3%A9rhet%C5%91%20exkluz%C3%ADv%20esem%C3%A9nyeinken.%3C%2Fh2%3E%0D%0A%3C%2Fdiv%3E%0D%0A%3Cp%20style%3D%22background%3A%20%2357A600%3B%20margin-top%3A%2020px%3B%20padding%3A%2020px%3B%20text-align%3A%20center%3B%22%3E%3Ca%20style%3D%22color%3A%20%23ffffff%3B%20font-size%3A%2026px%3B%20font-weight%3A%20600%3B%22%20href%3D%22https%3A%2F%2Fwww.facebook.com%2Fgroups%2F212344460412327%22%3ECSATLAKOZOM%3C%2Fa%3E%3C%2Fp%3E%0D%0A%0D%0A%3C%2Fdiv%3E\"]","type":"rich","thumbnail_url":"https:\/\/s.24.hu\/app\/uploads\/sites\/24\/2021\/06\/d__yt20210618091_2-150x150.jpg","thumbnail_width":150,"thumbnail_height":150}

Bruckner Gábor

Fiola az örökkévalóságnak

Ahhoz képest, hogy a legderűlátóbb tippem 1-4 volt a magyar–franciára, most ott van <strong>Fiola Attila</strong>, ott van előtte egy tátongó, jókora üres terület, szépen bele is sprintel, ott a hely a sarokban, lövésnek kell jönnie, jön is, és…

…és itt álljunk meg, ahogy megáll az idő a filmekben is!

Ott vagyunk a lelátón ötvenötezren, ki piros magyar mezben, ki fehérben, ki fekete pólóban, ki a franciák kékjében, előttünk német srácok, <strong>Emre Can</strong> dresszét piros-fehér-zöld zászló takarja félig. Fölöttünk a szikrázó kék ég és a felhők, no meg a tető, amely hűsítő árnyékba borít, alattunk a focipálya örök zöldje a vibráló, fehér vonalakkal, s a huszonkét ember, aki miatt itt vagyunk. Van ebben valami időtlen, mert ugyan a stadion szebb lett és modernebb, de hát harminckét éve ugyanígy zöld volt a pálya, vibráló fehér vonalakkal, ugyanígy huszonkét ember futott rajta a labda után, csak akkor nem <strong>Kleinheisler László</strong> próbálta szerelni <strong>Paul Pogbát</strong>, hanem <strong>Kovács Ervin Carmel Busuttilt</strong>. Április volt, 1989, lézengtek a nézők, Magyarország–Málta, édesapám győzelmet ígért, egy nyomorult tizenegyessel mentettük meg a döntetlent, de innen nem volt már visszaút.
<span class="highlight-block-small">Megkaptam a magyar válogatottat, furcsa egy ajándék, ritkán volt felhőtlen öröm, gyakrabban kereszt.</span>

Zöld pálya, fehér vonal, fölöttünk az ég, alattunk a huszonkét ember és a labda. Zágrábtól Belfastig, Budapesttől Győrig. A remény valahol mindig pislákolt, de egy idő után már csak legyintettem, legyintettünk, remény, hagyj már békén, reménykedni csak fájdalmas, úgyis tudjuk, mi lesz a vége. Nagyapámnak két vb-döntős válogatott jutott, nekem a máltai 1-2 és a moldovai 0-3, meg az 1-8 Hollandiában. Aztán Kleinheisler ráküldte, <strong>Priskin</strong> visszavette és becsavarta, egy norvégról bepattant, és kint voltunk, kint az Eb-n, ami tényleg csoda volt a reményvesztetteknek, tágra nyílt szemmel üvöltöttünk, hogy ilyen nincs. Talán ezért voltunk annyian kint Franciaországban. Ez volt az első éjszaka egy egész szurkológenerációnak, az izgatottságával, a félelmeivel, az ártatlanságával, a felfedezésre váló káprázatával. Tényleg van ilyen? És mi tényleg ott vagyunk?

Ott. Csoportelsőség, nyolcaddöntő, különgép Toulouse-ba, Az éjjel soha nem érhet véget, de az Eb véget ér, Belgium ellen egy nulla néggyel. Egy évvel később Andorrában nulla egy. Vissza a hétköznapokba. Magyar válogatott, kereszt, tudom, igen, igen. Ahogy a Brian életében mondták, „Kimész az ajtón, balra fordulsz, fogsz egy keresztet”. Sóhaj.
<div class="payable-content-section"></div>
Most pedig megint ott vagyunk; sőt itt vagyunk, Budapesten, öt évvel, egy járvánnyal, egy örökkévalósággal később, gyászt és aggodalmat, traumákat és veszteségeket cipelve, fölöttünk az ég, alattunk a zöld. Megosztottak vagyunk és veszekszünk egymással, ezerféle érzés kavarog, a futball és közege – a sport és közege – tele van ellentmondásokkal. Azért vagyunk itt és azért vagyunk ötvenötezren, mert szabad, de azért szabad, mert az UEFA mindent megtesz pénzügyi veszteségei minimalizálásáért, a kormány mindent megtesz, hogy tőkét kovácsoljon a rendezésből, mi meg mindent megteszünk, hogy egy hosszú, másfél éves tél után valamit megpróbáljunk visszakapni a régiből, a megszokottból, az életünkből, a focinkból, a zajból, úgy, ahogy megismertük, úgy, ahogy megszerettük. Fekete egységben szemben az ultrák, vörösödik a tömeg körülöttük; lehet, ha véletlenszerűen kiemelnénk két embert, semmi közös sem lenne bennük, semmiben sem értenének egyet, ne adj’ Isten ellenségek lennének, de a futball egy helyre vonzotta őket. A stadion a radikális elfogadás képességének legjobb gyakorlóterepe: garantáltan együtt szurkolsz egy csomó emberrel, akit hatalmas szakadék választ el tőled, de itt nem számít.

<img class="aligncenter size-full wp-image-872" src="https://sport24.24.hu/app/uploads/sites/24/2021/06/gettyimages-1324407642.jpg" alt="" width="2000" height="1334" />

<span class="highlight-block">Ők mondják, „hajrá”, mi mondjuk, „magyarok”.</span>

Csak az ég van, a zöld gyep, a vibrálóan fehér vonalak és a huszonkét ember.

Tudjuk ám, hogy ez az Eb nem – ez az Eb sem – old meg semmit önmagában. Ugyanúgy maradnak a problémák, a nepotizmus, a belterjesség, a korrupció, ugyanúgy itt vagyunk beragadva a magyar futballvalóságba, de akkor is, jó látni, ahogy valami működik, ott lent a pálya zöldjén. S azt is jó érezni, hogy a futball kisajátíthatatlan. Nem konzervatív és nem liberális, egyszerre nemzeti és nemzetközi, s hiába akar bárki – király, elnök, kormányfő, párt, rezsim, mágnás, klub, szponzor, szurkolócsoport – egyedüli igényt formálni rá, a futball a miénk, közös tulajdon, közös játék, közös téma, közös szerelem.

Tudjuk mindannyian, hogy <strong>Szalai Ádám</strong> nem <strong>Karim Benzema, Nagy Ádám</strong> nem <strong>N’Golo Kanté,</strong> tudjuk, hogy <strong>Kylian Mbappé</strong> sokkal jobb, mint Fiola Attila, de mégis, most Fiola van helyzetben, ott van a tér, ott az idő. Kiugrik, s látjuk a kapu mögül, hogy üresen tátong a sarok.

Lendül a láb.

<span class="highlight-block-small">Fiola lő, a labda begurul, a bíró középre mutat, delírium, filmszakadás. </span>

Hitetlenkedve nézek az égre, azt ordítom, lehet-e anyakönyveztetni azt a nevet, hogy Fiola? Lehet ilyen? Lehet, hogy vezetünk a világbajnok ellen? Lehet, hogy 1-0? Fiola góljával? Lehet, hogy megtartjuk? Esetleg nem lehetne lefújni? Csak most az egyszer?

<img class="aligncenter size-full wp-image-875" src="https://sport24.24.hu/app/uploads/sites/24/2021/06/gettyimages-1324413608.jpg" alt="" width="2000" height="1340" />

Nem lehet. Csodát sem látunk, legalábbis nem akkorát, mint amekkora a győzelem lenne, de egy kicsiny futballkáprázatot igen. A hármas sípszót alig halljuk, csak látjuk, hogy a játékosok egymás nyakába borulnak, Magyarország–Franciaország 1-1, pontszerzés a világbajnok ellen, piros-fehér-zöld minden, amerre nézünk, kivéve előttünk a vendégtábor kékjét. Csak az itt van és csak a most, csak a kék ég fölöttünk, csak a zöld gyep alattunk, vibráló fehér vonalakkal és huszonkét játékossal. Így van most és így lehetett száz éve.

<span class="highlight-block">A futball örök, és örök a futballöröm is.</span>

[prefabricated_shortcode in_app="0" code="%3Cdiv%20class%3D%22article_box_border%22%20style%3D%22background%3A%20url%28%27https%3A%2F%2F24.p3k.hu%2Fapp%2Fuploads%2Fsites%2F24%2F2021%2F05%2Fsport24-pattern.png%27%29%20no-repeat%20left%20-16px%20%23f3f3f4%3B%20border%3A%20none%3B%22%3E%0D%0A%3Cdiv%20class%3D%22article_solidheader%22%3E%0D%0A%3Ch2%20style%3D%22color%3A%20%23111115%21important%3B%20font-size%3A%2036px%3B%20font-weight%3A%20bold%3B%20margin-bottom%3A%2030px%3B%20margin-top%3A%2020px%3B%20text-align%3A%20center%3B%20line-height%3A%2036px%3B%22%3E%3Cimg%20class%3D%22aligncenter%20size-full%20wp-image-141%22%20src%3D%22https%3A%2F%2F24.p3k.hu%2Fapp%2Fuploads%2Fsites%2F24%2F2021%2F05%2Fs24-logo-dt.png%22%20alt%3D%22%22%20width%3D%22408%22%20height%3D%2290%22%20%2F%3E%3C%2Fh2%3E%0D%0A%3Ch2%20style%3D%22color%3A%20%23111115%21important%3B%20font-size%3A%2036px%3B%20font-weight%3A%20bold%3B%20margin-bottom%3A%2030px%3B%20margin-top%3A%2020px%3B%20text-align%3A%20center%3B%20line-height%3A%2040px%3B%22%3ECsatlakozz%20a%20Sport24%20k%C3%B6z%C3%B6ss%C3%A9ghez%2C%20mondd%20el%20v%C3%A9lem%C3%A9nyedet%20z%C3%A1rt%20Facebook-csoportunkban%2C%20%C3%A9s%20vegy%C3%A9l%20r%C3%A9szt%20csak%20el%C5%91fizet%C5%91knek%20el%C3%A9rhet%C5%91%20exkluz%C3%ADv%20esem%C3%A9nyeinken.%3C%2Fh2%3E%0D%0A%3C%2Fdiv%3E%0D%0A%3Cp%20style%3D%22background%3A%20%2357A600%3B%20margin-top%3A%2020px%3B%20padding%3A%2020px%3B%20text-align%3A%20center%3B%22%3E%3Ca%20style%3D%22color%3A%20%23ffffff%3B%20font-size%3A%2026px%3B%20font-weight%3A%20600%3B%22%20href%3D%22https%3A%2F%2Fwww.facebook.com%2Fgroups%2F212344460412327%22%3ECSATLAKOZOM%3C%2Fa%3E%3C%2Fp%3E%0D%0A%0D%0A%3C%2Fdiv%3E"]
