{"version":"1.0","provider_name":"Sport24","provider_url":"https:\/\/sport24.24.hu","author_name":"Fut\u00f3 Csaba","author_url":"https:\/\/sport24.24.hu\/author\/futocs\/","title":"\u0150szint\u00e9re v\u00e1ltott a foci-Eb","html":"[central_article_recommendation title=\"Kapcsol\u00f3d\u00f3\" url=\"https:\/\/eb2020.24.hu\/kozvetites\/2021\/06\/16\/foci-eb-2020-olaszorszag-svajc-a-csoport-meccs-elo\/\" image=\"1\" lead=\"1\"]","type":"rich","thumbnail_url":"https:\/\/s.24.hu\/app\/uploads\/sites\/24\/2021\/06\/olaszok-1-150x150.jpg","thumbnail_width":150,"thumbnail_height":150}

Futó Csaba

Őszintére váltott a foci-Eb

[central_article_recommendation title="Kapcsolódó" url="https://eb2020.24.hu/kozvetites/2021/06/16/foci-eb-2020-olaszorszag-svajc-a-csoport-meccs-elo/" image="1" lead="1"]
