{"version":"1.0","provider_name":"Sport24","provider_url":"https:\/\/sport24.24.hu","author_name":"Bruckner G\u00e1bor","author_url":"https:\/\/sport24.24.hu\/author\/brucknerg\/","title":"Vezette: Puhl \u2013 t\u00f6rt\u00e9netek a mesteri b\u00edr\u00f3 p\u00e1lyafut\u00e1s\u00e1b\u00f3l","html":"<h2>1992, Eur\u00f3pa-bajnoks\u00e1g<\/h2>\r\nEgyetlen meccsen f\u00fajta a s\u00edpot, a g\u00f3l n\u00e9lk\u00fcli d\u00f6ntetlennel z\u00e1rult angol\u2013franci\u00e1n. Honfi\u00fai b\u00fcszkes\u00e9ggel \u00e1llap\u00edtottam meg Malm\u0151ben, hogy az Eb egyetlen magyar r\u00e9sztvev\u0151je a mez\u0151ny legjobbja volt. Azt mondta, az els\u0151 s\u00edpsz\u00f3ig tartott a l\u00e1mpal\u00e1za. \u201eA j\u00e1t\u00e9kvezet\u0151nek a m\u00e9rk\u0151z\u00e9s kezdet\u00e9t\u0151l k\u00f6telez\u0151 lek\u00fczdenie az idegess\u00e9g\u00e9t. Ha ez nem megy, a b\u00edr\u00f3nak v\u00e9ge van\u201d \u2013 magyar\u00e1zta. Azt\u00e1n nagyvonal\u00faan csupa Gentlemannek \u00e9s Monsieur-nek nevezte a k\u00e9t csapat j\u00e1t\u00e9kosait, akik megh\u00f6kkent\u0151en gyeng\u00e9n futballoztak, ki is estek az akkor m\u00e9g nyolccsapatos vet\u00e9lked\u0151r\u0151l.\r\n<div class=\"payable-content-section\"><\/div>\r\nAzon, hogy alacsony lett volna a sz\u00ednvonal, Puhl elcsod\u00e1lkozott: \u201eFogalmam sincs a n\u00edv\u00f3r\u00f3l. \u00c9n nem n\u00e9z\u0151 vagyok, nekem a saj\u00e1t feladatomra kell \u00f6sszpontos\u00edtanom.\r\n<blockquote class=\"small-quote\">M\u00e1r el\u0151fordult az is, hogy a m\u00e9rk\u0151z\u00e9s ut\u00e1n nem tudtam, mi volt a v\u00e9geredm\u00e9ny.<\/blockquote>\r\nItt az\u00e9rt m\u00e9g nekem is siker\u00fclt megsz\u00e1molni a g\u00f3lokat...\u201d\r\n\r\n[caption id=\"attachment_410\" align=\"alignnone\" width=\"1500\"]<img class=\"size-full wp-image-410\" src=\"https:\/\/sport24.24.hu\/app\/uploads\/sites\/24\/2021\/05\/puhl2.jpg\" alt=\"\" width=\"1500\" height=\"1000\" \/> Az 1994-es vb-d\u00f6nt\u0151n a brazil Dung\u00e1val \u00e9s az olasz Franco Baresivel (Fot\u00f3: Peter Robinson - PA Images via Getty Images)[\/caption]\r\n\r\nHogy csup\u00e1n egy meccs jutott neki a kontinenstorn\u00e1n, az\u00e9rt \u2013 Eb-\u00fajonck\u00e9nt \u2013 egy\u00e1ltal\u00e1n nem lehetett csal\u00f3dott, hiszen az UEFA m\u00e1r h\u00e1rom h\u00f3nappal kor\u00e1bban k\u00f6zz\u00e9tette: a k\u00e9t el\u0151d\u00f6nt\u0151t a spanyol <strong>Emilio Aladren<\/strong> \u00e9s az olasz <strong>Tullio Lanese<\/strong>, m\u00edg a d\u00f6nt\u0151t a sv\u00e1jci <strong>Bruno Galler<\/strong> dirig\u00e1lja. Miel\u0151tt hazautazott volna, felh\u00edvtam Puhlt malm\u0151i sz\u00e1llod\u00e1j\u00e1ban. Az\u00e9rt nem szem\u00e9lyesen kerestem fel, mert G\u00f6teborgban laktam, a m\u00e9rk\u0151z\u00e9s ut\u00e1n indultam vissza a Malm\u0151t\u0151l 250 kilom\u00e9ternyire l\u00e9v\u0151 v\u00e1rosba. A f\u0151szerepl\u0151 am\u00fagy is szabadkozott: nem adhat interj\u00fat a torna helysz\u00edn\u00e9n. Majd nemsok\u00e1ra visszah\u00edvott azzal: ha be\u00edrom a cikkbe, hogy a Sv\u00e9dorsz\u00e1g \u00e9s D\u00e1nia k\u00f6z\u00f6tt k\u00f6zleked\u0151 kompok egyik\u00e9n besz\u00e9lgett\u00fcnk, akkor tess\u00e9k, k\u00e9rdezzem!\r\n<h2>1994, vil\u00e1gbajnoks\u00e1g<\/h2>\r\nHarminckilencedik sz\u00fclet\u00e9snapj\u00e1ra azt kapta aj\u00e1nd\u00e9kba \u2013 huszonn\u00e9gy \u00f3r\u00e1val k\u00e9s\u0151bb \u2013, hogy megb\u00edzt\u00e1k a vb-d\u00f6nt\u0151 ir\u00e1ny\u00edt\u00e1s\u00e1val. Majd h\u00e1rom \u00f3ra sem telt el a brazil\u2013olasz d\u00f6nt\u0151 ut\u00e1n, \u00e9s Los Angeles-i sz\u00e1llodai szob\u00e1j\u00e1ban lehettem. K\u00e9rdeztem, m\u00e1sk\u00e9pp k\u00e9sz\u00fclt-e a m\u00e9rk\u0151z\u00e9sek m\u00e9rk\u0151z\u00e9s\u00e9re, mint a t\u00f6bbi tal\u00e1lkoz\u00f3ra. \u00cdgy v\u00e1laszolt:\r\n<blockquote class=\"small-quote\">\u201eKiv\u00e9telesen elmentem fodr\u00e1szhoz.\u201d<\/blockquote>\r\nMajd elmes\u00e9lte: k\u00e9t gy\u00f6ny\u00f6r\u0171 pillanata volt a tal\u00e1lkoz\u00f3nak. Az egyik, hogy a felsorakoz\u00e1s ut\u00e1n a magyar Himnuszt d\u00fadolta mag\u00e1ban; a m\u00e1sik, hogy lef\u00fajhatta a m\u00e9rk\u0151z\u00e9st. B\u00e1r m\u00e9g akkor sem vethetett v\u00e9get a partinak, mert k\u00f6vetkeztek a tizenegyesr\u00fag\u00e1sok...\r\n\r\nMagam a Rose Bowlban azon t\u0171n\u0151dtem, itt az els\u0151 magyar j\u00e1t\u00e9kvezet\u0151, aki vil\u00e1gbajnoki d\u00f6nt\u0151t dirig\u00e1l, \u00e9s \u00e9szre sem veszem. Nan\u00e1, hiszen a j\u00f3 b\u00edr\u00f3 olyan, mint <strong>G\u00e1rdonyi<\/strong> \u00e9s <strong>Wells<\/strong> h\u0151se, a l\u00e1thatatlan ember. Ilyen volt Puhl eszm\u00e9nyk\u00e9pe, a labdar\u00fag\u00f3k\u00e9nt olimpiai bajnok <strong>Palotai K\u00e1roly<\/strong>, aki h\u00e1rom vb-n vez\u00e9nyelt, de finalista nem lehetett. A \u201emagyar els\u0151nek\u201d Los Angelesben megeml\u00edtettem, hogy meglep\u0151 lesz sz\u00e1m\u00e1ra az interj\u00fa v\u00e9ge. \u201eMit akarsz a sz\u00e1mba adni?\u201d \u2013 \u00e9rdekl\u0151d\u00f6tt. \u2013 Titok \u2013 v\u00e1laszoltam. S \u00edgy fejez\u0151d\u00f6tt be a cikk:\r\n\u2013 Ha a munkat\u00e1rsa lenn\u00e9k az egri Domus \u00c1ruh\u00e1zban, most alighanem k\u00e9sz\u00edten\u00e9k egy transzparenst, \u00e9s kif\u00fcggeszten\u00e9m a homlokzatra. (Puhl ott volt igazgat\u00f3 \u2013 A szerk.)\r\n\u2013 Nem kedvelem a felhajt\u00e1st, de mi \u00e1llna rajta?\r\n\u2013 Vezeti: Puhl.\r\n<h2>1996, Eur\u00f3pa-bajnoks\u00e1g<\/h2>\r\nA tekint\u00e9lyes The Times azt \u00edrta: \u201ePuhl S\u00e1ndor a leges\u00e9lyesebb a d\u00f6nt\u0151 dirig\u00e1l\u00e1s\u00e1ra.\u201d Azt\u00e1n az UEFA az olasz <strong>Pierluigi Pairett\u00f3ra<\/strong> b\u00edzta a cs\u00facstal\u00e1lkoz\u00f3t, Puhl az angol\u2013n\u00e9met el\u0151d\u00f6nt\u0151t kapta. Ez a meccs m\u00e9g ann\u00e1l is nagyobb indulatokat kavart, mint 1978-ban, <strong>Videla<\/strong> sz\u00f6rny\u0171 rezsimj\u00e9nek Argent\u00edn\u00e1j\u00e1ban az argentin\u2013brazil, amelyet Palotai vezetett. A Daily Mirror \u2013 \u201eAchtung!\u201d c\u00edmmel \u2013 Chamberlain had\u00fczenet\u00e9nek st\u00edlus\u00e1ban hirdetett h\u00e1bor\u00fat a n\u00e9metek ellen, m\u00edg a The Sun azt harsogta: \u201eLet's Blitz Fritz!\u201d\r\n\r\n<span class=\"highlight-block-small\">A fesz\u00fclts\u00e9get a Wembley-ben tapintani lehetett, \u00e1m Puhl f\u00f6l\u00e9nyes nyugalommal, extraklasszishoz ill\u0151en dirig\u00e1lt,<\/span>\r\n\r\n\u00e9s preszt\u00edzs\u00e9re jellemz\u0151 az, ami a k\u00e9tszer negyed\u00f3r\u00e1s hosszabb\u00edt\u00e1sban t\u00f6rt\u00e9nt. <strong>Stefan Kuntz<\/strong>, a n\u00e9met g\u00f3lszerz\u0151 \u00fajra a h\u00e1l\u00f3ba tov\u00e1bb\u00edtott, a magyar j\u00e1t\u00e9kvezet\u0151 azonban l\u00f6k\u00e9st l\u00e1tott, \u00e9s szabadr\u00fag\u00e1st rendelt el a britek jav\u00e1ra. Azt hittem, sz\u00e9tszedik a n\u00e9metek, de m\u00e9g csak fel\u00e9je sem mozdultak. Magunk k\u00f6zt sz\u00f3lva, \u00e9n fenn, a lel\u00e1t\u00f3n, semmif\u00e9le szab\u00e1lytalans\u00e1got nem l\u00e1ttam... \u00c1m nem mindegy, ki \u00edt\u00e9li meg a helyzetet. Puhlnak akkora hitele volt, hogy <strong>Sammer, H\u00e4ssler, M\u00f6ller<\/strong> \u00e9s maga Kuntz sem tiltakozott. A j\u00e1t\u00e9kvezet\u0151 \u00edgy besz\u00e9lt az eff\u00e9le r\u00e1z\u00f3s szitu\u00e1ci\u00f3kr\u00f3l: \u201eNem szabad, hogy b\u00e1rmif\u00e9le idegess\u00e9g l\u00e1tsszon rajtam, mert ha az megmutatkozna, \u00e1tragadna a j\u00e1t\u00e9kosokra. S akkor a saj\u00e1t helyzetemet nehez\u00edten\u00e9m meg.\u201d\r\n<h2>1997, Bajnokok Lig\u00e1ja-d\u00f6nt\u0151<\/h2>\r\nVezetett m\u00e1r Dortmund\u2013Juventus UEFA Kupa-d\u00f6nt\u0151t, n\u00e9gy \u00e9vvel k\u00e9s\u0151bb pedig eljutott a Dortmund\u2013Juventus BL-d\u00f6nt\u0151ig is. Az els\u0151 g\u00f3l el\u0151tt a partjelz\u0151 beintette az off-side-ot <strong>J\u00fcrgen Kohler<\/strong> poz\u00edci\u00f3ja miatt, \u00e1m Puhl fel\u00fclb\u00edr\u00e1lta koll\u00e9g\u00e1j\u00e1t, mert a g\u00f3lszerz\u0151 <strong>Karl-Heinz Riedle<\/strong> nem \u00e1llt lesen. \u201eNem az asszistensemet akartam megsz\u00e9gyen\u00edteni \u2013 mondta nekem M\u00fcnchenben \u2013, csup\u00e1n annyi t\u00f6rt\u00e9nt, hogy szerencs\u00e9m volt, jobb helyen \u00e1lltam.\u201d Azt is megeml\u00edtette:\r\n<blockquote>Fogadni mern\u00e9k r\u00e1, a visszaj\u00e1tsz\u00e1sok alkalm\u00e1val \u00e9szreveszek majd n\u00e9h\u00e1ny t\u00e9ved\u00e9st, mert olyan m\u00e9g nem volt, hogy hib\u00e1tlanul s\u00edpoltam volna.<\/blockquote>\r\nA 3-1-es dortmundi diadal ut\u00e1n nyolc Juve-j\u00e1t\u00e9kos ny\u00fajtott neki kezet, mert kor\u00e1ntsem volt az olaszok \u201e\u00e1tka\u201d: az 1997-es angol\u2013it\u00e1liai vb-selejtez\u0151n p\u00e9ld\u00e1ul az az\u00fark\u00e9kek nyertek a Wembley-ben 1-0-ra. Mondan\u00e1m, hogy Puhl k\u00f6zrem\u0171k\u00f6d\u00e9s\u00e9vel, de \u0151 \u201ecsak\u201d kifog\u00e1stalanul b\u00edr\u00e1skodott, az olasz sikerben nem volt szerepe. (Mik\u00e9nt abban sem, hogy az 1993-as dortmundi UEFA Kupa-d\u00f6nt\u0151ben a Juventus gy\u0151z\u00f6tt 3-1-re.)\r\n\r\n[caption id=\"attachment_413\" align=\"alignnone\" width=\"1424\"]<img class=\"size-full wp-image-413\" src=\"https:\/\/sport24.24.hu\/app\/uploads\/sites\/24\/2021\/05\/puhl3.jpg\" alt=\"\" width=\"1424\" height=\"1068\" \/> Puhl S\u00e1ndor vezette az 1997-es BL-d\u00f6nt\u0151t (Fot\u00f3: Oliver Behrendt\/ullstein bild via Getty Images)[\/caption]\r\n\r\nAmi biztos, a futballnak nem a j\u00e1t\u00e9kvezet\u0151k miatt oly hatalmas a t\u00e1rsadalmi hat\u00e1sa. \u00c1m Puhlt \u00e9lm\u00e9ny volt n\u00e9zni; \u00f6r\u00fcl\u00f6k, ami\u00e9rt n\u00e9gy legnagyobb meccs\u00e9n is jelen lehettem. Elv\u00e9gre e szomor\u00fa napon val\u00f3ban az \u00f6r\u00f6kk\u00e9val\u00f3s\u00e1gnak sz\u00f3l, hogy abban, <span class=\"highlight-block\">aminek a mestere volt, nem l\u00e1tott n\u00e1la nagyobbat a vil\u00e1g.\u00a0\u00a0<\/span>\r\n\r\n&nbsp;\r\n\r\n[prefabricated_shortcode in_app=\"0\" code=\"%3Cdiv%20class%3D%22article_box_border%22%20style%3D%22background%3A%20url%28%27https%3A%2F%2F24.p3k.hu%2Fapp%2Fuploads%2Fsites%2F24%2F2021%2F05%2Fsport24-pattern.png%27%29%20no-repeat%20left%20-16px%20%23f3f3f4%3B%20border%3A%20none%3B%22%3E%0D%0A%3Cdiv%20class%3D%22article_solidheader%22%3E%0D%0A%3Ch2%20style%3D%22color%3A%20%23111115%21important%3B%20font-size%3A%2036px%3B%20font-weight%3A%20bold%3B%20margin-bottom%3A%2030px%3B%20margin-top%3A%2020px%3B%20text-align%3A%20center%3B%20line-height%3A%2036px%3B%22%3E%3Cimg%20class%3D%22aligncenter%20size-full%20wp-image-141%22%20src%3D%22https%3A%2F%2F24.p3k.hu%2Fapp%2Fuploads%2Fsites%2F24%2F2021%2F05%2Fs24-logo-dt.png%22%20alt%3D%22%22%20width%3D%22408%22%20height%3D%2290%22%20%2F%3E%3C%2Fh2%3E%0D%0A%3Ch2%20style%3D%22color%3A%20%23111115%21important%3B%20font-size%3A%2036px%3B%20font-weight%3A%20bold%3B%20margin-bottom%3A%2030px%3B%20margin-top%3A%2020px%3B%20text-align%3A%20center%3B%20line-height%3A%2040px%3B%22%3ECsatlakozz%20a%20Sport24%20k%C3%B6z%C3%B6ss%C3%A9ghez%2C%20mondd%20el%20v%C3%A9lem%C3%A9nyedet%20z%C3%A1rt%20Facebook%20csoportunkban%2C%20%C3%A9s%20vegy%C3%A9l%20r%C3%A9szt%20csak%20el%C5%91fizet%C5%91knek%20el%C3%A9rhet%C5%91%20exkluz%C3%ADv%20esem%C3%A9nyeinken.%3C%2Fh2%3E%0D%0A%3C%2Fdiv%3E%0D%0A%3Cp%20style%3D%22background%3A%20%2357A600%3B%20margin-top%3A%2020px%3B%20padding%3A%2020px%3B%20text-align%3A%20center%3B%22%3E%3Ca%20style%3D%22color%3A%20%23ffffff%3B%20font-size%3A%2026px%3B%20font-weight%3A%20600%3B%22%20href%3D%22https%3A%2F%2Fwww.facebook.com%2Fgroups%2F212344460412327%22%3ECSATLAKOZOM%3C%2Fa%3E%3C%2Fp%3E%0D%0A%0D%0A%3C%2Fdiv%3E\"]","type":"rich","thumbnail_url":"https:\/\/s.24.hu\/app\/uploads\/sites\/24\/2021\/05\/puhl1-150x150.jpg","thumbnail_width":150,"thumbnail_height":150}

Bruckner Gábor

Vezette: Puhl – történetek a mesteri bíró pályafutásából

<h2>1992, Európa-bajnokság</h2>
Egyetlen meccsen fújta a sípot, a gól nélküli döntetlennel zárult angol–francián. Honfiúi büszkeséggel állapítottam meg Malmőben, hogy az Eb egyetlen magyar résztvevője a mezőny legjobbja volt. Azt mondta, az első sípszóig tartott a lámpaláza. „A játékvezetőnek a mérkőzés kezdetétől kötelező leküzdenie az idegességét. Ha ez nem megy, a bírónak vége van” – magyarázta. Aztán nagyvonalúan csupa Gentlemannek és Monsieur-nek nevezte a két csapat játékosait, akik meghökkentően gyengén futballoztak, ki is estek az akkor még nyolccsapatos vetélkedőről.
<div class="payable-content-section"></div>
Azon, hogy alacsony lett volna a színvonal, Puhl elcsodálkozott: „Fogalmam sincs a nívóról. Én nem néző vagyok, nekem a saját feladatomra kell összpontosítanom.
<blockquote class="small-quote">Már előfordult az is, hogy a mérkőzés után nem tudtam, mi volt a végeredmény.</blockquote>
Itt azért még nekem is sikerült megszámolni a gólokat...”

[caption id="attachment_410" align="alignnone" width="1500"]<img class="size-full wp-image-410" src="https://sport24.24.hu/app/uploads/sites/24/2021/05/puhl2.jpg" alt="" width="1500" height="1000" /> Az 1994-es vb-döntőn a brazil Dungával és az olasz Franco Baresivel (Fotó: Peter Robinson - PA Images via Getty Images)[/caption]

Hogy csupán egy meccs jutott neki a kontinenstornán, azért – Eb-újoncként – egyáltalán nem lehetett csalódott, hiszen az UEFA már három hónappal korábban közzétette: a két elődöntőt a spanyol <strong>Emilio Aladren</strong> és az olasz <strong>Tullio Lanese</strong>, míg a döntőt a svájci <strong>Bruno Galler</strong> dirigálja. Mielőtt hazautazott volna, felhívtam Puhlt malmői szállodájában. Azért nem személyesen kerestem fel, mert Göteborgban laktam, a mérkőzés után indultam vissza a Malmőtől 250 kilométernyire lévő városba. A főszereplő amúgy is szabadkozott: nem adhat interjút a torna helyszínén. Majd nemsokára visszahívott azzal: ha beírom a cikkbe, hogy a Svédország és Dánia között közlekedő kompok egyikén beszélgettünk, akkor tessék, kérdezzem!
<h2>1994, világbajnokság</h2>
Harminckilencedik születésnapjára azt kapta ajándékba – huszonnégy órával később –, hogy megbízták a vb-döntő irányításával. Majd három óra sem telt el a brazil–olasz döntő után, és Los Angeles-i szállodai szobájában lehettem. Kérdeztem, másképp készült-e a mérkőzések mérkőzésére, mint a többi találkozóra. Így válaszolt:
<blockquote class="small-quote">„Kivételesen elmentem fodrászhoz.”</blockquote>
Majd elmesélte: két gyönyörű pillanata volt a találkozónak. Az egyik, hogy a felsorakozás után a magyar Himnuszt dúdolta magában; a másik, hogy lefújhatta a mérkőzést. Bár még akkor sem vethetett véget a partinak, mert következtek a tizenegyesrúgások...

Magam a Rose Bowlban azon tűnődtem, itt az első magyar játékvezető, aki világbajnoki döntőt dirigál, és észre sem veszem. Naná, hiszen a jó bíró olyan, mint <strong>Gárdonyi</strong> és <strong>Wells</strong> hőse, a láthatatlan ember. Ilyen volt Puhl eszményképe, a labdarúgóként olimpiai bajnok <strong>Palotai Károly</strong>, aki három vb-n vezényelt, de finalista nem lehetett. A „magyar elsőnek” Los Angelesben megemlítettem, hogy meglepő lesz számára az interjú vége. „Mit akarsz a számba adni?” – érdeklődött. – Titok – válaszoltam. S így fejeződött be a cikk:
– Ha a munkatársa lennék az egri Domus Áruházban, most alighanem készítenék egy transzparenst, és kifüggeszteném a homlokzatra. (Puhl ott volt igazgató – A szerk.)
– Nem kedvelem a felhajtást, de mi állna rajta?
– Vezeti: Puhl.
<h2>1996, Európa-bajnokság</h2>
A tekintélyes The Times azt írta: „Puhl Sándor a legesélyesebb a döntő dirigálására.” Aztán az UEFA az olasz <strong>Pierluigi Pairettóra</strong> bízta a csúcstalálkozót, Puhl az angol–német elődöntőt kapta. Ez a meccs még annál is nagyobb indulatokat kavart, mint 1978-ban, <strong>Videla</strong> szörnyű rezsimjének Argentínájában az argentin–brazil, amelyet Palotai vezetett. A Daily Mirror – „Achtung!” címmel – Chamberlain hadüzenetének stílusában hirdetett háborút a németek ellen, míg a The Sun azt harsogta: „Let's Blitz Fritz!”

<span class="highlight-block-small">A feszültséget a Wembley-ben tapintani lehetett, ám Puhl fölényes nyugalommal, extraklasszishoz illően dirigált,</span>

és presztízsére jellemző az, ami a kétszer negyedórás hosszabbításban történt. <strong>Stefan Kuntz</strong>, a német gólszerző újra a hálóba továbbított, a magyar játékvezető azonban lökést látott, és szabadrúgást rendelt el a britek javára. Azt hittem, szétszedik a németek, de még csak feléje sem mozdultak. Magunk közt szólva, én fenn, a lelátón, semmiféle szabálytalanságot nem láttam... Ám nem mindegy, ki ítéli meg a helyzetet. Puhlnak akkora hitele volt, hogy <strong>Sammer, Hässler, Möller</strong> és maga Kuntz sem tiltakozott. A játékvezető így beszélt az efféle rázós szituációkról: „Nem szabad, hogy bármiféle idegesség látsszon rajtam, mert ha az megmutatkozna, átragadna a játékosokra. S akkor a saját helyzetemet nehezíteném meg.”
<h2>1997, Bajnokok Ligája-döntő</h2>
Vezetett már Dortmund–Juventus UEFA Kupa-döntőt, négy évvel később pedig eljutott a Dortmund–Juventus BL-döntőig is. Az első gól előtt a partjelző beintette az off-side-ot <strong>Jürgen Kohler</strong> pozíciója miatt, ám Puhl felülbírálta kollégáját, mert a gólszerző <strong>Karl-Heinz Riedle</strong> nem állt lesen. „Nem az asszistensemet akartam megszégyeníteni – mondta nekem Münchenben –, csupán annyi történt, hogy szerencsém volt, jobb helyen álltam.” Azt is megemlítette:
<blockquote>Fogadni mernék rá, a visszajátszások alkalmával észreveszek majd néhány tévedést, mert olyan még nem volt, hogy hibátlanul sípoltam volna.</blockquote>
A 3-1-es dortmundi diadal után nyolc Juve-játékos nyújtott neki kezet, mert korántsem volt az olaszok „átka”: az 1997-es angol–itáliai vb-selejtezőn például az azúrkékek nyertek a Wembley-ben 1-0-ra. Mondanám, hogy Puhl közreműködésével, de ő „csak” kifogástalanul bíráskodott, az olasz sikerben nem volt szerepe. (Miként abban sem, hogy az 1993-as dortmundi UEFA Kupa-döntőben a Juventus győzött 3-1-re.)

[caption id="attachment_413" align="alignnone" width="1424"]<img class="size-full wp-image-413" src="https://sport24.24.hu/app/uploads/sites/24/2021/05/puhl3.jpg" alt="" width="1424" height="1068" /> Puhl Sándor vezette az 1997-es BL-döntőt (Fotó: Oliver Behrendt/ullstein bild via Getty Images)[/caption]

Ami biztos, a futballnak nem a játékvezetők miatt oly hatalmas a társadalmi hatása. Ám Puhlt élmény volt nézni; örülök, amiért négy legnagyobb meccsén is jelen lehettem. Elvégre e szomorú napon valóban az örökkévalóságnak szól, hogy abban, <span class="highlight-block">aminek a mestere volt, nem látott nála nagyobbat a világ.  </span>

&nbsp;

[prefabricated_shortcode in_app="0" code="%3Cdiv%20class%3D%22article_box_border%22%20style%3D%22background%3A%20url%28%27https%3A%2F%2F24.p3k.hu%2Fapp%2Fuploads%2Fsites%2F24%2F2021%2F05%2Fsport24-pattern.png%27%29%20no-repeat%20left%20-16px%20%23f3f3f4%3B%20border%3A%20none%3B%22%3E%0D%0A%3Cdiv%20class%3D%22article_solidheader%22%3E%0D%0A%3Ch2%20style%3D%22color%3A%20%23111115%21important%3B%20font-size%3A%2036px%3B%20font-weight%3A%20bold%3B%20margin-bottom%3A%2030px%3B%20margin-top%3A%2020px%3B%20text-align%3A%20center%3B%20line-height%3A%2036px%3B%22%3E%3Cimg%20class%3D%22aligncenter%20size-full%20wp-image-141%22%20src%3D%22https%3A%2F%2F24.p3k.hu%2Fapp%2Fuploads%2Fsites%2F24%2F2021%2F05%2Fs24-logo-dt.png%22%20alt%3D%22%22%20width%3D%22408%22%20height%3D%2290%22%20%2F%3E%3C%2Fh2%3E%0D%0A%3Ch2%20style%3D%22color%3A%20%23111115%21important%3B%20font-size%3A%2036px%3B%20font-weight%3A%20bold%3B%20margin-bottom%3A%2030px%3B%20margin-top%3A%2020px%3B%20text-align%3A%20center%3B%20line-height%3A%2040px%3B%22%3ECsatlakozz%20a%20Sport24%20k%C3%B6z%C3%B6ss%C3%A9ghez%2C%20mondd%20el%20v%C3%A9lem%C3%A9nyedet%20z%C3%A1rt%20Facebook%20csoportunkban%2C%20%C3%A9s%20vegy%C3%A9l%20r%C3%A9szt%20csak%20el%C5%91fizet%C5%91knek%20el%C3%A9rhet%C5%91%20exkluz%C3%ADv%20esem%C3%A9nyeinken.%3C%2Fh2%3E%0D%0A%3C%2Fdiv%3E%0D%0A%3Cp%20style%3D%22background%3A%20%2357A600%3B%20margin-top%3A%2020px%3B%20padding%3A%2020px%3B%20text-align%3A%20center%3B%22%3E%3Ca%20style%3D%22color%3A%20%23ffffff%3B%20font-size%3A%2026px%3B%20font-weight%3A%20600%3B%22%20href%3D%22https%3A%2F%2Fwww.facebook.com%2Fgroups%2F212344460412327%22%3ECSATLAKOZOM%3C%2Fa%3E%3C%2Fp%3E%0D%0A%0D%0A%3C%2Fdiv%3E"]
